{"version":"1.0","provider_name":"\u00c9gerh\u00e1zi Imre","provider_url":"https:\/\/egerhaziimre.hu","author_name":"EI_Zoli","author_url":"https:\/\/egerhaziimre.hu\/index.php\/author\/ei_zoli\/","title":"KPVDSZ J\u00f3zsef Attila M\u0171vel\u0151d\u00e9si H\u00e1z, Debrecen, 1982. m\u00e1rcius 23. - \u00c9gerh\u00e1zi Imre","type":"rich","width":600,"height":338,"html":"<blockquote class=\"wp-embedded-content\" data-secret=\"e3shItLXRt\"><a href=\"https:\/\/egerhaziimre.hu\/index.php\/kpvdsz-jozsef-attila-muvelodesi-haz-debrecen\/\">KPVDSZ J\u00f3zsef Attila M\u0171vel\u0151d\u00e9si H\u00e1z, Debrecen, 1982. m\u00e1rcius 23.<\/a><\/blockquote><iframe sandbox=\"allow-scripts\" security=\"restricted\" src=\"https:\/\/egerhaziimre.hu\/index.php\/kpvdsz-jozsef-attila-muvelodesi-haz-debrecen\/embed\/#?secret=e3shItLXRt\" width=\"600\" height=\"338\" title=\"&#8220;KPVDSZ J\u00f3zsef Attila M\u0171vel\u0151d\u00e9si H\u00e1z, Debrecen, 1982. m\u00e1rcius 23.&#8221; &#8212; \u00c9gerh\u00e1zi Imre\" data-secret=\"e3shItLXRt\" frameborder=\"0\" marginwidth=\"0\" marginheight=\"0\" scrolling=\"no\" class=\"wp-embedded-content\"><\/iframe><script type=\"text\/javascript\">\n\/* <![CDATA[ *\/\n\/*! This file is auto-generated *\/\n!function(d,l){\"use strict\";l.querySelector&&d.addEventListener&&\"undefined\"!=typeof URL&&(d.wp=d.wp||{},d.wp.receiveEmbedMessage||(d.wp.receiveEmbedMessage=function(e){var t=e.data;if((t||t.secret||t.message||t.value)&&!\/[^a-zA-Z0-9]\/.test(t.secret)){for(var s,r,n,a=l.querySelectorAll('iframe[data-secret=\"'+t.secret+'\"]'),o=l.querySelectorAll('blockquote[data-secret=\"'+t.secret+'\"]'),c=new RegExp(\"^https?:$\",\"i\"),i=0;i<o.length;i++)o[i].style.display=\"none\";for(i=0;i<a.length;i++)s=a[i],e.source===s.contentWindow&&(s.removeAttribute(\"style\"),\"height\"===t.message?(1e3<(r=parseInt(t.value,10))?r=1e3:~~r<200&&(r=200),s.height=r):\"link\"===t.message&&(r=new URL(s.getAttribute(\"src\")),n=new URL(t.value),c.test(n.protocol))&&n.host===r.host&&l.activeElement===s&&(d.top.location.href=t.value))}},d.addEventListener(\"message\",d.wp.receiveEmbedMessage,!1),l.addEventListener(\"DOMContentLoaded\",function(){for(var e,t,s=l.querySelectorAll(\"iframe.wp-embedded-content\"),r=0;r<s.length;r++)(t=(e=s[r]).getAttribute(\"data-secret\"))||(t=Math.random().toString(36).substring(2,12),e.src+=\"#?secret=\"+t,e.setAttribute(\"data-secret\",t)),e.contentWindow.postMessage({message:\"ready\",secret:t},\"*\")},!1)))}(window,document);\n\/\/# sourceURL=https:\/\/egerhaziimre.hu\/wp-includes\/js\/wp-embed.min.js\n\/* ]]> *\/\n<\/script>\n","thumbnail_url":"https:\/\/egerhaziimre.hu\/wp-content\/uploads\/2019\/08\/82_debrecen_kep09.jpg","thumbnail_width":500,"thumbnail_height":327,"description":"[vc_row][vc_column][vc_tta_tabs style=&#8221;flat&#8221; shape=&#8221;square&#8221; color=&#8221;white&#8221; active_section=&#8221;1&#8243; no_fill_content_area=&#8221;true&#8221;][vc_tta_section title=&#8221;Megh\u00edv\u00f3&#8221; tab_id=&#8221;1564661715801-db73b27c-2f23&#8243;][vc_empty_space height=&#8221;15px&#8221;][vc_media_grid element_width=&#8221;3&#8243; gap=&#8221;15&#8243; item=&#8221;794&#8243; grid_id=&#8221;vc_gid:1601368422008-5b6c7a8a-9ab9-9&#8243; include=&#8221;682,680,681&#8243;][\/vc_tta_section][vc_tta_section title=&#8221;Fot\u00f3k&#8221; tab_id=&#8221;1564661715813-bef6023b-5e90&#8243;][vc_empty_space height=&#8221;15px&#8221;][vc_media_grid style=&#8221;lazy&#8221; items_per_page=&#8221;12&#8243; element_width=&#8221;3&#8243; gap=&#8221;15&#8243; grid_id=&#8221;vc_gid:1601368422009-296859a9-9064-6&#8243; include=&#8221;686,687,688,698,692,702,694,709,710,711,689,690,691,693,695,696,697,699,700,701,703,704,705,706,707,708&#8243;][\/vc_tta_section][vc_tta_section title=&#8221;Plak\u00e1t&#8221; tab_id=&#8221;1596024323633-dafc8212-2dc2&#8243;][vc_empty_space height=&#8221;15px&#8221;][vc_media_grid element_width=&#8221;3&#8243; gap=&#8221;15&#8243; item=&#8221;794&#8243; grid_id=&#8221;vc_gid:1601368422010-5911e4a6-b175-7&#8243; include=&#8221;683,684,685&#8243;][\/vc_tta_section][vc_tta_section title=&#8221;Cikkek, dokumentumok&#8221; tab_id=&#8221;1564661743879-6f74ce3c-3dfe&#8221;][vc_empty_space height=&#8221;30px&#8221;][vc_row_inner][vc_column_inner width=&#8221;3\/4&#8243;][vc_column_text](Cikk az 1982. m\u00e1rcius 23-\u00e1n megjelent Hajd\u00fa-Bihari Napl\u00f3b\u00f3l) KI\u00c1LL\u00cdT\u00c1S. \u00c9gerh\u00e1zi Imre fest\u0151m\u0171v\u00e9sz ki\u00e1ll\u00edt\u00e1s\u00e1t F\u00e1bi\u00e1n Lajos. a KPVDSZ megyei bizotts\u00e1g\u00e1nak titk\u00e1ra nyitja meg ma, kedden 17 [&hellip;]"}

Égerházi Imre

KPVDSZ József Attila Művelődési Ház, Debrecen, 1982. március 23. - Égerházi Imre

<blockquote class="wp-embedded-content" data-secret="e3shItLXRt"><a href="https://egerhaziimre.hu/index.php/kpvdsz-jozsef-attila-muvelodesi-haz-debrecen/">KPVDSZ József Attila Művelődési Ház, Debrecen, 1982. március 23.</a></blockquote><iframe sandbox="allow-scripts" security="restricted" src="https://egerhaziimre.hu/index.php/kpvdsz-jozsef-attila-muvelodesi-haz-debrecen/embed/#?secret=e3shItLXRt" width="600" height="338" title="&#8220;KPVDSZ József Attila Művelődési Ház, Debrecen, 1982. március 23.&#8221; &#8212; Égerházi Imre" data-secret="e3shItLXRt" frameborder="0" marginwidth="0" marginheight="0" scrolling="no" class="wp-embedded-content"></iframe><script type="text/javascript">
/* <![CDATA[ */
/*! This file is auto-generated */
!function(d,l){"use strict";l.querySelector&&d.addEventListener&&"undefined"!=typeof URL&&(d.wp=d.wp||{},d.wp.receiveEmbedMessage||(d.wp.receiveEmbedMessage=function(e){var t=e.data;if((t||t.secret||t.message||t.value)&&!/[^a-zA-Z0-9]/.test(t.secret)){for(var s,r,n,a=l.querySelectorAll('iframe[data-secret="'+t.secret+'"]'),o=l.querySelectorAll('blockquote[data-secret="'+t.secret+'"]'),c=new RegExp("^https?:$","i"),i=0;i<o.length;i++)o[i].style.display="none";for(i=0;i<a.length;i++)s=a[i],e.source===s.contentWindow&&(s.removeAttribute("style"),"height"===t.message?(1e3<(r=parseInt(t.value,10))?r=1e3:~~r<200&&(r=200),s.height=r):"link"===t.message&&(r=new URL(s.getAttribute("src")),n=new URL(t.value),c.test(n.protocol))&&n.host===r.host&&l.activeElement===s&&(d.top.location.href=t.value))}},d.addEventListener("message",d.wp.receiveEmbedMessage,!1),l.addEventListener("DOMContentLoaded",function(){for(var e,t,s=l.querySelectorAll("iframe.wp-embedded-content"),r=0;r<s.length;r++)(t=(e=s[r]).getAttribute("data-secret"))||(t=Math.random().toString(36).substring(2,12),e.src+="#?secret="+t,e.setAttribute("data-secret",t)),e.contentWindow.postMessage({message:"ready",secret:t},"*")},!1)))}(window,document);
//# sourceURL=https://egerhaziimre.hu/wp-includes/js/wp-embed.min.js
/* ]]> */
</script>

[vc_row][vc_column][vc_tta_tabs style=&#8221;flat&#8221; shape=&#8221;square&#8221; color=&#8221;white&#8221; active_section=&#8221;1&#8243; no_fill_content_area=&#8221;true&#8221;][vc_tta_section title=&#8221;Meghívó&#8221; tab_id=&#8221;1564661715801-db73b27c-2f23&#8243;][vc_empty_space height=&#8221;15px&#8221;][vc_media_grid element_width=&#8221;3&#8243; gap=&#8221;15&#8243; item=&#8221;794&#8243; grid_id=&#8221;vc_gid:1601368422008-5b6c7a8a-9ab9-9&#8243; include=&#8221;682,680,681&#8243;][/vc_tta_section][vc_tta_section title=&#8221;Fotók&#8221; tab_id=&#8221;1564661715813-bef6023b-5e90&#8243;][vc_empty_space height=&#8221;15px&#8221;][vc_media_grid style=&#8221;lazy&#8221; items_per_page=&#8221;12&#8243; element_width=&#8221;3&#8243; gap=&#8221;15&#8243; grid_id=&#8221;vc_gid:1601368422009-296859a9-9064-6&#8243; include=&#8221;686,687,688,698,692,702,694,709,710,711,689,690,691,693,695,696,697,699,700,701,703,704,705,706,707,708&#8243;][/vc_tta_section][vc_tta_section title=&#8221;Plakát&#8221; tab_id=&#8221;1596024323633-dafc8212-2dc2&#8243;][vc_empty_space height=&#8221;15px&#8221;][vc_media_grid element_width=&#8221;3&#8243; gap=&#8221;15&#8243; item=&#8221;794&#8243; grid_id=&#8221;vc_gid:1601368422010-5911e4a6-b175-7&#8243; include=&#8221;683,684,685&#8243;][/vc_tta_section][vc_tta_section title=&#8221;Cikkek, dokumentumok&#8221; tab_id=&#8221;1564661743879-6f74ce3c-3dfe&#8221;][vc_empty_space height=&#8221;30px&#8221;][vc_row_inner][vc_column_inner width=&#8221;3/4&#8243;][vc_column_text](Cikk az 1982. március 23-án megjelent Hajdú-Bihari Naplóból) KIÁLLÍTÁS. Égerházi Imre festőművész kiállítását Fábián Lajos. a KPVDSZ megyei bizottságának titkára nyitja meg ma, kedden 17 [&hellip;]
