{"id":1007,"date":"2019-08-05T14:57:16","date_gmt":"2019-08-05T12:57:16","guid":{"rendered":"http:\/\/egerhaziimre.magex.hu\/?page_id=1007"},"modified":"2020-08-27T14:51:24","modified_gmt":"2020-08-27T12:51:24","slug":"dr-ury-endrene-a-kiallitasi-intezmenyek-mucsarnok-altal-kiadott-1972-es-onallo-kiallitas-katalogusabol","status":"publish","type":"page","link":"https:\/\/egerhaziimre.hu\/index.php\/dijak-elismeresek\/dr-ury-endrene-a-kiallitasi-intezmenyek-mucsarnok-altal-kiadott-1972-es-onallo-kiallitas-katalogusabol\/","title":{"rendered":"Dr. Ury Endr\u00e9n\u00e9, A Ki\u00e1ll\u00edt\u00e1si Int\u00e9zm\u00e9nyek (M\u0171csarnok) \u00e1ltal kiadott 1972-es \u00f6n\u00e1ll\u00f3 Ki\u00e1ll\u00edt\u00e1s katal\u00f3gus\u00e1b\u00f3l"},"content":{"rendered":"<div class=\"wpb-content-wrapper\">\r\n<blockquote class=\"wp-block-quote is-layout-flow wp-block-quote-is-layout-flow\">\r\n<p>&#8222;&#8230;Figur\u00e1lis k\u00e9peit konstrukt\u00edvan \u00e9p\u00edti fel, szorosan k\u00f6t\u0151dik valamilyen konkr\u00e9t t\u00e9m\u00e1hoz vagy jelens\u00e9ghez. Sz\u00ednvil\u00e1ga hat\u00e1rozott, m\u00e9ly t\u00f3nusban dolgozik, szereti a s\u00f6t\u00e9t kont\u00farokat. Ezzel mintegy meghat\u00e1rozza form\u00e1inak hat\u00f3erej\u00e9t, egyben ragaszkod\u00e1s\u00e1t a vonal \u00e9s rajz tisztas\u00e1g\u00e1hoz.&#8221;<br \/>Mondanival\u00f3ja egy ember \u0151szinte megnyilv\u00e1nul\u00e1sa a fest\u00e9szet \u00f6r\u00f6k sz\u00e9p nyelv\u00e9n kereszt\u00fcl.<\/p>\r\n<cite>Dr. Ury Endr\u00e9n\u00e9<br \/>A Ki\u00e1ll\u00edt\u00e1si Int\u00e9zm\u00e9nyek (M\u0171csarnok )<br \/>\u00e1ltal kiadott 1972-es \u00f6n\u00e1ll\u00f3<br \/>Ki\u00e1ll\u00edt\u00e1s katal\u00f3gus\u00e1b\u00f3l<\/cite><\/blockquote>\r\n<\/div>","protected":false},"excerpt":{"rendered":"<p>&#8222;&#8230;Figur\u00e1lis k\u00e9peit konstrukt\u00edvan \u00e9p\u00edti fel, szorosan k\u00f6t\u0151dik valamilyen konkr\u00e9t t\u00e9m\u00e1hoz vagy jelens\u00e9ghez. Sz\u00ednvil\u00e1ga hat\u00e1rozott, m\u00e9ly t\u00f3nusban dolgozik, szereti a s\u00f6t\u00e9t kont\u00farokat. Ezzel mintegy meghat\u00e1rozza form\u00e1inak hat\u00f3erej\u00e9t, egyben ragaszkod\u00e1s\u00e1t a vonal \u00e9s rajz tisztas\u00e1g\u00e1hoz.&#8221;Mondanival\u00f3ja egy ember \u0151szinte megnyilv\u00e1nul\u00e1sa a fest\u00e9szet \u00f6r\u00f6k sz\u00e9p nyelv\u00e9n kereszt\u00fcl. Dr. Ury Endr\u00e9n\u00e9A Ki\u00e1ll\u00edt\u00e1si Int\u00e9zm\u00e9nyek (M\u0171csarnok )\u00e1ltal kiadott 1972-es \u00f6n\u00e1ll\u00f3Ki\u00e1ll\u00edt\u00e1s katal\u00f3gus\u00e1b\u00f3l<\/p>\n","protected":false},"author":4,"featured_media":0,"parent":31,"menu_order":0,"comment_status":"closed","ping_status":"closed","template":"","meta":{"footnotes":""},"categories":[84],"tags":[30],"class_list":["post-1007","page","type-page","status-publish","hentry","category-kritikak_meltatasok","tag-30"],"yoast_head":"<!-- This site is optimized with the Yoast SEO plugin v27.3 - https:\/\/yoast.com\/product\/yoast-seo-wordpress\/ -->\n<title>Dr. Ury Endr\u00e9n\u00e9, A Ki\u00e1ll\u00edt\u00e1si Int\u00e9zm\u00e9nyek (M\u0171csarnok) \u00e1ltal kiadott 1972-es \u00f6n\u00e1ll\u00f3 Ki\u00e1ll\u00edt\u00e1s katal\u00f3gus\u00e1b\u00f3l - \u00c9gerh\u00e1zi Imre<\/title>\n<meta name=\"robots\" content=\"index, follow, max-snippet:-1, max-image-preview:large, max-video-preview:-1\" \/>\n<link rel=\"canonical\" href=\"https:\/\/egerhaziimre.hu\/index.php\/dijak-elismeresek\/dr-ury-endrene-a-kiallitasi-intezmenyek-mucsarnok-altal-kiadott-1972-es-onallo-kiallitas-katalogusabol\/?lang=en\" \/>\n<meta property=\"og:locale\" content=\"hu_HU\" \/>\n<meta property=\"og:type\" content=\"article\" \/>\n<meta property=\"og:title\" content=\"Dr. Ury Endr\u00e9n\u00e9, A Ki\u00e1ll\u00edt\u00e1si Int\u00e9zm\u00e9nyek (M\u0171csarnok) \u00e1ltal kiadott 1972-es \u00f6n\u00e1ll\u00f3 Ki\u00e1ll\u00edt\u00e1s katal\u00f3gus\u00e1b\u00f3l - \u00c9gerh\u00e1zi Imre\" \/>\n<meta property=\"og:description\" content=\"&#8222;&#8230;Figur\u00e1lis k\u00e9peit konstrukt\u00edvan \u00e9p\u00edti fel, szorosan k\u00f6t\u0151dik valamilyen konkr\u00e9t t\u00e9m\u00e1hoz vagy jelens\u00e9ghez. Sz\u00ednvil\u00e1ga hat\u00e1rozott, m\u00e9ly t\u00f3nusban dolgozik, szereti a s\u00f6t\u00e9t kont\u00farokat. Ezzel mintegy meghat\u00e1rozza form\u00e1inak hat\u00f3erej\u00e9t, egyben ragaszkod\u00e1s\u00e1t a vonal \u00e9s rajz tisztas\u00e1g\u00e1hoz.&#8221;Mondanival\u00f3ja egy ember \u0151szinte megnyilv\u00e1nul\u00e1sa a fest\u00e9szet \u00f6r\u00f6k sz\u00e9p nyelv\u00e9n kereszt\u00fcl. Dr. Ury Endr\u00e9n\u00e9A Ki\u00e1ll\u00edt\u00e1si Int\u00e9zm\u00e9nyek (M\u0171csarnok )\u00e1ltal kiadott 1972-es \u00f6n\u00e1ll\u00f3Ki\u00e1ll\u00edt\u00e1s katal\u00f3gus\u00e1b\u00f3l\" \/>\n<meta property=\"og:url\" content=\"https:\/\/egerhaziimre.hu\/index.php\/dijak-elismeresek\/dr-ury-endrene-a-kiallitasi-intezmenyek-mucsarnok-altal-kiadott-1972-es-onallo-kiallitas-katalogusabol\/?lang=en\" \/>\n<meta property=\"og:site_name\" content=\"\u00c9gerh\u00e1zi Imre\" \/>\n<meta property=\"article:modified_time\" content=\"2020-08-27T12:51:24+00:00\" \/>\n<meta name=\"twitter:card\" content=\"summary_large_image\" \/>\n<meta name=\"twitter:label1\" content=\"Becs\u00fclt olvas\u00e1si id\u0151\" \/>\n\t<meta name=\"twitter:data1\" content=\"1 perc\" \/>\n<script type=\"application\/ld+json\" class=\"yoast-schema-graph\">{\"@context\":\"https:\\\/\\\/schema.org\",\"@graph\":[{\"@type\":\"WebPage\",\"@id\":\"https:\\\/\\\/egerhaziimre.hu\\\/index.php\\\/dijak-elismeresek\\\/dr-ury-endrene-a-kiallitasi-intezmenyek-mucsarnok-altal-kiadott-1972-es-onallo-kiallitas-katalogusabol\\\/?lang=en\",\"url\":\"https:\\\/\\\/egerhaziimre.hu\\\/index.php\\\/dijak-elismeresek\\\/dr-ury-endrene-a-kiallitasi-intezmenyek-mucsarnok-altal-kiadott-1972-es-onallo-kiallitas-katalogusabol\\\/?lang=en\",\"name\":\"Dr. Ury Endr\u00e9n\u00e9, A Ki\u00e1ll\u00edt\u00e1si Int\u00e9zm\u00e9nyek (M\u0171csarnok) \u00e1ltal kiadott 1972-es \u00f6n\u00e1ll\u00f3 Ki\u00e1ll\u00edt\u00e1s katal\u00f3gus\u00e1b\u00f3l - \u00c9gerh\u00e1zi Imre\",\"isPartOf\":{\"@id\":\"https:\\\/\\\/egerhaziimre.hu\\\/#website\"},\"datePublished\":\"2019-08-05T12:57:16+00:00\",\"dateModified\":\"2020-08-27T12:51:24+00:00\",\"breadcrumb\":{\"@id\":\"https:\\\/\\\/egerhaziimre.hu\\\/index.php\\\/dijak-elismeresek\\\/dr-ury-endrene-a-kiallitasi-intezmenyek-mucsarnok-altal-kiadott-1972-es-onallo-kiallitas-katalogusabol\\\/?lang=en#breadcrumb\"},\"inLanguage\":\"hu\",\"potentialAction\":[{\"@type\":\"ReadAction\",\"target\":[\"https:\\\/\\\/egerhaziimre.hu\\\/index.php\\\/dijak-elismeresek\\\/dr-ury-endrene-a-kiallitasi-intezmenyek-mucsarnok-altal-kiadott-1972-es-onallo-kiallitas-katalogusabol\\\/?lang=en\"]}]},{\"@type\":\"BreadcrumbList\",\"@id\":\"https:\\\/\\\/egerhaziimre.hu\\\/index.php\\\/dijak-elismeresek\\\/dr-ury-endrene-a-kiallitasi-intezmenyek-mucsarnok-altal-kiadott-1972-es-onallo-kiallitas-katalogusabol\\\/?lang=en#breadcrumb\",\"itemListElement\":[{\"@type\":\"ListItem\",\"position\":1,\"name\":\"Home\",\"item\":\"https:\\\/\\\/egerhaziimre.hu\\\/\"},{\"@type\":\"ListItem\",\"position\":2,\"name\":\"Awards, recognitions\",\"item\":\"https:\\\/\\\/egerhaziimre.hu\\\/index.php\\\/dijak-elismeresek\\\/?lang=en\"},{\"@type\":\"ListItem\",\"position\":3,\"name\":\"Dr. Ury Endr\u00e9n\u00e9, PART FROM THE EXHIBITION CATALOGUE, M\u0170CSARNOK, 1972\"}]},{\"@type\":\"WebSite\",\"@id\":\"https:\\\/\\\/egerhaziimre.hu\\\/#website\",\"url\":\"https:\\\/\\\/egerhaziimre.hu\\\/\",\"name\":\"\u00c9gerh\u00e1zi Imre\",\"description\":\"\",\"potentialAction\":[{\"@type\":\"SearchAction\",\"target\":{\"@type\":\"EntryPoint\",\"urlTemplate\":\"https:\\\/\\\/egerhaziimre.hu\\\/?s={search_term_string}\"},\"query-input\":{\"@type\":\"PropertyValueSpecification\",\"valueRequired\":true,\"valueName\":\"search_term_string\"}}],\"inLanguage\":\"hu\"}]}<\/script>\n<!-- \/ Yoast SEO plugin. -->","yoast_head_json":{"title":"Dr. Ury Endr\u00e9n\u00e9, A Ki\u00e1ll\u00edt\u00e1si Int\u00e9zm\u00e9nyek (M\u0171csarnok) \u00e1ltal kiadott 1972-es \u00f6n\u00e1ll\u00f3 Ki\u00e1ll\u00edt\u00e1s katal\u00f3gus\u00e1b\u00f3l - \u00c9gerh\u00e1zi Imre","robots":{"index":"index","follow":"follow","max-snippet":"max-snippet:-1","max-image-preview":"max-image-preview:large","max-video-preview":"max-video-preview:-1"},"canonical":"https:\/\/egerhaziimre.hu\/index.php\/dijak-elismeresek\/dr-ury-endrene-a-kiallitasi-intezmenyek-mucsarnok-altal-kiadott-1972-es-onallo-kiallitas-katalogusabol\/?lang=en","og_locale":"hu_HU","og_type":"article","og_title":"Dr. Ury Endr\u00e9n\u00e9, A Ki\u00e1ll\u00edt\u00e1si Int\u00e9zm\u00e9nyek (M\u0171csarnok) \u00e1ltal kiadott 1972-es \u00f6n\u00e1ll\u00f3 Ki\u00e1ll\u00edt\u00e1s katal\u00f3gus\u00e1b\u00f3l - \u00c9gerh\u00e1zi Imre","og_description":"&#8222;&#8230;Figur\u00e1lis k\u00e9peit konstrukt\u00edvan \u00e9p\u00edti fel, szorosan k\u00f6t\u0151dik valamilyen konkr\u00e9t t\u00e9m\u00e1hoz vagy jelens\u00e9ghez. Sz\u00ednvil\u00e1ga hat\u00e1rozott, m\u00e9ly t\u00f3nusban dolgozik, szereti a s\u00f6t\u00e9t kont\u00farokat. Ezzel mintegy meghat\u00e1rozza form\u00e1inak hat\u00f3erej\u00e9t, egyben ragaszkod\u00e1s\u00e1t a vonal \u00e9s rajz tisztas\u00e1g\u00e1hoz.&#8221;Mondanival\u00f3ja egy ember \u0151szinte megnyilv\u00e1nul\u00e1sa a fest\u00e9szet \u00f6r\u00f6k sz\u00e9p nyelv\u00e9n kereszt\u00fcl. Dr. Ury Endr\u00e9n\u00e9A Ki\u00e1ll\u00edt\u00e1si Int\u00e9zm\u00e9nyek (M\u0171csarnok )\u00e1ltal kiadott 1972-es \u00f6n\u00e1ll\u00f3Ki\u00e1ll\u00edt\u00e1s katal\u00f3gus\u00e1b\u00f3l","og_url":"https:\/\/egerhaziimre.hu\/index.php\/dijak-elismeresek\/dr-ury-endrene-a-kiallitasi-intezmenyek-mucsarnok-altal-kiadott-1972-es-onallo-kiallitas-katalogusabol\/?lang=en","og_site_name":"\u00c9gerh\u00e1zi Imre","article_modified_time":"2020-08-27T12:51:24+00:00","twitter_card":"summary_large_image","twitter_misc":{"Becs\u00fclt olvas\u00e1si id\u0151":"1 perc"},"schema":{"@context":"https:\/\/schema.org","@graph":[{"@type":"WebPage","@id":"https:\/\/egerhaziimre.hu\/index.php\/dijak-elismeresek\/dr-ury-endrene-a-kiallitasi-intezmenyek-mucsarnok-altal-kiadott-1972-es-onallo-kiallitas-katalogusabol\/?lang=en","url":"https:\/\/egerhaziimre.hu\/index.php\/dijak-elismeresek\/dr-ury-endrene-a-kiallitasi-intezmenyek-mucsarnok-altal-kiadott-1972-es-onallo-kiallitas-katalogusabol\/?lang=en","name":"Dr. Ury Endr\u00e9n\u00e9, A Ki\u00e1ll\u00edt\u00e1si Int\u00e9zm\u00e9nyek (M\u0171csarnok) \u00e1ltal kiadott 1972-es \u00f6n\u00e1ll\u00f3 Ki\u00e1ll\u00edt\u00e1s katal\u00f3gus\u00e1b\u00f3l - \u00c9gerh\u00e1zi Imre","isPartOf":{"@id":"https:\/\/egerhaziimre.hu\/#website"},"datePublished":"2019-08-05T12:57:16+00:00","dateModified":"2020-08-27T12:51:24+00:00","breadcrumb":{"@id":"https:\/\/egerhaziimre.hu\/index.php\/dijak-elismeresek\/dr-ury-endrene-a-kiallitasi-intezmenyek-mucsarnok-altal-kiadott-1972-es-onallo-kiallitas-katalogusabol\/?lang=en#breadcrumb"},"inLanguage":"hu","potentialAction":[{"@type":"ReadAction","target":["https:\/\/egerhaziimre.hu\/index.php\/dijak-elismeresek\/dr-ury-endrene-a-kiallitasi-intezmenyek-mucsarnok-altal-kiadott-1972-es-onallo-kiallitas-katalogusabol\/?lang=en"]}]},{"@type":"BreadcrumbList","@id":"https:\/\/egerhaziimre.hu\/index.php\/dijak-elismeresek\/dr-ury-endrene-a-kiallitasi-intezmenyek-mucsarnok-altal-kiadott-1972-es-onallo-kiallitas-katalogusabol\/?lang=en#breadcrumb","itemListElement":[{"@type":"ListItem","position":1,"name":"Home","item":"https:\/\/egerhaziimre.hu\/"},{"@type":"ListItem","position":2,"name":"Awards, recognitions","item":"https:\/\/egerhaziimre.hu\/index.php\/dijak-elismeresek\/?lang=en"},{"@type":"ListItem","position":3,"name":"Dr. Ury Endr\u00e9n\u00e9, PART FROM THE EXHIBITION CATALOGUE, M\u0170CSARNOK, 1972"}]},{"@type":"WebSite","@id":"https:\/\/egerhaziimre.hu\/#website","url":"https:\/\/egerhaziimre.hu\/","name":"\u00c9gerh\u00e1zi Imre","description":"","potentialAction":[{"@type":"SearchAction","target":{"@type":"EntryPoint","urlTemplate":"https:\/\/egerhaziimre.hu\/?s={search_term_string}"},"query-input":{"@type":"PropertyValueSpecification","valueRequired":true,"valueName":"search_term_string"}}],"inLanguage":"hu"}]}},"jetpack_sharing_enabled":true,"_links":{"self":[{"href":"https:\/\/egerhaziimre.hu\/index.php\/wp-json\/wp\/v2\/pages\/1007","targetHints":{"allow":["GET"]}}],"collection":[{"href":"https:\/\/egerhaziimre.hu\/index.php\/wp-json\/wp\/v2\/pages"}],"about":[{"href":"https:\/\/egerhaziimre.hu\/index.php\/wp-json\/wp\/v2\/types\/page"}],"author":[{"embeddable":true,"href":"https:\/\/egerhaziimre.hu\/index.php\/wp-json\/wp\/v2\/users\/4"}],"replies":[{"embeddable":true,"href":"https:\/\/egerhaziimre.hu\/index.php\/wp-json\/wp\/v2\/comments?post=1007"}],"version-history":[{"count":2,"href":"https:\/\/egerhaziimre.hu\/index.php\/wp-json\/wp\/v2\/pages\/1007\/revisions"}],"predecessor-version":[{"id":8825,"href":"https:\/\/egerhaziimre.hu\/index.php\/wp-json\/wp\/v2\/pages\/1007\/revisions\/8825"}],"up":[{"embeddable":true,"href":"https:\/\/egerhaziimre.hu\/index.php\/wp-json\/wp\/v2\/pages\/31"}],"wp:attachment":[{"href":"https:\/\/egerhaziimre.hu\/index.php\/wp-json\/wp\/v2\/media?parent=1007"}],"wp:term":[{"taxonomy":"category","embeddable":true,"href":"https:\/\/egerhaziimre.hu\/index.php\/wp-json\/wp\/v2\/categories?post=1007"},{"taxonomy":"post_tag","embeddable":true,"href":"https:\/\/egerhaziimre.hu\/index.php\/wp-json\/wp\/v2\/tags?post=1007"}],"curies":[{"name":"wp","href":"https:\/\/api.w.org\/{rel}","templated":true}]}}