{"id":1013,"date":"2019-08-05T15:00:59","date_gmt":"2019-08-05T13:00:59","guid":{"rendered":"http:\/\/egerhaziimre.magex.hu\/?page_id=1013"},"modified":"2020-09-02T10:37:25","modified_gmt":"2020-09-02T08:37:25","slug":"szij-rezso-alfold-1972-ev-nov-szam","status":"publish","type":"page","link":"https:\/\/egerhaziimre.hu\/index.php\/dijak-elismeresek\/szij-rezso-alfold-1972-ev-nov-szam\/","title":{"rendered":"Sz\u00edj Rezs\u0151, Alf\u00f6ld, 1972. \u00e9v Nov. sz\u00e1m"},"content":{"rendered":"<div class=\"wpb-content-wrapper\">\r\n<blockquote class=\"wp-block-quote is-layout-flow wp-block-quote-is-layout-flow\"><p>&#8222;\u00dagy l\u00e1tszik, van valami igazs\u00e1g abban, hogy az \u0151si \u00f6r\u00f6ks\u00e9g ak\u00e1r sz\u00e1zadok m\u00falva is vissza\u00fct. Valamely m\u0171v\u00e9szi mesters\u00e9ghez val\u00f3 hajlam, tehets\u00e9g, mint b\u00fav\u00f3patak a felsz\u00ednre t\u00f6r \u00e9s az ut\u00f3dban \u00fajj\u00e1sz\u00fcletik. I. R\u00e1k\u00f3czi Gy\u00f6rgy erd\u00e9lyi fejedelem \u00c9gerh\u00e1zi Imre egyik \u0151s\u00e9t, mivel megel\u00e9ged\u00e9s\u00e9re festette ki Gyulafeh\u00e9rv\u00e1rott az udvari tan\u00e1cstermet \u00e9s az alvinci kast\u00e9ly falait, mennyezet\u00e9t, &#8222;K\u00e9p\u00edr\u00f3&#8221; el\u0151n\u00e9vvel \u00fajra nemes\u00edtette. De az onnan idesz\u00e1rmazott, alf\u00f6ldi sz\u00fclet\u00e9s\u0171 \u00c9gerh\u00e1zi Imr\u00e9ben nemcsak a fest\u00e9szet ir\u00e1nti hajlam sz\u00fcletett \u00fajj\u00e1, hanem az erd\u00e9lyi t\u00e1jak ir\u00e1nti vonz\u00f3d\u00e1sa is. Ennek k\u00f6vetkezm\u00e9nye, hogy szinte \u00e9vente tal\u00e1lkozik a K\u00e1rp\u00e1tok k\u00e9t oldal\u00e1n fekv\u0151 sz\u00e9kely \u00e9s cs\u00e1ng\u00f3 falvakkal, s hogy k\u00e9peinek mot\u00edvumait nagy r\u00e9szben ennek a vid\u00e9knek t\u00e1rh\u00e1z\u00e1b\u00f3l mer\u00edti.<br>V\u00e1ltozik a k\u00e9p, amikor a hajd\u00fas\u00e1gi t\u00e1jak ker\u00fclnek ki ecsetje al\u00f3l: jellegzetes tany\u00e1kkal tal\u00e1lkozunk, csontos k\u00e9p\u0171 hajd\u00fas\u00e1gi emberekkel, el\u00e9gikus hangulat\u00fa temet\u0151r\u00e9szletekkel (Hajd\u00fab\u00f6sz\u00f6rm\u00e9nyi h\u00e1zak, B\u00f6sz\u00f6rm\u00e9nyi utc\u00e1n, Hajd\u00fas\u00e1gi emberek a hat\u00e1rban).<br>Abb\u00f3l, hogy a k\u00e9pmez\u0151ket sz\u00e9lesen ter\u00edti egym\u00e1s mell\u00e9 \u00e9s azokat vonallal hat\u00e1rolja el egym\u00e1st\u00f3l, m\u00e9rtanias szerkeszt\u00e9si m\u00f3dra kell k\u00f6vetkeztetn\u00fcnk. M\u00e9g az emberi arcot is szigor\u00fa m\u00e9rtaniass\u00e1ggal jelen\u00edti meg an\u00e9lk\u00fcl, hogy ezzel a felismerhetetlens\u00e9g fel\u00e9 toln\u00e1 el.&#8221;<\/p><cite>Sz\u00edj Rezs\u0151<br>Alf\u00f6ld, 1972. \u00e9v nov. sz\u00e1m<\/cite><\/blockquote>\r\n<\/div>","protected":false},"excerpt":{"rendered":"<p>&#8222;\u00dagy l\u00e1tszik, van valami igazs\u00e1g abban, hogy az \u0151si \u00f6r\u00f6ks\u00e9g ak\u00e1r sz\u00e1zadok m\u00falva is vissza\u00fct. Valamely m\u0171v\u00e9szi mesters\u00e9ghez val\u00f3 hajlam, tehets\u00e9g, mint b\u00fav\u00f3patak a felsz\u00ednre t\u00f6r \u00e9s az ut\u00f3dban \u00fajj\u00e1sz\u00fcletik. I. R\u00e1k\u00f3czi Gy\u00f6rgy erd\u00e9lyi fejedelem \u00c9gerh\u00e1zi Imre egyik \u0151s\u00e9t, mivel megel\u00e9ged\u00e9s\u00e9re festette ki Gyulafeh\u00e9rv\u00e1rott az udvari tan\u00e1cstermet \u00e9s az alvinci kast\u00e9ly falait, mennyezet\u00e9t, &#8222;K\u00e9p\u00edr\u00f3&#8221; el\u0151n\u00e9vvel \u00fajra nemes\u00edtette. De az onnan [&hellip;]<\/p>\n","protected":false},"author":4,"featured_media":0,"parent":31,"menu_order":0,"comment_status":"closed","ping_status":"closed","template":"","meta":{"footnotes":""},"categories":[84],"tags":[30],"class_list":["post-1013","page","type-page","status-publish","hentry","category-kritikak_meltatasok","tag-30"],"yoast_head":"<!-- This site is optimized with the Yoast SEO plugin v27.3 - https:\/\/yoast.com\/product\/yoast-seo-wordpress\/ -->\n<title>Sz\u00edj Rezs\u0151, Alf\u00f6ld, 1972. \u00e9v Nov. sz\u00e1m - \u00c9gerh\u00e1zi Imre<\/title>\n<meta name=\"robots\" content=\"index, follow, max-snippet:-1, max-image-preview:large, max-video-preview:-1\" \/>\n<link rel=\"canonical\" href=\"https:\/\/egerhaziimre.hu\/index.php\/dijak-elismeresek\/szij-rezso-alfold-1972-ev-nov-szam\/?lang=en\" \/>\n<meta property=\"og:locale\" content=\"hu_HU\" \/>\n<meta property=\"og:type\" content=\"article\" \/>\n<meta property=\"og:title\" content=\"Sz\u00edj Rezs\u0151, Alf\u00f6ld, 1972. \u00e9v Nov. sz\u00e1m - \u00c9gerh\u00e1zi Imre\" \/>\n<meta property=\"og:description\" content=\"&#8222;\u00dagy l\u00e1tszik, van valami igazs\u00e1g abban, hogy az \u0151si \u00f6r\u00f6ks\u00e9g ak\u00e1r sz\u00e1zadok m\u00falva is vissza\u00fct. Valamely m\u0171v\u00e9szi mesters\u00e9ghez val\u00f3 hajlam, tehets\u00e9g, mint b\u00fav\u00f3patak a felsz\u00ednre t\u00f6r \u00e9s az ut\u00f3dban \u00fajj\u00e1sz\u00fcletik. I. R\u00e1k\u00f3czi Gy\u00f6rgy erd\u00e9lyi fejedelem \u00c9gerh\u00e1zi Imre egyik \u0151s\u00e9t, mivel megel\u00e9ged\u00e9s\u00e9re festette ki Gyulafeh\u00e9rv\u00e1rott az udvari tan\u00e1cstermet \u00e9s az alvinci kast\u00e9ly falait, mennyezet\u00e9t, &#8222;K\u00e9p\u00edr\u00f3&#8221; el\u0151n\u00e9vvel \u00fajra nemes\u00edtette. De az onnan [&hellip;]\" \/>\n<meta property=\"og:url\" content=\"https:\/\/egerhaziimre.hu\/index.php\/dijak-elismeresek\/szij-rezso-alfold-1972-ev-nov-szam\/?lang=en\" \/>\n<meta property=\"og:site_name\" content=\"\u00c9gerh\u00e1zi Imre\" \/>\n<meta property=\"article:modified_time\" content=\"2020-09-02T08:37:25+00:00\" \/>\n<meta name=\"twitter:card\" content=\"summary_large_image\" \/>\n<meta name=\"twitter:label1\" content=\"Becs\u00fclt olvas\u00e1si id\u0151\" \/>\n\t<meta name=\"twitter:data1\" content=\"3 perc\" \/>\n<script type=\"application\/ld+json\" class=\"yoast-schema-graph\">{\"@context\":\"https:\\\/\\\/schema.org\",\"@graph\":[{\"@type\":\"WebPage\",\"@id\":\"https:\\\/\\\/egerhaziimre.hu\\\/index.php\\\/dijak-elismeresek\\\/szij-rezso-alfold-1972-ev-nov-szam\\\/?lang=en\",\"url\":\"https:\\\/\\\/egerhaziimre.hu\\\/index.php\\\/dijak-elismeresek\\\/szij-rezso-alfold-1972-ev-nov-szam\\\/?lang=en\",\"name\":\"Sz\u00edj Rezs\u0151, Alf\u00f6ld, 1972. \u00e9v Nov. sz\u00e1m - \u00c9gerh\u00e1zi Imre\",\"isPartOf\":{\"@id\":\"https:\\\/\\\/egerhaziimre.hu\\\/#website\"},\"datePublished\":\"2019-08-05T13:00:59+00:00\",\"dateModified\":\"2020-09-02T08:37:25+00:00\",\"breadcrumb\":{\"@id\":\"https:\\\/\\\/egerhaziimre.hu\\\/index.php\\\/dijak-elismeresek\\\/szij-rezso-alfold-1972-ev-nov-szam\\\/?lang=en#breadcrumb\"},\"inLanguage\":\"hu\",\"potentialAction\":[{\"@type\":\"ReadAction\",\"target\":[\"https:\\\/\\\/egerhaziimre.hu\\\/index.php\\\/dijak-elismeresek\\\/szij-rezso-alfold-1972-ev-nov-szam\\\/?lang=en\"]}]},{\"@type\":\"BreadcrumbList\",\"@id\":\"https:\\\/\\\/egerhaziimre.hu\\\/index.php\\\/dijak-elismeresek\\\/szij-rezso-alfold-1972-ev-nov-szam\\\/?lang=en#breadcrumb\",\"itemListElement\":[{\"@type\":\"ListItem\",\"position\":1,\"name\":\"Home\",\"item\":\"https:\\\/\\\/egerhaziimre.hu\\\/\"},{\"@type\":\"ListItem\",\"position\":2,\"name\":\"Awards, recognitions\",\"item\":\"https:\\\/\\\/egerhaziimre.hu\\\/index.php\\\/dijak-elismeresek\\\/?lang=en\"},{\"@type\":\"ListItem\",\"position\":3,\"name\":\"ALF\u00d6LD (MONTHLY ART MAGAZIN), 1972 NOVEMBER ISSUE BY SZ\u00cdJ REZS\u0150\"}]},{\"@type\":\"WebSite\",\"@id\":\"https:\\\/\\\/egerhaziimre.hu\\\/#website\",\"url\":\"https:\\\/\\\/egerhaziimre.hu\\\/\",\"name\":\"\u00c9gerh\u00e1zi Imre\",\"description\":\"\",\"potentialAction\":[{\"@type\":\"SearchAction\",\"target\":{\"@type\":\"EntryPoint\",\"urlTemplate\":\"https:\\\/\\\/egerhaziimre.hu\\\/?s={search_term_string}\"},\"query-input\":{\"@type\":\"PropertyValueSpecification\",\"valueRequired\":true,\"valueName\":\"search_term_string\"}}],\"inLanguage\":\"hu\"}]}<\/script>\n<!-- \/ Yoast SEO plugin. -->","yoast_head_json":{"title":"Sz\u00edj Rezs\u0151, Alf\u00f6ld, 1972. \u00e9v Nov. sz\u00e1m - \u00c9gerh\u00e1zi Imre","robots":{"index":"index","follow":"follow","max-snippet":"max-snippet:-1","max-image-preview":"max-image-preview:large","max-video-preview":"max-video-preview:-1"},"canonical":"https:\/\/egerhaziimre.hu\/index.php\/dijak-elismeresek\/szij-rezso-alfold-1972-ev-nov-szam\/?lang=en","og_locale":"hu_HU","og_type":"article","og_title":"Sz\u00edj Rezs\u0151, Alf\u00f6ld, 1972. \u00e9v Nov. sz\u00e1m - \u00c9gerh\u00e1zi Imre","og_description":"&#8222;\u00dagy l\u00e1tszik, van valami igazs\u00e1g abban, hogy az \u0151si \u00f6r\u00f6ks\u00e9g ak\u00e1r sz\u00e1zadok m\u00falva is vissza\u00fct. Valamely m\u0171v\u00e9szi mesters\u00e9ghez val\u00f3 hajlam, tehets\u00e9g, mint b\u00fav\u00f3patak a felsz\u00ednre t\u00f6r \u00e9s az ut\u00f3dban \u00fajj\u00e1sz\u00fcletik. I. R\u00e1k\u00f3czi Gy\u00f6rgy erd\u00e9lyi fejedelem \u00c9gerh\u00e1zi Imre egyik \u0151s\u00e9t, mivel megel\u00e9ged\u00e9s\u00e9re festette ki Gyulafeh\u00e9rv\u00e1rott az udvari tan\u00e1cstermet \u00e9s az alvinci kast\u00e9ly falait, mennyezet\u00e9t, &#8222;K\u00e9p\u00edr\u00f3&#8221; el\u0151n\u00e9vvel \u00fajra nemes\u00edtette. De az onnan [&hellip;]","og_url":"https:\/\/egerhaziimre.hu\/index.php\/dijak-elismeresek\/szij-rezso-alfold-1972-ev-nov-szam\/?lang=en","og_site_name":"\u00c9gerh\u00e1zi Imre","article_modified_time":"2020-09-02T08:37:25+00:00","twitter_card":"summary_large_image","twitter_misc":{"Becs\u00fclt olvas\u00e1si id\u0151":"3 perc"},"schema":{"@context":"https:\/\/schema.org","@graph":[{"@type":"WebPage","@id":"https:\/\/egerhaziimre.hu\/index.php\/dijak-elismeresek\/szij-rezso-alfold-1972-ev-nov-szam\/?lang=en","url":"https:\/\/egerhaziimre.hu\/index.php\/dijak-elismeresek\/szij-rezso-alfold-1972-ev-nov-szam\/?lang=en","name":"Sz\u00edj Rezs\u0151, Alf\u00f6ld, 1972. \u00e9v Nov. sz\u00e1m - \u00c9gerh\u00e1zi Imre","isPartOf":{"@id":"https:\/\/egerhaziimre.hu\/#website"},"datePublished":"2019-08-05T13:00:59+00:00","dateModified":"2020-09-02T08:37:25+00:00","breadcrumb":{"@id":"https:\/\/egerhaziimre.hu\/index.php\/dijak-elismeresek\/szij-rezso-alfold-1972-ev-nov-szam\/?lang=en#breadcrumb"},"inLanguage":"hu","potentialAction":[{"@type":"ReadAction","target":["https:\/\/egerhaziimre.hu\/index.php\/dijak-elismeresek\/szij-rezso-alfold-1972-ev-nov-szam\/?lang=en"]}]},{"@type":"BreadcrumbList","@id":"https:\/\/egerhaziimre.hu\/index.php\/dijak-elismeresek\/szij-rezso-alfold-1972-ev-nov-szam\/?lang=en#breadcrumb","itemListElement":[{"@type":"ListItem","position":1,"name":"Home","item":"https:\/\/egerhaziimre.hu\/"},{"@type":"ListItem","position":2,"name":"Awards, recognitions","item":"https:\/\/egerhaziimre.hu\/index.php\/dijak-elismeresek\/?lang=en"},{"@type":"ListItem","position":3,"name":"ALF\u00d6LD (MONTHLY ART MAGAZIN), 1972 NOVEMBER ISSUE BY SZ\u00cdJ REZS\u0150"}]},{"@type":"WebSite","@id":"https:\/\/egerhaziimre.hu\/#website","url":"https:\/\/egerhaziimre.hu\/","name":"\u00c9gerh\u00e1zi Imre","description":"","potentialAction":[{"@type":"SearchAction","target":{"@type":"EntryPoint","urlTemplate":"https:\/\/egerhaziimre.hu\/?s={search_term_string}"},"query-input":{"@type":"PropertyValueSpecification","valueRequired":true,"valueName":"search_term_string"}}],"inLanguage":"hu"}]}},"jetpack_sharing_enabled":true,"_links":{"self":[{"href":"https:\/\/egerhaziimre.hu\/index.php\/wp-json\/wp\/v2\/pages\/1013","targetHints":{"allow":["GET"]}}],"collection":[{"href":"https:\/\/egerhaziimre.hu\/index.php\/wp-json\/wp\/v2\/pages"}],"about":[{"href":"https:\/\/egerhaziimre.hu\/index.php\/wp-json\/wp\/v2\/types\/page"}],"author":[{"embeddable":true,"href":"https:\/\/egerhaziimre.hu\/index.php\/wp-json\/wp\/v2\/users\/4"}],"replies":[{"embeddable":true,"href":"https:\/\/egerhaziimre.hu\/index.php\/wp-json\/wp\/v2\/comments?post=1013"}],"version-history":[{"count":2,"href":"https:\/\/egerhaziimre.hu\/index.php\/wp-json\/wp\/v2\/pages\/1013\/revisions"}],"predecessor-version":[{"id":9048,"href":"https:\/\/egerhaziimre.hu\/index.php\/wp-json\/wp\/v2\/pages\/1013\/revisions\/9048"}],"up":[{"embeddable":true,"href":"https:\/\/egerhaziimre.hu\/index.php\/wp-json\/wp\/v2\/pages\/31"}],"wp:attachment":[{"href":"https:\/\/egerhaziimre.hu\/index.php\/wp-json\/wp\/v2\/media?parent=1013"}],"wp:term":[{"taxonomy":"category","embeddable":true,"href":"https:\/\/egerhaziimre.hu\/index.php\/wp-json\/wp\/v2\/categories?post=1013"},{"taxonomy":"post_tag","embeddable":true,"href":"https:\/\/egerhaziimre.hu\/index.php\/wp-json\/wp\/v2\/tags?post=1013"}],"curies":[{"name":"wp","href":"https:\/\/api.w.org\/{rel}","templated":true}]}}