{"id":1019,"date":"2019-08-05T15:03:31","date_gmt":"2019-08-05T13:03:31","guid":{"rendered":"http:\/\/egerhaziimre.magex.hu\/?page_id=1019"},"modified":"2020-09-02T10:43:38","modified_gmt":"2020-09-02T08:43:38","slug":"koteles-pal-hajdu-bihari-naplo-1977-jun-1","status":"publish","type":"page","link":"https:\/\/egerhaziimre.hu\/index.php\/dijak-elismeresek\/koteles-pal-hajdu-bihari-naplo-1977-jun-1\/","title":{"rendered":"K\u00f6teles P\u00e1l, Hajd\u00fa-Bihari Napl\u00f3, 1977. j\u00fan. 1."},"content":{"rendered":"<div class=\"wpb-content-wrapper\">\r\n<blockquote class=\"wp-block-quote is-layout-flow wp-block-quote-is-layout-flow\"><p>&#8222;A k\u00e9pszerkeszt\u00e9s rendk\u00edv\u00fclien feszes, a plasztikai egyens\u00falyra sokkal nagyobb gondot ford\u00edt a m\u0171v\u00e9sz, mint kor\u00e1bban. Az \u00edvelt hat\u00e1rol\u00f3 vonalakkal \u00f6nmagukban z\u00e1rt s\u00edkform\u00e1kat hoz l\u00e9tre: k\u00f6r\u00f6ket, toj\u00e1sdad form\u00e1ci\u00f3kat. Ezek elrendez\u00e9s\u00e9vel teremti meg azt\u00e1n a fel\u00fclet harmadik kiterjed\u00e9s\u00e9nek \u00e9rzet\u00e9t. A k\u00e9pek dinamikus hat\u00e1s\u00e1t tov\u00e1bb fokozza azzal, hogy a k\u00f6rk\u00f6r\u00f6s vagy l\u00e1gy hajlat\u00fa s\u00edkidomokba szerkeszti azokat a t\u00e1rgyakat, amelyeknek k\u00e9pi megjelen\u00edt\u00e9s\u00e9re szolg\u00e1l a n\u00e9gyzet, a t\u00e9glalap vagy h\u00e1romsz\u00f6g. Puha vonalak \u00e9s \u00e9les kisz\u00f6gell\u00e9sek uralj\u00e1k \u00c9gerh\u00e1zi k\u00e9peit.<br>&#8230; nem a stiliz\u00e1lts\u00e1got fokozza tov\u00e1bb a m\u0171v\u00e9sz, hanem a kompoz\u00edci\u00f3s elemeket \u00e1ll\u00edtja el\u0151t\u00e9rbe. Azzal pedig, hogy a m\u00e9rtani alakzatokat tov\u00e1bbfinomult sz\u00ednek uralj\u00e1k, a l\u00e1tv\u00e1nynak is nagyobb szerepet biztos\u00edt. N\u00e9melyik alkot\u00e1sa zordabb a kor\u00e1bbin\u00e1l, sz\u00ednei kem\u00e9nyebbek, de az alkot\u00e1sok \u00e9pp az\u00e1ltal lettek \u0151szint\u00e9bbek, igazabbak. Ezek a munk\u00e1k val\u00f3j\u00e1ban nem is t\u00e1jk\u00e9pek, hanem olyan m\u0171v\u00e9szi alkot\u00e1sok, amelyek s\u0171r\u00edtetten hordozz\u00e1k egy t\u00e1jegys\u00e9g minden l\u00e9nyeges plasztikai jel\u00e9t, jellegzetess\u00e9g\u00e9t &#8211; a t\u00e1j lelk\u00e9t.&#8221;<\/p><cite>K\u00f6teles P\u00e1l<br>Hajd\u00fa-Bihari Napl\u00f3, 1977. j\u00fan. 1.<\/cite><\/blockquote>\r\n<\/div>","protected":false},"excerpt":{"rendered":"<p>&#8222;A k\u00e9pszerkeszt\u00e9s rendk\u00edv\u00fclien feszes, a plasztikai egyens\u00falyra sokkal nagyobb gondot ford\u00edt a m\u0171v\u00e9sz, mint kor\u00e1bban. Az \u00edvelt hat\u00e1rol\u00f3 vonalakkal \u00f6nmagukban z\u00e1rt s\u00edkform\u00e1kat hoz l\u00e9tre: k\u00f6r\u00f6ket, toj\u00e1sdad form\u00e1ci\u00f3kat. Ezek elrendez\u00e9s\u00e9vel teremti meg azt\u00e1n a fel\u00fclet harmadik kiterjed\u00e9s\u00e9nek \u00e9rzet\u00e9t. A k\u00e9pek dinamikus hat\u00e1s\u00e1t tov\u00e1bb fokozza azzal, hogy a k\u00f6rk\u00f6r\u00f6s vagy l\u00e1gy hajlat\u00fa s\u00edkidomokba szerkeszti azokat a t\u00e1rgyakat, amelyeknek k\u00e9pi megjelen\u00edt\u00e9s\u00e9re szolg\u00e1l a [&hellip;]<\/p>\n","protected":false},"author":4,"featured_media":0,"parent":31,"menu_order":0,"comment_status":"closed","ping_status":"closed","template":"","meta":{"footnotes":""},"categories":[84],"tags":[93],"class_list":["post-1019","page","type-page","status-publish","hentry","category-kritikak_meltatasok","tag-93"],"yoast_head":"<!-- This site is optimized with the Yoast SEO plugin v27.3 - https:\/\/yoast.com\/product\/yoast-seo-wordpress\/ -->\n<title>K\u00f6teles P\u00e1l, Hajd\u00fa-Bihari Napl\u00f3, 1977. j\u00fan. 1. - \u00c9gerh\u00e1zi Imre<\/title>\n<meta name=\"robots\" content=\"index, follow, max-snippet:-1, max-image-preview:large, max-video-preview:-1\" \/>\n<link rel=\"canonical\" href=\"https:\/\/egerhaziimre.hu\/index.php\/dijak-elismeresek\/koteles-pal-hajdu-bihari-naplo-1977-jun-1\/?lang=en\" \/>\n<meta property=\"og:locale\" content=\"hu_HU\" \/>\n<meta property=\"og:type\" content=\"article\" \/>\n<meta property=\"og:title\" content=\"K\u00f6teles P\u00e1l, Hajd\u00fa-Bihari Napl\u00f3, 1977. j\u00fan. 1. - \u00c9gerh\u00e1zi Imre\" \/>\n<meta property=\"og:description\" content=\"&#8222;A k\u00e9pszerkeszt\u00e9s rendk\u00edv\u00fclien feszes, a plasztikai egyens\u00falyra sokkal nagyobb gondot ford\u00edt a m\u0171v\u00e9sz, mint kor\u00e1bban. Az \u00edvelt hat\u00e1rol\u00f3 vonalakkal \u00f6nmagukban z\u00e1rt s\u00edkform\u00e1kat hoz l\u00e9tre: k\u00f6r\u00f6ket, toj\u00e1sdad form\u00e1ci\u00f3kat. Ezek elrendez\u00e9s\u00e9vel teremti meg azt\u00e1n a fel\u00fclet harmadik kiterjed\u00e9s\u00e9nek \u00e9rzet\u00e9t. A k\u00e9pek dinamikus hat\u00e1s\u00e1t tov\u00e1bb fokozza azzal, hogy a k\u00f6rk\u00f6r\u00f6s vagy l\u00e1gy hajlat\u00fa s\u00edkidomokba szerkeszti azokat a t\u00e1rgyakat, amelyeknek k\u00e9pi megjelen\u00edt\u00e9s\u00e9re szolg\u00e1l a [&hellip;]\" \/>\n<meta property=\"og:url\" content=\"https:\/\/egerhaziimre.hu\/index.php\/dijak-elismeresek\/koteles-pal-hajdu-bihari-naplo-1977-jun-1\/?lang=en\" \/>\n<meta property=\"og:site_name\" content=\"\u00c9gerh\u00e1zi Imre\" \/>\n<meta property=\"article:modified_time\" content=\"2020-09-02T08:43:38+00:00\" \/>\n<meta name=\"twitter:card\" content=\"summary_large_image\" \/>\n<meta name=\"twitter:label1\" content=\"Becs\u00fclt olvas\u00e1si id\u0151\" \/>\n\t<meta name=\"twitter:data1\" content=\"2 perc\" \/>\n<script type=\"application\/ld+json\" class=\"yoast-schema-graph\">{\"@context\":\"https:\\\/\\\/schema.org\",\"@graph\":[{\"@type\":\"WebPage\",\"@id\":\"https:\\\/\\\/egerhaziimre.hu\\\/index.php\\\/dijak-elismeresek\\\/koteles-pal-hajdu-bihari-naplo-1977-jun-1\\\/?lang=en\",\"url\":\"https:\\\/\\\/egerhaziimre.hu\\\/index.php\\\/dijak-elismeresek\\\/koteles-pal-hajdu-bihari-naplo-1977-jun-1\\\/?lang=en\",\"name\":\"K\u00f6teles P\u00e1l, Hajd\u00fa-Bihari Napl\u00f3, 1977. j\u00fan. 1. - \u00c9gerh\u00e1zi Imre\",\"isPartOf\":{\"@id\":\"https:\\\/\\\/egerhaziimre.hu\\\/#website\"},\"datePublished\":\"2019-08-05T13:03:31+00:00\",\"dateModified\":\"2020-09-02T08:43:38+00:00\",\"breadcrumb\":{\"@id\":\"https:\\\/\\\/egerhaziimre.hu\\\/index.php\\\/dijak-elismeresek\\\/koteles-pal-hajdu-bihari-naplo-1977-jun-1\\\/?lang=en#breadcrumb\"},\"inLanguage\":\"hu\",\"potentialAction\":[{\"@type\":\"ReadAction\",\"target\":[\"https:\\\/\\\/egerhaziimre.hu\\\/index.php\\\/dijak-elismeresek\\\/koteles-pal-hajdu-bihari-naplo-1977-jun-1\\\/?lang=en\"]}]},{\"@type\":\"BreadcrumbList\",\"@id\":\"https:\\\/\\\/egerhaziimre.hu\\\/index.php\\\/dijak-elismeresek\\\/koteles-pal-hajdu-bihari-naplo-1977-jun-1\\\/?lang=en#breadcrumb\",\"itemListElement\":[{\"@type\":\"ListItem\",\"position\":1,\"name\":\"Home\",\"item\":\"https:\\\/\\\/egerhaziimre.hu\\\/\"},{\"@type\":\"ListItem\",\"position\":2,\"name\":\"Awards, recognitions\",\"item\":\"https:\\\/\\\/egerhaziimre.hu\\\/index.php\\\/dijak-elismeresek\\\/?lang=en\"},{\"@type\":\"ListItem\",\"position\":3,\"name\":\"P\u00c1L K\u00d6TELES, HAJD\u00da-BIHARI NAPL\u00d3, 1977 June Issue.\"}]},{\"@type\":\"WebSite\",\"@id\":\"https:\\\/\\\/egerhaziimre.hu\\\/#website\",\"url\":\"https:\\\/\\\/egerhaziimre.hu\\\/\",\"name\":\"\u00c9gerh\u00e1zi Imre\",\"description\":\"\",\"potentialAction\":[{\"@type\":\"SearchAction\",\"target\":{\"@type\":\"EntryPoint\",\"urlTemplate\":\"https:\\\/\\\/egerhaziimre.hu\\\/?s={search_term_string}\"},\"query-input\":{\"@type\":\"PropertyValueSpecification\",\"valueRequired\":true,\"valueName\":\"search_term_string\"}}],\"inLanguage\":\"hu\"}]}<\/script>\n<!-- \/ Yoast SEO plugin. -->","yoast_head_json":{"title":"K\u00f6teles P\u00e1l, Hajd\u00fa-Bihari Napl\u00f3, 1977. j\u00fan. 1. - \u00c9gerh\u00e1zi Imre","robots":{"index":"index","follow":"follow","max-snippet":"max-snippet:-1","max-image-preview":"max-image-preview:large","max-video-preview":"max-video-preview:-1"},"canonical":"https:\/\/egerhaziimre.hu\/index.php\/dijak-elismeresek\/koteles-pal-hajdu-bihari-naplo-1977-jun-1\/?lang=en","og_locale":"hu_HU","og_type":"article","og_title":"K\u00f6teles P\u00e1l, Hajd\u00fa-Bihari Napl\u00f3, 1977. j\u00fan. 1. - \u00c9gerh\u00e1zi Imre","og_description":"&#8222;A k\u00e9pszerkeszt\u00e9s rendk\u00edv\u00fclien feszes, a plasztikai egyens\u00falyra sokkal nagyobb gondot ford\u00edt a m\u0171v\u00e9sz, mint kor\u00e1bban. Az \u00edvelt hat\u00e1rol\u00f3 vonalakkal \u00f6nmagukban z\u00e1rt s\u00edkform\u00e1kat hoz l\u00e9tre: k\u00f6r\u00f6ket, toj\u00e1sdad form\u00e1ci\u00f3kat. Ezek elrendez\u00e9s\u00e9vel teremti meg azt\u00e1n a fel\u00fclet harmadik kiterjed\u00e9s\u00e9nek \u00e9rzet\u00e9t. A k\u00e9pek dinamikus hat\u00e1s\u00e1t tov\u00e1bb fokozza azzal, hogy a k\u00f6rk\u00f6r\u00f6s vagy l\u00e1gy hajlat\u00fa s\u00edkidomokba szerkeszti azokat a t\u00e1rgyakat, amelyeknek k\u00e9pi megjelen\u00edt\u00e9s\u00e9re szolg\u00e1l a [&hellip;]","og_url":"https:\/\/egerhaziimre.hu\/index.php\/dijak-elismeresek\/koteles-pal-hajdu-bihari-naplo-1977-jun-1\/?lang=en","og_site_name":"\u00c9gerh\u00e1zi Imre","article_modified_time":"2020-09-02T08:43:38+00:00","twitter_card":"summary_large_image","twitter_misc":{"Becs\u00fclt olvas\u00e1si id\u0151":"2 perc"},"schema":{"@context":"https:\/\/schema.org","@graph":[{"@type":"WebPage","@id":"https:\/\/egerhaziimre.hu\/index.php\/dijak-elismeresek\/koteles-pal-hajdu-bihari-naplo-1977-jun-1\/?lang=en","url":"https:\/\/egerhaziimre.hu\/index.php\/dijak-elismeresek\/koteles-pal-hajdu-bihari-naplo-1977-jun-1\/?lang=en","name":"K\u00f6teles P\u00e1l, Hajd\u00fa-Bihari Napl\u00f3, 1977. j\u00fan. 1. - \u00c9gerh\u00e1zi Imre","isPartOf":{"@id":"https:\/\/egerhaziimre.hu\/#website"},"datePublished":"2019-08-05T13:03:31+00:00","dateModified":"2020-09-02T08:43:38+00:00","breadcrumb":{"@id":"https:\/\/egerhaziimre.hu\/index.php\/dijak-elismeresek\/koteles-pal-hajdu-bihari-naplo-1977-jun-1\/?lang=en#breadcrumb"},"inLanguage":"hu","potentialAction":[{"@type":"ReadAction","target":["https:\/\/egerhaziimre.hu\/index.php\/dijak-elismeresek\/koteles-pal-hajdu-bihari-naplo-1977-jun-1\/?lang=en"]}]},{"@type":"BreadcrumbList","@id":"https:\/\/egerhaziimre.hu\/index.php\/dijak-elismeresek\/koteles-pal-hajdu-bihari-naplo-1977-jun-1\/?lang=en#breadcrumb","itemListElement":[{"@type":"ListItem","position":1,"name":"Home","item":"https:\/\/egerhaziimre.hu\/"},{"@type":"ListItem","position":2,"name":"Awards, recognitions","item":"https:\/\/egerhaziimre.hu\/index.php\/dijak-elismeresek\/?lang=en"},{"@type":"ListItem","position":3,"name":"P\u00c1L K\u00d6TELES, HAJD\u00da-BIHARI NAPL\u00d3, 1977 June Issue."}]},{"@type":"WebSite","@id":"https:\/\/egerhaziimre.hu\/#website","url":"https:\/\/egerhaziimre.hu\/","name":"\u00c9gerh\u00e1zi Imre","description":"","potentialAction":[{"@type":"SearchAction","target":{"@type":"EntryPoint","urlTemplate":"https:\/\/egerhaziimre.hu\/?s={search_term_string}"},"query-input":{"@type":"PropertyValueSpecification","valueRequired":true,"valueName":"search_term_string"}}],"inLanguage":"hu"}]}},"jetpack_sharing_enabled":true,"_links":{"self":[{"href":"https:\/\/egerhaziimre.hu\/index.php\/wp-json\/wp\/v2\/pages\/1019","targetHints":{"allow":["GET"]}}],"collection":[{"href":"https:\/\/egerhaziimre.hu\/index.php\/wp-json\/wp\/v2\/pages"}],"about":[{"href":"https:\/\/egerhaziimre.hu\/index.php\/wp-json\/wp\/v2\/types\/page"}],"author":[{"embeddable":true,"href":"https:\/\/egerhaziimre.hu\/index.php\/wp-json\/wp\/v2\/users\/4"}],"replies":[{"embeddable":true,"href":"https:\/\/egerhaziimre.hu\/index.php\/wp-json\/wp\/v2\/comments?post=1019"}],"version-history":[{"count":2,"href":"https:\/\/egerhaziimre.hu\/index.php\/wp-json\/wp\/v2\/pages\/1019\/revisions"}],"predecessor-version":[{"id":9050,"href":"https:\/\/egerhaziimre.hu\/index.php\/wp-json\/wp\/v2\/pages\/1019\/revisions\/9050"}],"up":[{"embeddable":true,"href":"https:\/\/egerhaziimre.hu\/index.php\/wp-json\/wp\/v2\/pages\/31"}],"wp:attachment":[{"href":"https:\/\/egerhaziimre.hu\/index.php\/wp-json\/wp\/v2\/media?parent=1019"}],"wp:term":[{"taxonomy":"category","embeddable":true,"href":"https:\/\/egerhaziimre.hu\/index.php\/wp-json\/wp\/v2\/categories?post=1019"},{"taxonomy":"post_tag","embeddable":true,"href":"https:\/\/egerhaziimre.hu\/index.php\/wp-json\/wp\/v2\/tags?post=1019"}],"curies":[{"name":"wp","href":"https:\/\/api.w.org\/{rel}","templated":true}]}}