{"id":10211,"date":"2014-05-09T15:47:00","date_gmt":"2014-05-09T13:47:00","guid":{"rendered":"https:\/\/egerhaziimre.hu\/?page_id=10211"},"modified":"2020-09-30T15:50:27","modified_gmt":"2020-09-30T13:50:27","slug":"nagy-eg-kiallitas-2014","status":"publish","type":"page","link":"https:\/\/egerhaziimre.hu\/index.php\/nagy-eg-kiallitas-2014\/","title":{"rendered":"&#8230;NAGY \u00c9G! \u2013 ki\u00e1ll\u00edt\u00e1s"},"content":{"rendered":"<div class=\"wpb-content-wrapper\">[vc_row el_class=&#8221;margin_bottom_0 padding_bottom_0&#8243;][vc_column][vc_column_text]<strong>Id\u0151pont:<\/strong> 2014. m\u00e1jus 9, P\u00e9ntek &#8211; 2014. j\u00fanius 14, Szombat<br \/>\n<strong>Helysz\u00edn:<\/strong> K\u00f6lcsey K\u00f6zpont, B\u00e9nyi \u00c1rp\u00e1d terem<\/p>\n<h6>&#8230;NAGY \u00c9G! \u2013 Debrecen az alf\u00f6ldi fest\u00e9szet vonz\u00e1s\u00e1ban<\/h6>\n<p>B\u00edr\u00f3 Lajos haszn\u00e1lta gyakran a \u201ekicsi f\u00f6ld \u2013 nagy \u00e9g\u201d kifejez\u00e9st az alf\u00f6ldire jellemz\u0151 \u201et\u00e9teles\u201d fest\u00e9szeti alap\u00e1ll\u00e1s magyar\u00e1zatak\u00e9nt. A kicsi-nagy, s\u00f6t\u00e9t-vil\u00e1gos, hideg-meleg azok az alapvet\u0151 ellent\u00e9tp\u00e1rok, amelyek a l\u00e1tv\u00e1nyb\u00f3l kiindul\u00f3, l\u00e9nyegl\u00e1t\u00e1sra t\u00f6rekv\u0151 k\u00e9p\u00e9p\u00edt\u00e9s alapjait adj\u00e1k.<\/p>\n<p>B\u00c9NYI \u00c1rp\u00e1d \/ B\u00cdR\u00d3 Lajos \/ CS. UHRIN Tibor \/ \u00c9GERH\u00c1ZI Imre \/ F\u00c9LEGYH\u00c1ZI L\u00e1szl\u00f3 \/ HOLL\u00d3 L\u00e1szl\u00f3 \/ KAPCSA J\u00e1nos \/ K\u00c1RP\u00c1TI Guszt\u00e1v \/ MADAR\u00c1SZ Gyula \/ MAGHY Zolt\u00e1n \/ M\u00d3R\u00c9 Mih\u00e1ly \/ TAR Zolt\u00e1n \/ TOPOR Andr\u00e1s \/ TOROK S\u00e1ndor<\/p>\n<p>Megtekinthet\u0151 2014. m\u00e1jus 10. \u2013 j\u00fanius 14. k\u00f6z\u00f6tt, h\u00e9tf\u0151 kiv\u00e9tel\u00e9vel naponta 10-t\u0151l 19 \u00f3r\u00e1ig.<br \/>\nA K\u00f6lcsey K\u00f6zpont t\u00e1rlata a helyi alkot\u00f3k lez\u00e1rult \u00e9letm\u0171veib\u0151l v\u00e1logatott m\u0171vek felmutat\u00e1s\u00e1val csatlakozik a ki\u00e1ll\u00edt\u00e1shoz.<br \/>\nAz \u00e9v egyik f\u0151 kultur\u00e1lis esem\u00e9nyek\u00e9nt a MODEM \u201eAlf\u00f6ld \u2013 Nem puszt\u00e1n t\u00e1j\u201d c\u00edmmel nagyszab\u00e1s\u00fa ki\u00e1ll\u00edt\u00e1sban mutatja be az alf\u00f6ld fest\u00e9szet\u00e9t, m\u00e1sok mellett Munk\u00e1csy, Medny\u00e1nszky, Csontv\u00e1ry, Tornyai, Koszta m\u0171veit.[\/vc_column_text][vc_single_image image=&#8221;10212&#8243; img_size=&#8221;large&#8221; alignment=&#8221;center&#8221; style=&#8221;xtd-shadow&#8211;normal-light&#8221; onclick=&#8221;link_image&#8221;][\/vc_column][\/vc_row]\n<\/div>","protected":false},"excerpt":{"rendered":"<p>Debrecen az alf\u00f6ldi fest\u00e9szet vonz\u00e1s\u00e1ban<br \/>\nB\u00edr\u00f3 Lajos haszn\u00e1lta gyakran a \u201ekicsi f\u00f6ld \u2013 nagy \u00e9g\u201d kifejez\u00e9st az alf\u00f6ldire jellemz\u0151 \u201et\u00e9teles\u201d fest\u00e9szeti alap\u00e1ll\u00e1s magyar\u00e1zatak\u00e9nt. A kicsi-nagy, s\u00f6t\u00e9t-vil\u00e1gos, hideg-meleg azok az alapvet\u0151 ellent\u00e9tp\u00e1rok, amelyek a l\u00e1tv\u00e1nyb\u00f3l kiindul\u00f3, l\u00e9nyegl\u00e1t\u00e1sra t\u00f6rekv\u0151 k\u00e9p\u00e9p\u00edt\u00e9s alapjait adj\u00e1k.<\/p>\n","protected":false},"author":4,"featured_media":10212,"parent":0,"menu_order":0,"comment_status":"closed","ping_status":"closed","template":"","meta":{"footnotes":""},"categories":[13],"tags":[206],"class_list":["post-10211","page","type-page","status-publish","has-post-thumbnail","hentry","category-hirek","tag-206"],"yoast_head":"<!-- This site is optimized with the Yoast SEO plugin v27.3 - https:\/\/yoast.com\/product\/yoast-seo-wordpress\/ -->\n<title>...NAGY \u00c9G! \u2013 ki\u00e1ll\u00edt\u00e1s - \u00c9gerh\u00e1zi Imre<\/title>\n<meta name=\"robots\" content=\"index, follow, max-snippet:-1, max-image-preview:large, max-video-preview:-1\" \/>\n<link rel=\"canonical\" href=\"https:\/\/egerhaziimre.hu\/index.php\/nagy-eg-kiallitas-2014\/?lang=en\" \/>\n<meta property=\"og:locale\" content=\"hu_HU\" \/>\n<meta property=\"og:type\" content=\"article\" \/>\n<meta property=\"og:title\" content=\"...NAGY \u00c9G! \u2013 ki\u00e1ll\u00edt\u00e1s - \u00c9gerh\u00e1zi Imre\" \/>\n<meta property=\"og:description\" content=\"[:hu]Debrecen az alf\u00f6ldi fest\u00e9szet vonz\u00e1s\u00e1ban B\u00edr\u00f3 Lajos haszn\u00e1lta gyakran a \u201ekicsi f\u00f6ld \u2013 nagy \u00e9g\u201d kifejez\u00e9st az alf\u00f6ldire jellemz\u0151 \u201et\u00e9teles\u201d fest\u00e9szeti alap\u00e1ll\u00e1s magyar\u00e1zatak\u00e9nt. A kicsi-nagy, s\u00f6t\u00e9t-vil\u00e1gos, hideg-meleg azok az alapvet\u0151 ellent\u00e9tp\u00e1rok, amelyek a l\u00e1tv\u00e1nyb\u00f3l kiindul\u00f3, l\u00e9nyegl\u00e1t\u00e1sra t\u00f6rekv\u0151 k\u00e9p\u00e9p\u00edt\u00e9s alapjait adj\u00e1k.[:en]Debrecen in resonance of painting art in the Hungarian Great Plain Lajos B\u00edr\u00f3 often used the term \u201csmall land - big sky\u201d as an explanation of the \u201citemized\u201d basic position of painting characteristic of the Great Plain. Small-large, dark-light, cold-warm are the basic pairs of contrasts that provide the basis for visual-based image-building.[:]\" \/>\n<meta property=\"og:url\" content=\"https:\/\/egerhaziimre.hu\/index.php\/nagy-eg-kiallitas-2014\/?lang=en\" \/>\n<meta property=\"og:site_name\" content=\"\u00c9gerh\u00e1zi Imre\" \/>\n<meta property=\"article:modified_time\" content=\"2020-09-30T13:50:27+00:00\" \/>\n<meta property=\"og:image\" content=\"https:\/\/egerhaziimre.hu\/wp-content\/uploads\/2020\/09\/hirek_nagyeg_meghivo_20140509.jpg\" \/>\n\t<meta property=\"og:image:width\" content=\"675\" \/>\n\t<meta property=\"og:image:height\" content=\"643\" \/>\n\t<meta property=\"og:image:type\" content=\"image\/jpeg\" \/>\n<meta name=\"twitter:card\" content=\"summary_large_image\" \/>\n<meta name=\"twitter:label1\" content=\"Becs\u00fclt olvas\u00e1si id\u0151\" \/>\n\t<meta name=\"twitter:data1\" content=\"2 perc\" \/>\n<script type=\"application\/ld+json\" class=\"yoast-schema-graph\">{\"@context\":\"https:\\\/\\\/schema.org\",\"@graph\":[{\"@type\":\"WebPage\",\"@id\":\"https:\\\/\\\/egerhaziimre.hu\\\/index.php\\\/nagy-eg-kiallitas-2014\\\/?lang=en\",\"url\":\"https:\\\/\\\/egerhaziimre.hu\\\/index.php\\\/nagy-eg-kiallitas-2014\\\/?lang=en\",\"name\":\"...NAGY \u00c9G! \u2013 ki\u00e1ll\u00edt\u00e1s - \u00c9gerh\u00e1zi Imre\",\"isPartOf\":{\"@id\":\"https:\\\/\\\/egerhaziimre.hu\\\/#website\"},\"primaryImageOfPage\":{\"@id\":\"https:\\\/\\\/egerhaziimre.hu\\\/index.php\\\/nagy-eg-kiallitas-2014\\\/?lang=en#primaryimage\"},\"image\":{\"@id\":\"https:\\\/\\\/egerhaziimre.hu\\\/index.php\\\/nagy-eg-kiallitas-2014\\\/?lang=en#primaryimage\"},\"thumbnailUrl\":\"https:\\\/\\\/egerhaziimre.hu\\\/wp-content\\\/uploads\\\/2020\\\/09\\\/hirek_nagyeg_meghivo_20140509.jpg\",\"datePublished\":\"2014-05-09T13:47:00+00:00\",\"dateModified\":\"2020-09-30T13:50:27+00:00\",\"breadcrumb\":{\"@id\":\"https:\\\/\\\/egerhaziimre.hu\\\/index.php\\\/nagy-eg-kiallitas-2014\\\/?lang=en#breadcrumb\"},\"inLanguage\":\"hu\",\"potentialAction\":[{\"@type\":\"ReadAction\",\"target\":[\"https:\\\/\\\/egerhaziimre.hu\\\/index.php\\\/nagy-eg-kiallitas-2014\\\/?lang=en\"]}]},{\"@type\":\"ImageObject\",\"inLanguage\":\"hu\",\"@id\":\"https:\\\/\\\/egerhaziimre.hu\\\/index.php\\\/nagy-eg-kiallitas-2014\\\/?lang=en#primaryimage\",\"url\":\"https:\\\/\\\/egerhaziimre.hu\\\/wp-content\\\/uploads\\\/2020\\\/09\\\/hirek_nagyeg_meghivo_20140509.jpg\",\"contentUrl\":\"https:\\\/\\\/egerhaziimre.hu\\\/wp-content\\\/uploads\\\/2020\\\/09\\\/hirek_nagyeg_meghivo_20140509.jpg\",\"width\":675,\"height\":643},{\"@type\":\"BreadcrumbList\",\"@id\":\"https:\\\/\\\/egerhaziimre.hu\\\/index.php\\\/nagy-eg-kiallitas-2014\\\/?lang=en#breadcrumb\",\"itemListElement\":[{\"@type\":\"ListItem\",\"position\":1,\"name\":\"Home\",\"item\":\"https:\\\/\\\/egerhaziimre.hu\\\/\"},{\"@type\":\"ListItem\",\"position\":2,\"name\":\"\u2026GREAT SKY! \u2013 Exhibition\"}]},{\"@type\":\"WebSite\",\"@id\":\"https:\\\/\\\/egerhaziimre.hu\\\/#website\",\"url\":\"https:\\\/\\\/egerhaziimre.hu\\\/\",\"name\":\"\u00c9gerh\u00e1zi Imre\",\"description\":\"\",\"potentialAction\":[{\"@type\":\"SearchAction\",\"target\":{\"@type\":\"EntryPoint\",\"urlTemplate\":\"https:\\\/\\\/egerhaziimre.hu\\\/?s={search_term_string}\"},\"query-input\":{\"@type\":\"PropertyValueSpecification\",\"valueRequired\":true,\"valueName\":\"search_term_string\"}}],\"inLanguage\":\"hu\"}]}<\/script>\n<!-- \/ Yoast SEO plugin. -->","yoast_head_json":{"title":"...NAGY \u00c9G! \u2013 ki\u00e1ll\u00edt\u00e1s - \u00c9gerh\u00e1zi Imre","robots":{"index":"index","follow":"follow","max-snippet":"max-snippet:-1","max-image-preview":"max-image-preview:large","max-video-preview":"max-video-preview:-1"},"canonical":"https:\/\/egerhaziimre.hu\/index.php\/nagy-eg-kiallitas-2014\/?lang=en","og_locale":"hu_HU","og_type":"article","og_title":"...NAGY \u00c9G! \u2013 ki\u00e1ll\u00edt\u00e1s - \u00c9gerh\u00e1zi Imre","og_description":"[:hu]Debrecen az alf\u00f6ldi fest\u00e9szet vonz\u00e1s\u00e1ban B\u00edr\u00f3 Lajos haszn\u00e1lta gyakran a \u201ekicsi f\u00f6ld \u2013 nagy \u00e9g\u201d kifejez\u00e9st az alf\u00f6ldire jellemz\u0151 \u201et\u00e9teles\u201d fest\u00e9szeti alap\u00e1ll\u00e1s magyar\u00e1zatak\u00e9nt. A kicsi-nagy, s\u00f6t\u00e9t-vil\u00e1gos, hideg-meleg azok az alapvet\u0151 ellent\u00e9tp\u00e1rok, amelyek a l\u00e1tv\u00e1nyb\u00f3l kiindul\u00f3, l\u00e9nyegl\u00e1t\u00e1sra t\u00f6rekv\u0151 k\u00e9p\u00e9p\u00edt\u00e9s alapjait adj\u00e1k.[:en]Debrecen in resonance of painting art in the Hungarian Great Plain Lajos B\u00edr\u00f3 often used the term \u201csmall land - big sky\u201d as an explanation of the \u201citemized\u201d basic position of painting characteristic of the Great Plain. Small-large, dark-light, cold-warm are the basic pairs of contrasts that provide the basis for visual-based image-building.[:]","og_url":"https:\/\/egerhaziimre.hu\/index.php\/nagy-eg-kiallitas-2014\/?lang=en","og_site_name":"\u00c9gerh\u00e1zi Imre","article_modified_time":"2020-09-30T13:50:27+00:00","og_image":[{"width":675,"height":643,"url":"https:\/\/egerhaziimre.hu\/wp-content\/uploads\/2020\/09\/hirek_nagyeg_meghivo_20140509.jpg","type":"image\/jpeg"}],"twitter_card":"summary_large_image","twitter_misc":{"Becs\u00fclt olvas\u00e1si id\u0151":"2 perc"},"schema":{"@context":"https:\/\/schema.org","@graph":[{"@type":"WebPage","@id":"https:\/\/egerhaziimre.hu\/index.php\/nagy-eg-kiallitas-2014\/?lang=en","url":"https:\/\/egerhaziimre.hu\/index.php\/nagy-eg-kiallitas-2014\/?lang=en","name":"...NAGY \u00c9G! \u2013 ki\u00e1ll\u00edt\u00e1s - \u00c9gerh\u00e1zi Imre","isPartOf":{"@id":"https:\/\/egerhaziimre.hu\/#website"},"primaryImageOfPage":{"@id":"https:\/\/egerhaziimre.hu\/index.php\/nagy-eg-kiallitas-2014\/?lang=en#primaryimage"},"image":{"@id":"https:\/\/egerhaziimre.hu\/index.php\/nagy-eg-kiallitas-2014\/?lang=en#primaryimage"},"thumbnailUrl":"https:\/\/egerhaziimre.hu\/wp-content\/uploads\/2020\/09\/hirek_nagyeg_meghivo_20140509.jpg","datePublished":"2014-05-09T13:47:00+00:00","dateModified":"2020-09-30T13:50:27+00:00","breadcrumb":{"@id":"https:\/\/egerhaziimre.hu\/index.php\/nagy-eg-kiallitas-2014\/?lang=en#breadcrumb"},"inLanguage":"hu","potentialAction":[{"@type":"ReadAction","target":["https:\/\/egerhaziimre.hu\/index.php\/nagy-eg-kiallitas-2014\/?lang=en"]}]},{"@type":"ImageObject","inLanguage":"hu","@id":"https:\/\/egerhaziimre.hu\/index.php\/nagy-eg-kiallitas-2014\/?lang=en#primaryimage","url":"https:\/\/egerhaziimre.hu\/wp-content\/uploads\/2020\/09\/hirek_nagyeg_meghivo_20140509.jpg","contentUrl":"https:\/\/egerhaziimre.hu\/wp-content\/uploads\/2020\/09\/hirek_nagyeg_meghivo_20140509.jpg","width":675,"height":643},{"@type":"BreadcrumbList","@id":"https:\/\/egerhaziimre.hu\/index.php\/nagy-eg-kiallitas-2014\/?lang=en#breadcrumb","itemListElement":[{"@type":"ListItem","position":1,"name":"Home","item":"https:\/\/egerhaziimre.hu\/"},{"@type":"ListItem","position":2,"name":"\u2026GREAT SKY! \u2013 Exhibition"}]},{"@type":"WebSite","@id":"https:\/\/egerhaziimre.hu\/#website","url":"https:\/\/egerhaziimre.hu\/","name":"\u00c9gerh\u00e1zi Imre","description":"","potentialAction":[{"@type":"SearchAction","target":{"@type":"EntryPoint","urlTemplate":"https:\/\/egerhaziimre.hu\/?s={search_term_string}"},"query-input":{"@type":"PropertyValueSpecification","valueRequired":true,"valueName":"search_term_string"}}],"inLanguage":"hu"}]}},"jetpack_sharing_enabled":true,"_links":{"self":[{"href":"https:\/\/egerhaziimre.hu\/index.php\/wp-json\/wp\/v2\/pages\/10211","targetHints":{"allow":["GET"]}}],"collection":[{"href":"https:\/\/egerhaziimre.hu\/index.php\/wp-json\/wp\/v2\/pages"}],"about":[{"href":"https:\/\/egerhaziimre.hu\/index.php\/wp-json\/wp\/v2\/types\/page"}],"author":[{"embeddable":true,"href":"https:\/\/egerhaziimre.hu\/index.php\/wp-json\/wp\/v2\/users\/4"}],"replies":[{"embeddable":true,"href":"https:\/\/egerhaziimre.hu\/index.php\/wp-json\/wp\/v2\/comments?post=10211"}],"version-history":[{"count":2,"href":"https:\/\/egerhaziimre.hu\/index.php\/wp-json\/wp\/v2\/pages\/10211\/revisions"}],"predecessor-version":[{"id":10214,"href":"https:\/\/egerhaziimre.hu\/index.php\/wp-json\/wp\/v2\/pages\/10211\/revisions\/10214"}],"wp:featuredmedia":[{"embeddable":true,"href":"https:\/\/egerhaziimre.hu\/index.php\/wp-json\/wp\/v2\/media\/10212"}],"wp:attachment":[{"href":"https:\/\/egerhaziimre.hu\/index.php\/wp-json\/wp\/v2\/media?parent=10211"}],"wp:term":[{"taxonomy":"category","embeddable":true,"href":"https:\/\/egerhaziimre.hu\/index.php\/wp-json\/wp\/v2\/categories?post=10211"},{"taxonomy":"post_tag","embeddable":true,"href":"https:\/\/egerhaziimre.hu\/index.php\/wp-json\/wp\/v2\/tags?post=10211"}],"curies":[{"name":"wp","href":"https:\/\/api.w.org\/{rel}","templated":true}]}}