{"id":10269,"date":"2012-11-28T10:19:03","date_gmt":"2012-11-28T09:19:03","guid":{"rendered":"https:\/\/egerhaziimre.hu\/?page_id=10269"},"modified":"2020-10-01T10:32:31","modified_gmt":"2020-10-01T08:32:31","slug":"kiallitassal-emlekeztek-a-varos-diszpolgarara-2012","status":"publish","type":"page","link":"https:\/\/egerhaziimre.hu\/index.php\/kiallitassal-emlekeztek-a-varos-diszpolgarara-2012\/","title":{"rendered":"Ki\u00e1ll\u00edt\u00e1ssal eml\u00e9keztek a v\u00e1ros d\u00edszpolg\u00e1r\u00e1ra"},"content":{"rendered":"<div class=\"wpb-content-wrapper\">[vc_row el_class=&#8221;margin_bottom_0 padding_bottom_0&#8243;][vc_column][vc_column_text]Hajd\u00fahadh\u00e1z. A k\u00e9t \u00e9vvel ezel\u0151tti j\u00faniusi viharban \u00e9letvesz\u00e9lyess\u00e9 v\u00e1lt a v\u00e1ros sz\u00fcl\u00f6tt\u00e9nek, k\u00e9s\u0151bb d\u00edszpolg\u00e1r\u00e1nak, \u00c9gerh\u00e1zi Imre fest\u0151m\u0171v\u00e9sznek az eml\u00e9kh\u00e1za. Emiatt ki kellett k\u00f6lt\u00f6ztetni az \u00e1ltala a v\u00e1rosnak kor\u00e1bban odaadom\u00e1nyozott k\u00e9peit \u00e9s szem\u00e9lyes t\u00e1rgyait, melyekb\u0151l november 23-\u00e1n a F\u00f6ldi J\u00e1nos \u00c1ltal\u00e1nos Iskol\u00e1ban ny\u00edlt eml\u00e9kki\u00e1ll\u00edt\u00e1s.<\/p>\n<p>K\u00f6sz\u00f6nt\u0151j\u00e9ben Cs\u00e1fordi D\u00e9nes polg\u00e1rmester arra a p\u00e9ldamutat\u00e1sra h\u00edvta fel a figyelmet, amit \u00c9gerh\u00e1zi Imre munk\u00e1ss\u00e1g\u00e1val az ut\u00f3korra hagyott. A p\u00e1lyat\u00e1rs, Szil\u00e1gyi Elek fest\u0151m\u0171v\u00e9sz rendhagy\u00f3 megnyit\u00f3j\u00e1ban ink\u00e1bb szem\u00e9lyes \u00e9lm\u00e9nyeit osztotta meg a hallgat\u00f3s\u00e1ggal, eml\u00e9keztetve arra \u0151ket, hogy a hagyat\u00e9k m\u00e1r most is nagy \u00e9rt\u00e9ket k\u00e9pvisel \u00e9s id\u0151vel m\u00e9g t\u00f6bbet fog \u00e9rni.[\/vc_column_text][vc_separator][vc_column_text]\n<h6>Megh\u00edv\u00f3<\/h6>\n[\/vc_column_text][vc_row_inner][vc_column_inner width=&#8221;1\/2&#8243;][vc_single_image image=&#8221;10278&#8243; img_size=&#8221;large&#8221; alignment=&#8221;center&#8221; style=&#8221;xtd-shadow&#8211;normal-light&#8221; onclick=&#8221;link_image&#8221;][\/vc_column_inner][vc_column_inner width=&#8221;1\/2&#8243;][vc_single_image image=&#8221;10279&#8243; img_size=&#8221;large&#8221; alignment=&#8221;center&#8221; style=&#8221;xtd-shadow&#8211;normal-light&#8221; onclick=&#8221;link_image&#8221;][\/vc_column_inner][\/vc_row_inner][vc_empty_space][vc_separator][vc_column_text]\n<h6>Fot\u00f3gal\u00e9ria<\/h6>\n[\/vc_column_text][vc_media_grid style=&#8221;pagination&#8221; items_per_page=&#8221;8&#8243; element_width=&#8221;3&#8243; gap=&#8221;30&#8243; arrows_design=&#8221;vc_arrow-icon-arrow_01_left&#8221; arrows_color=&#8221;black&#8221; paging_design=&#8221;pagination_square&#8221; paging_color=&#8221;black&#8221; loop=&#8221;yes&#8221; grid_id=&#8221;vc_gid:1601540347867-a2c9203d-de27-0&#8243; include=&#8221;10277,10276,10275,10274,10273,10272,10271,10270&#8243;][\/vc_column][\/vc_row]\n<\/div>","protected":false},"excerpt":{"rendered":"<p>[vc_row el_class=&#8221;margin_bottom_0 padding_bottom_0&#8243;][vc_column][vc_column_text]Hajd\u00fahadh\u00e1z. A k\u00e9t \u00e9vvel ezel\u0151tti j\u00faniusi viharban \u00e9letvesz\u00e9lyess\u00e9 v\u00e1lt a v\u00e1ros sz\u00fcl\u00f6tt\u00e9nek, k\u00e9s\u0151bb d\u00edszpolg\u00e1r\u00e1nak, \u00c9gerh\u00e1zi Imre fest\u0151m\u0171v\u00e9sznek az eml\u00e9kh\u00e1za. Emiatt ki kellett k\u00f6lt\u00f6ztetni az \u00e1ltala a v\u00e1rosnak kor\u00e1bban odaadom\u00e1nyozott k\u00e9peit \u00e9s szem\u00e9lyes t\u00e1rgyait, melyekb\u0151l november 23-\u00e1n a F\u00f6ldi J\u00e1nos \u00c1ltal\u00e1nos Iskol\u00e1ban ny\u00edlt eml\u00e9kki\u00e1ll\u00edt\u00e1s. K\u00f6sz\u00f6nt\u0151j\u00e9ben Cs\u00e1fordi D\u00e9nes polg\u00e1rmester arra a p\u00e9ldamutat\u00e1sra h\u00edvta fel a figyelmet, amit \u00c9gerh\u00e1zi Imre munk\u00e1ss\u00e1g\u00e1val [&hellip;]<\/p>\n","protected":false},"author":4,"featured_media":10270,"parent":0,"menu_order":0,"comment_status":"closed","ping_status":"closed","template":"","meta":{"footnotes":""},"categories":[13],"tags":[216],"class_list":["post-10269","page","type-page","status-publish","has-post-thumbnail","hentry","category-hirek","tag-216"],"yoast_head":"<!-- This site is optimized with the Yoast SEO plugin v27.3 - https:\/\/yoast.com\/product\/yoast-seo-wordpress\/ -->\n<title>Ki\u00e1ll\u00edt\u00e1ssal eml\u00e9keztek a v\u00e1ros d\u00edszpolg\u00e1r\u00e1ra - \u00c9gerh\u00e1zi Imre<\/title>\n<meta name=\"robots\" content=\"index, follow, max-snippet:-1, max-image-preview:large, max-video-preview:-1\" \/>\n<link rel=\"canonical\" href=\"https:\/\/egerhaziimre.hu\/index.php\/kiallitassal-emlekeztek-a-varos-diszpolgarara-2012\/?lang=en\" \/>\n<meta property=\"og:locale\" content=\"hu_HU\" \/>\n<meta property=\"og:type\" content=\"article\" \/>\n<meta property=\"og:title\" content=\"Ki\u00e1ll\u00edt\u00e1ssal eml\u00e9keztek a v\u00e1ros d\u00edszpolg\u00e1r\u00e1ra - \u00c9gerh\u00e1zi Imre\" \/>\n<meta property=\"og:description\" content=\"[vc_row el_class=&#8221;margin_bottom_0 padding_bottom_0&#8243;][vc_column][vc_column_text]Hajd\u00fahadh\u00e1z. A k\u00e9t \u00e9vvel ezel\u0151tti j\u00faniusi viharban \u00e9letvesz\u00e9lyess\u00e9 v\u00e1lt a v\u00e1ros sz\u00fcl\u00f6tt\u00e9nek, k\u00e9s\u0151bb d\u00edszpolg\u00e1r\u00e1nak, \u00c9gerh\u00e1zi Imre fest\u0151m\u0171v\u00e9sznek az eml\u00e9kh\u00e1za. Emiatt ki kellett k\u00f6lt\u00f6ztetni az \u00e1ltala a v\u00e1rosnak kor\u00e1bban odaadom\u00e1nyozott k\u00e9peit \u00e9s szem\u00e9lyes t\u00e1rgyait, melyekb\u0151l november 23-\u00e1n a F\u00f6ldi J\u00e1nos \u00c1ltal\u00e1nos Iskol\u00e1ban ny\u00edlt eml\u00e9kki\u00e1ll\u00edt\u00e1s. K\u00f6sz\u00f6nt\u0151j\u00e9ben Cs\u00e1fordi D\u00e9nes polg\u00e1rmester arra a p\u00e9ldamutat\u00e1sra h\u00edvta fel a figyelmet, amit \u00c9gerh\u00e1zi Imre munk\u00e1ss\u00e1g\u00e1val [&hellip;]\" \/>\n<meta property=\"og:url\" content=\"https:\/\/egerhaziimre.hu\/index.php\/kiallitassal-emlekeztek-a-varos-diszpolgarara-2012\/?lang=en\" \/>\n<meta property=\"og:site_name\" content=\"\u00c9gerh\u00e1zi Imre\" \/>\n<meta property=\"article:modified_time\" content=\"2020-10-01T08:32:31+00:00\" \/>\n<meta property=\"og:image\" content=\"https:\/\/egerhaziimre.hu\/wp-content\/uploads\/2020\/10\/kiallitas_hadhaz_2012_01.jpg\" \/>\n\t<meta property=\"og:image:width\" content=\"800\" \/>\n\t<meta property=\"og:image:height\" content=\"533\" \/>\n\t<meta property=\"og:image:type\" content=\"image\/jpeg\" \/>\n<meta name=\"twitter:card\" content=\"summary_large_image\" \/>\n<meta name=\"twitter:label1\" content=\"Becs\u00fclt olvas\u00e1si id\u0151\" \/>\n\t<meta name=\"twitter:data1\" content=\"3 perc\" \/>\n<script type=\"application\/ld+json\" class=\"yoast-schema-graph\">{\"@context\":\"https:\\\/\\\/schema.org\",\"@graph\":[{\"@type\":\"WebPage\",\"@id\":\"https:\\\/\\\/egerhaziimre.hu\\\/index.php\\\/kiallitassal-emlekeztek-a-varos-diszpolgarara-2012\\\/?lang=en\",\"url\":\"https:\\\/\\\/egerhaziimre.hu\\\/index.php\\\/kiallitassal-emlekeztek-a-varos-diszpolgarara-2012\\\/?lang=en\",\"name\":\"Ki\u00e1ll\u00edt\u00e1ssal eml\u00e9keztek a v\u00e1ros d\u00edszpolg\u00e1r\u00e1ra - \u00c9gerh\u00e1zi Imre\",\"isPartOf\":{\"@id\":\"https:\\\/\\\/egerhaziimre.hu\\\/#website\"},\"primaryImageOfPage\":{\"@id\":\"https:\\\/\\\/egerhaziimre.hu\\\/index.php\\\/kiallitassal-emlekeztek-a-varos-diszpolgarara-2012\\\/?lang=en#primaryimage\"},\"image\":{\"@id\":\"https:\\\/\\\/egerhaziimre.hu\\\/index.php\\\/kiallitassal-emlekeztek-a-varos-diszpolgarara-2012\\\/?lang=en#primaryimage\"},\"thumbnailUrl\":\"https:\\\/\\\/egerhaziimre.hu\\\/wp-content\\\/uploads\\\/2020\\\/10\\\/kiallitas_hadhaz_2012_01.jpg\",\"datePublished\":\"2012-11-28T09:19:03+00:00\",\"dateModified\":\"2020-10-01T08:32:31+00:00\",\"breadcrumb\":{\"@id\":\"https:\\\/\\\/egerhaziimre.hu\\\/index.php\\\/kiallitassal-emlekeztek-a-varos-diszpolgarara-2012\\\/?lang=en#breadcrumb\"},\"inLanguage\":\"hu\",\"potentialAction\":[{\"@type\":\"ReadAction\",\"target\":[\"https:\\\/\\\/egerhaziimre.hu\\\/index.php\\\/kiallitassal-emlekeztek-a-varos-diszpolgarara-2012\\\/?lang=en\"]}]},{\"@type\":\"ImageObject\",\"inLanguage\":\"hu\",\"@id\":\"https:\\\/\\\/egerhaziimre.hu\\\/index.php\\\/kiallitassal-emlekeztek-a-varos-diszpolgarara-2012\\\/?lang=en#primaryimage\",\"url\":\"https:\\\/\\\/egerhaziimre.hu\\\/wp-content\\\/uploads\\\/2020\\\/10\\\/kiallitas_hadhaz_2012_01.jpg\",\"contentUrl\":\"https:\\\/\\\/egerhaziimre.hu\\\/wp-content\\\/uploads\\\/2020\\\/10\\\/kiallitas_hadhaz_2012_01.jpg\",\"width\":800,\"height\":533,\"caption\":\"SONY DSC\"},{\"@type\":\"BreadcrumbList\",\"@id\":\"https:\\\/\\\/egerhaziimre.hu\\\/index.php\\\/kiallitassal-emlekeztek-a-varos-diszpolgarara-2012\\\/?lang=en#breadcrumb\",\"itemListElement\":[{\"@type\":\"ListItem\",\"position\":1,\"name\":\"Home\",\"item\":\"https:\\\/\\\/egerhaziimre.hu\\\/\"},{\"@type\":\"ListItem\",\"position\":2,\"name\":\"Exhibition commemorated the honorary citizen of the city\"}]},{\"@type\":\"WebSite\",\"@id\":\"https:\\\/\\\/egerhaziimre.hu\\\/#website\",\"url\":\"https:\\\/\\\/egerhaziimre.hu\\\/\",\"name\":\"\u00c9gerh\u00e1zi Imre\",\"description\":\"\",\"potentialAction\":[{\"@type\":\"SearchAction\",\"target\":{\"@type\":\"EntryPoint\",\"urlTemplate\":\"https:\\\/\\\/egerhaziimre.hu\\\/?s={search_term_string}\"},\"query-input\":{\"@type\":\"PropertyValueSpecification\",\"valueRequired\":true,\"valueName\":\"search_term_string\"}}],\"inLanguage\":\"hu\"}]}<\/script>\n<!-- \/ Yoast SEO plugin. -->","yoast_head_json":{"title":"Ki\u00e1ll\u00edt\u00e1ssal eml\u00e9keztek a v\u00e1ros d\u00edszpolg\u00e1r\u00e1ra - \u00c9gerh\u00e1zi Imre","robots":{"index":"index","follow":"follow","max-snippet":"max-snippet:-1","max-image-preview":"max-image-preview:large","max-video-preview":"max-video-preview:-1"},"canonical":"https:\/\/egerhaziimre.hu\/index.php\/kiallitassal-emlekeztek-a-varos-diszpolgarara-2012\/?lang=en","og_locale":"hu_HU","og_type":"article","og_title":"Ki\u00e1ll\u00edt\u00e1ssal eml\u00e9keztek a v\u00e1ros d\u00edszpolg\u00e1r\u00e1ra - \u00c9gerh\u00e1zi Imre","og_description":"[vc_row el_class=&#8221;margin_bottom_0 padding_bottom_0&#8243;][vc_column][vc_column_text]Hajd\u00fahadh\u00e1z. A k\u00e9t \u00e9vvel ezel\u0151tti j\u00faniusi viharban \u00e9letvesz\u00e9lyess\u00e9 v\u00e1lt a v\u00e1ros sz\u00fcl\u00f6tt\u00e9nek, k\u00e9s\u0151bb d\u00edszpolg\u00e1r\u00e1nak, \u00c9gerh\u00e1zi Imre fest\u0151m\u0171v\u00e9sznek az eml\u00e9kh\u00e1za. Emiatt ki kellett k\u00f6lt\u00f6ztetni az \u00e1ltala a v\u00e1rosnak kor\u00e1bban odaadom\u00e1nyozott k\u00e9peit \u00e9s szem\u00e9lyes t\u00e1rgyait, melyekb\u0151l november 23-\u00e1n a F\u00f6ldi J\u00e1nos \u00c1ltal\u00e1nos Iskol\u00e1ban ny\u00edlt eml\u00e9kki\u00e1ll\u00edt\u00e1s. K\u00f6sz\u00f6nt\u0151j\u00e9ben Cs\u00e1fordi D\u00e9nes polg\u00e1rmester arra a p\u00e9ldamutat\u00e1sra h\u00edvta fel a figyelmet, amit \u00c9gerh\u00e1zi Imre munk\u00e1ss\u00e1g\u00e1val [&hellip;]","og_url":"https:\/\/egerhaziimre.hu\/index.php\/kiallitassal-emlekeztek-a-varos-diszpolgarara-2012\/?lang=en","og_site_name":"\u00c9gerh\u00e1zi Imre","article_modified_time":"2020-10-01T08:32:31+00:00","og_image":[{"width":800,"height":533,"url":"https:\/\/egerhaziimre.hu\/wp-content\/uploads\/2020\/10\/kiallitas_hadhaz_2012_01.jpg","type":"image\/jpeg"}],"twitter_card":"summary_large_image","twitter_misc":{"Becs\u00fclt olvas\u00e1si id\u0151":"3 perc"},"schema":{"@context":"https:\/\/schema.org","@graph":[{"@type":"WebPage","@id":"https:\/\/egerhaziimre.hu\/index.php\/kiallitassal-emlekeztek-a-varos-diszpolgarara-2012\/?lang=en","url":"https:\/\/egerhaziimre.hu\/index.php\/kiallitassal-emlekeztek-a-varos-diszpolgarara-2012\/?lang=en","name":"Ki\u00e1ll\u00edt\u00e1ssal eml\u00e9keztek a v\u00e1ros d\u00edszpolg\u00e1r\u00e1ra - \u00c9gerh\u00e1zi Imre","isPartOf":{"@id":"https:\/\/egerhaziimre.hu\/#website"},"primaryImageOfPage":{"@id":"https:\/\/egerhaziimre.hu\/index.php\/kiallitassal-emlekeztek-a-varos-diszpolgarara-2012\/?lang=en#primaryimage"},"image":{"@id":"https:\/\/egerhaziimre.hu\/index.php\/kiallitassal-emlekeztek-a-varos-diszpolgarara-2012\/?lang=en#primaryimage"},"thumbnailUrl":"https:\/\/egerhaziimre.hu\/wp-content\/uploads\/2020\/10\/kiallitas_hadhaz_2012_01.jpg","datePublished":"2012-11-28T09:19:03+00:00","dateModified":"2020-10-01T08:32:31+00:00","breadcrumb":{"@id":"https:\/\/egerhaziimre.hu\/index.php\/kiallitassal-emlekeztek-a-varos-diszpolgarara-2012\/?lang=en#breadcrumb"},"inLanguage":"hu","potentialAction":[{"@type":"ReadAction","target":["https:\/\/egerhaziimre.hu\/index.php\/kiallitassal-emlekeztek-a-varos-diszpolgarara-2012\/?lang=en"]}]},{"@type":"ImageObject","inLanguage":"hu","@id":"https:\/\/egerhaziimre.hu\/index.php\/kiallitassal-emlekeztek-a-varos-diszpolgarara-2012\/?lang=en#primaryimage","url":"https:\/\/egerhaziimre.hu\/wp-content\/uploads\/2020\/10\/kiallitas_hadhaz_2012_01.jpg","contentUrl":"https:\/\/egerhaziimre.hu\/wp-content\/uploads\/2020\/10\/kiallitas_hadhaz_2012_01.jpg","width":800,"height":533,"caption":"SONY DSC"},{"@type":"BreadcrumbList","@id":"https:\/\/egerhaziimre.hu\/index.php\/kiallitassal-emlekeztek-a-varos-diszpolgarara-2012\/?lang=en#breadcrumb","itemListElement":[{"@type":"ListItem","position":1,"name":"Home","item":"https:\/\/egerhaziimre.hu\/"},{"@type":"ListItem","position":2,"name":"Exhibition commemorated the honorary citizen of the city"}]},{"@type":"WebSite","@id":"https:\/\/egerhaziimre.hu\/#website","url":"https:\/\/egerhaziimre.hu\/","name":"\u00c9gerh\u00e1zi Imre","description":"","potentialAction":[{"@type":"SearchAction","target":{"@type":"EntryPoint","urlTemplate":"https:\/\/egerhaziimre.hu\/?s={search_term_string}"},"query-input":{"@type":"PropertyValueSpecification","valueRequired":true,"valueName":"search_term_string"}}],"inLanguage":"hu"}]}},"jetpack_sharing_enabled":true,"_links":{"self":[{"href":"https:\/\/egerhaziimre.hu\/index.php\/wp-json\/wp\/v2\/pages\/10269","targetHints":{"allow":["GET"]}}],"collection":[{"href":"https:\/\/egerhaziimre.hu\/index.php\/wp-json\/wp\/v2\/pages"}],"about":[{"href":"https:\/\/egerhaziimre.hu\/index.php\/wp-json\/wp\/v2\/types\/page"}],"author":[{"embeddable":true,"href":"https:\/\/egerhaziimre.hu\/index.php\/wp-json\/wp\/v2\/users\/4"}],"replies":[{"embeddable":true,"href":"https:\/\/egerhaziimre.hu\/index.php\/wp-json\/wp\/v2\/comments?post=10269"}],"version-history":[{"count":1,"href":"https:\/\/egerhaziimre.hu\/index.php\/wp-json\/wp\/v2\/pages\/10269\/revisions"}],"predecessor-version":[{"id":10280,"href":"https:\/\/egerhaziimre.hu\/index.php\/wp-json\/wp\/v2\/pages\/10269\/revisions\/10280"}],"wp:featuredmedia":[{"embeddable":true,"href":"https:\/\/egerhaziimre.hu\/index.php\/wp-json\/wp\/v2\/media\/10270"}],"wp:attachment":[{"href":"https:\/\/egerhaziimre.hu\/index.php\/wp-json\/wp\/v2\/media?parent=10269"}],"wp:term":[{"taxonomy":"category","embeddable":true,"href":"https:\/\/egerhaziimre.hu\/index.php\/wp-json\/wp\/v2\/categories?post=10269"},{"taxonomy":"post_tag","embeddable":true,"href":"https:\/\/egerhaziimre.hu\/index.php\/wp-json\/wp\/v2\/tags?post=10269"}],"curies":[{"name":"wp","href":"https:\/\/api.w.org\/{rel}","templated":true}]}}