{"id":10299,"date":"2011-04-21T11:12:00","date_gmt":"2011-04-21T09:12:00","guid":{"rendered":"https:\/\/egerhaziimre.hu\/?page_id=10299"},"modified":"2020-10-01T12:27:52","modified_gmt":"2020-10-01T10:27:52","slug":"egerhazi-imre-nevet-vette-fel-a-galeria-2011","status":"publish","type":"page","link":"https:\/\/egerhaziimre.hu\/index.php\/egerhazi-imre-nevet-vette-fel-a-galeria-2011\/","title":{"rendered":"\u00c9gerh\u00e1zi Imre nev\u00e9t vette fel a gal\u00e9ria"},"content":{"rendered":"<div class=\"wpb-content-wrapper\">[vc_row el_class=&#8221;margin_bottom_0 padding_bottom_0&#8243;][vc_column][vc_column_text]Hortob\u00e1gy. Fest\u0151m\u0171v\u00e9szk\u00e9nt \u00e9s a Hortob\u00e1gyi Alkot\u00f3t\u00e1bor vezet\u0151jek\u00e9nt sokat tett az\u00e9rt, hogy a telep\u00fcl\u00e9s nev\u00e9t a vil\u00e1g minden t\u00e1j\u00e1n megismerj\u00e9k. Ezekkel a szavakkal indokolta cs\u00fct\u00f6rt\u00f6ki avat\u00f3 besz\u00e9d\u00e9ben Vincze Andr\u00e1sn\u00e9 polg\u00e1rmester a k\u00e9pvisel\u0151-test\u00fclet tavalyi hat\u00e1rozat\u00e1t, hogy a cs\u00e1rda melletti \u00e9p\u00fcletben helyet kapott gal\u00e9ri\u00e1t \u00c9gerh\u00e1zi Imr\u00e9r\u0151l nevezz\u00e9k el.<br \/>\nA B\u00e1rdos Ildik\u00f3 \u00e9s Moln\u00e1r Mikl\u00f3s tolm\u00e1csol\u00e1s\u00e1ban el\u0151adott n\u00e9pdalok ut\u00e1n Gencsi Zolt\u00e1n alpolg\u00e1rmester eml\u00e9kezett azokra az id\u0151kre, amikor m\u00e9g Hortob\u00e1gyot k\u00e9pz\u0151m\u0171v\u00e9szek lept\u00e9k el, amire k\u00e9t \u00e9ve volt utolj\u00e1ra p\u00e9lda.<br \/>\nA kinti \u00fcnneps\u00e9g ut\u00e1n a gal\u00e9ri\u00e1ban folytat\u00f3dott a program, ahol a 2001-ben elhunyt n\u00e9vad\u00f3 m\u0171v\u00e9sz hortob\u00e1gyi t\u00e9m\u00e1j\u00fa k\u00e9peib\u0151l ny\u00edlt ki\u00e1ll\u00edt\u00e1s, ami szeptember 30-ig l\u00e1togathat\u00f3.[\/vc_column_text][vc_separator][vc_column_text]\n<h6>Fot\u00f3gal\u00e9ria<\/h6>\n[\/vc_column_text][vc_media_grid style=&#8221;pagination&#8221; items_per_page=&#8221;8&#8243; element_width=&#8221;3&#8243; gap=&#8221;30&#8243; arrows_design=&#8221;vc_arrow-icon-arrow_01_left&#8221; arrows_color=&#8221;black&#8221; paging_design=&#8221;pagination_square&#8221; paging_color=&#8221;black&#8221; loop=&#8221;yes&#8221; grid_id=&#8221;vc_gid:1601543892015-69f1ccd3-ddcf-1&#8243; include=&#8221;10300,10301,10302,10303,10304,10305,10306,10307,10308,10309,10310,10311,10312,10313,10314&#8243;][\/vc_column][\/vc_row]\n<\/div>","protected":false},"excerpt":{"rendered":"<p>[vc_row el_class=&#8221;margin_bottom_0 padding_bottom_0&#8243;][vc_column][vc_column_text]Hortob\u00e1gy. Fest\u0151m\u0171v\u00e9szk\u00e9nt \u00e9s a Hortob\u00e1gyi Alkot\u00f3t\u00e1bor vezet\u0151jek\u00e9nt sokat tett az\u00e9rt, hogy a telep\u00fcl\u00e9s nev\u00e9t a vil\u00e1g minden t\u00e1j\u00e1n megismerj\u00e9k. Ezekkel a szavakkal indokolta cs\u00fct\u00f6rt\u00f6ki avat\u00f3 besz\u00e9d\u00e9ben Vincze Andr\u00e1sn\u00e9 polg\u00e1rmester a k\u00e9pvisel\u0151-test\u00fclet tavalyi hat\u00e1rozat\u00e1t, hogy a cs\u00e1rda melletti \u00e9p\u00fcletben helyet kapott gal\u00e9ri\u00e1t \u00c9gerh\u00e1zi Imr\u00e9r\u0151l nevezz\u00e9k el. A B\u00e1rdos Ildik\u00f3 \u00e9s Moln\u00e1r Mikl\u00f3s tolm\u00e1csol\u00e1s\u00e1ban el\u0151adott n\u00e9pdalok ut\u00e1n Gencsi Zolt\u00e1n alpolg\u00e1rmester [&hellip;]<\/p>\n","protected":false},"author":4,"featured_media":10314,"parent":0,"menu_order":0,"comment_status":"closed","ping_status":"closed","template":"","meta":{"footnotes":""},"categories":[13],"tags":[217],"class_list":["post-10299","page","type-page","status-publish","has-post-thumbnail","hentry","category-hirek","tag-217"],"yoast_head":"<!-- This site is optimized with the Yoast SEO plugin v27.0 - https:\/\/yoast.com\/product\/yoast-seo-wordpress\/ -->\n<title>\u00c9gerh\u00e1zi Imre nev\u00e9t vette fel a gal\u00e9ria - \u00c9gerh\u00e1zi Imre<\/title>\n<meta name=\"robots\" content=\"index, follow, max-snippet:-1, max-image-preview:large, max-video-preview:-1\" \/>\n<link rel=\"canonical\" href=\"https:\/\/egerhaziimre.hu\/index.php\/egerhazi-imre-nevet-vette-fel-a-galeria-2011\/?lang=en\" \/>\n<meta property=\"og:locale\" content=\"hu_HU\" \/>\n<meta property=\"og:type\" content=\"article\" \/>\n<meta property=\"og:title\" content=\"\u00c9gerh\u00e1zi Imre nev\u00e9t vette fel a gal\u00e9ria - \u00c9gerh\u00e1zi Imre\" \/>\n<meta property=\"og:description\" content=\"[vc_row el_class=&#8221;margin_bottom_0 padding_bottom_0&#8243;][vc_column][vc_column_text]Hortob\u00e1gy. Fest\u0151m\u0171v\u00e9szk\u00e9nt \u00e9s a Hortob\u00e1gyi Alkot\u00f3t\u00e1bor vezet\u0151jek\u00e9nt sokat tett az\u00e9rt, hogy a telep\u00fcl\u00e9s nev\u00e9t a vil\u00e1g minden t\u00e1j\u00e1n megismerj\u00e9k. Ezekkel a szavakkal indokolta cs\u00fct\u00f6rt\u00f6ki avat\u00f3 besz\u00e9d\u00e9ben Vincze Andr\u00e1sn\u00e9 polg\u00e1rmester a k\u00e9pvisel\u0151-test\u00fclet tavalyi hat\u00e1rozat\u00e1t, hogy a cs\u00e1rda melletti \u00e9p\u00fcletben helyet kapott gal\u00e9ri\u00e1t \u00c9gerh\u00e1zi Imr\u00e9r\u0151l nevezz\u00e9k el. A B\u00e1rdos Ildik\u00f3 \u00e9s Moln\u00e1r Mikl\u00f3s tolm\u00e1csol\u00e1s\u00e1ban el\u0151adott n\u00e9pdalok ut\u00e1n Gencsi Zolt\u00e1n alpolg\u00e1rmester [&hellip;]\" \/>\n<meta property=\"og:url\" content=\"https:\/\/egerhaziimre.hu\/index.php\/egerhazi-imre-nevet-vette-fel-a-galeria-2011\/?lang=en\" \/>\n<meta property=\"og:site_name\" content=\"\u00c9gerh\u00e1zi Imre\" \/>\n<meta property=\"article:modified_time\" content=\"2020-10-01T10:27:52+00:00\" \/>\n<meta property=\"og:image\" content=\"https:\/\/egerhaziimre.hu\/wp-content\/uploads\/2020\/10\/hir110421_15.jpg\" \/>\n\t<meta property=\"og:image:width\" content=\"787\" \/>\n\t<meta property=\"og:image:height\" content=\"490\" \/>\n\t<meta property=\"og:image:type\" content=\"image\/jpeg\" \/>\n<meta name=\"twitter:card\" content=\"summary_large_image\" \/>\n<meta name=\"twitter:label1\" content=\"Becs\u00fclt olvas\u00e1si id\u0151\" \/>\n\t<meta name=\"twitter:data1\" content=\"2 perc\" \/>\n<script type=\"application\/ld+json\" class=\"yoast-schema-graph\">{\"@context\":\"https:\/\/schema.org\",\"@graph\":[{\"@type\":\"WebPage\",\"@id\":\"https:\/\/egerhaziimre.hu\/index.php\/egerhazi-imre-nevet-vette-fel-a-galeria-2011\/?lang=en\",\"url\":\"https:\/\/egerhaziimre.hu\/index.php\/egerhazi-imre-nevet-vette-fel-a-galeria-2011\/?lang=en\",\"name\":\"\u00c9gerh\u00e1zi Imre nev\u00e9t vette fel a gal\u00e9ria - \u00c9gerh\u00e1zi Imre\",\"isPartOf\":{\"@id\":\"https:\/\/egerhaziimre.hu\/#website\"},\"primaryImageOfPage\":{\"@id\":\"https:\/\/egerhaziimre.hu\/index.php\/egerhazi-imre-nevet-vette-fel-a-galeria-2011\/?lang=en#primaryimage\"},\"image\":{\"@id\":\"https:\/\/egerhaziimre.hu\/index.php\/egerhazi-imre-nevet-vette-fel-a-galeria-2011\/?lang=en#primaryimage\"},\"thumbnailUrl\":\"https:\/\/egerhaziimre.hu\/wp-content\/uploads\/2020\/10\/hir110421_15.jpg\",\"datePublished\":\"2011-04-21T09:12:00+00:00\",\"dateModified\":\"2020-10-01T10:27:52+00:00\",\"breadcrumb\":{\"@id\":\"https:\/\/egerhaziimre.hu\/index.php\/egerhazi-imre-nevet-vette-fel-a-galeria-2011\/?lang=en#breadcrumb\"},\"inLanguage\":\"hu\",\"potentialAction\":[{\"@type\":\"ReadAction\",\"target\":[\"https:\/\/egerhaziimre.hu\/index.php\/egerhazi-imre-nevet-vette-fel-a-galeria-2011\/?lang=en\"]}]},{\"@type\":\"ImageObject\",\"inLanguage\":\"hu\",\"@id\":\"https:\/\/egerhaziimre.hu\/index.php\/egerhazi-imre-nevet-vette-fel-a-galeria-2011\/?lang=en#primaryimage\",\"url\":\"https:\/\/egerhaziimre.hu\/wp-content\/uploads\/2020\/10\/hir110421_15.jpg\",\"contentUrl\":\"https:\/\/egerhaziimre.hu\/wp-content\/uploads\/2020\/10\/hir110421_15.jpg\",\"width\":787,\"height\":490,\"caption\":\"SONY DSC\"},{\"@type\":\"BreadcrumbList\",\"@id\":\"https:\/\/egerhaziimre.hu\/index.php\/egerhazi-imre-nevet-vette-fel-a-galeria-2011\/?lang=en#breadcrumb\",\"itemListElement\":[{\"@type\":\"ListItem\",\"position\":1,\"name\":\"Home\",\"item\":\"https:\/\/egerhaziimre.hu\/\"},{\"@type\":\"ListItem\",\"position\":2,\"name\":\"The gallery took the name of Imre \u00c9gerh\u00e1zi\"}]},{\"@type\":\"WebSite\",\"@id\":\"https:\/\/egerhaziimre.hu\/#website\",\"url\":\"https:\/\/egerhaziimre.hu\/\",\"name\":\"\u00c9gerh\u00e1zi Imre\",\"description\":\"\",\"potentialAction\":[{\"@type\":\"SearchAction\",\"target\":{\"@type\":\"EntryPoint\",\"urlTemplate\":\"https:\/\/egerhaziimre.hu\/?s={search_term_string}\"},\"query-input\":{\"@type\":\"PropertyValueSpecification\",\"valueRequired\":true,\"valueName\":\"search_term_string\"}}],\"inLanguage\":\"hu\"}]}<\/script>\n<!-- \/ Yoast SEO plugin. -->","yoast_head_json":{"title":"\u00c9gerh\u00e1zi Imre nev\u00e9t vette fel a gal\u00e9ria - \u00c9gerh\u00e1zi Imre","robots":{"index":"index","follow":"follow","max-snippet":"max-snippet:-1","max-image-preview":"max-image-preview:large","max-video-preview":"max-video-preview:-1"},"canonical":"https:\/\/egerhaziimre.hu\/index.php\/egerhazi-imre-nevet-vette-fel-a-galeria-2011\/?lang=en","og_locale":"hu_HU","og_type":"article","og_title":"\u00c9gerh\u00e1zi Imre nev\u00e9t vette fel a gal\u00e9ria - \u00c9gerh\u00e1zi Imre","og_description":"[vc_row el_class=&#8221;margin_bottom_0 padding_bottom_0&#8243;][vc_column][vc_column_text]Hortob\u00e1gy. Fest\u0151m\u0171v\u00e9szk\u00e9nt \u00e9s a Hortob\u00e1gyi Alkot\u00f3t\u00e1bor vezet\u0151jek\u00e9nt sokat tett az\u00e9rt, hogy a telep\u00fcl\u00e9s nev\u00e9t a vil\u00e1g minden t\u00e1j\u00e1n megismerj\u00e9k. Ezekkel a szavakkal indokolta cs\u00fct\u00f6rt\u00f6ki avat\u00f3 besz\u00e9d\u00e9ben Vincze Andr\u00e1sn\u00e9 polg\u00e1rmester a k\u00e9pvisel\u0151-test\u00fclet tavalyi hat\u00e1rozat\u00e1t, hogy a cs\u00e1rda melletti \u00e9p\u00fcletben helyet kapott gal\u00e9ri\u00e1t \u00c9gerh\u00e1zi Imr\u00e9r\u0151l nevezz\u00e9k el. A B\u00e1rdos Ildik\u00f3 \u00e9s Moln\u00e1r Mikl\u00f3s tolm\u00e1csol\u00e1s\u00e1ban el\u0151adott n\u00e9pdalok ut\u00e1n Gencsi Zolt\u00e1n alpolg\u00e1rmester [&hellip;]","og_url":"https:\/\/egerhaziimre.hu\/index.php\/egerhazi-imre-nevet-vette-fel-a-galeria-2011\/?lang=en","og_site_name":"\u00c9gerh\u00e1zi Imre","article_modified_time":"2020-10-01T10:27:52+00:00","og_image":[{"width":787,"height":490,"url":"https:\/\/egerhaziimre.hu\/wp-content\/uploads\/2020\/10\/hir110421_15.jpg","type":"image\/jpeg"}],"twitter_card":"summary_large_image","twitter_misc":{"Becs\u00fclt olvas\u00e1si id\u0151":"2 perc"},"schema":{"@context":"https:\/\/schema.org","@graph":[{"@type":"WebPage","@id":"https:\/\/egerhaziimre.hu\/index.php\/egerhazi-imre-nevet-vette-fel-a-galeria-2011\/?lang=en","url":"https:\/\/egerhaziimre.hu\/index.php\/egerhazi-imre-nevet-vette-fel-a-galeria-2011\/?lang=en","name":"\u00c9gerh\u00e1zi Imre nev\u00e9t vette fel a gal\u00e9ria - \u00c9gerh\u00e1zi Imre","isPartOf":{"@id":"https:\/\/egerhaziimre.hu\/#website"},"primaryImageOfPage":{"@id":"https:\/\/egerhaziimre.hu\/index.php\/egerhazi-imre-nevet-vette-fel-a-galeria-2011\/?lang=en#primaryimage"},"image":{"@id":"https:\/\/egerhaziimre.hu\/index.php\/egerhazi-imre-nevet-vette-fel-a-galeria-2011\/?lang=en#primaryimage"},"thumbnailUrl":"https:\/\/egerhaziimre.hu\/wp-content\/uploads\/2020\/10\/hir110421_15.jpg","datePublished":"2011-04-21T09:12:00+00:00","dateModified":"2020-10-01T10:27:52+00:00","breadcrumb":{"@id":"https:\/\/egerhaziimre.hu\/index.php\/egerhazi-imre-nevet-vette-fel-a-galeria-2011\/?lang=en#breadcrumb"},"inLanguage":"hu","potentialAction":[{"@type":"ReadAction","target":["https:\/\/egerhaziimre.hu\/index.php\/egerhazi-imre-nevet-vette-fel-a-galeria-2011\/?lang=en"]}]},{"@type":"ImageObject","inLanguage":"hu","@id":"https:\/\/egerhaziimre.hu\/index.php\/egerhazi-imre-nevet-vette-fel-a-galeria-2011\/?lang=en#primaryimage","url":"https:\/\/egerhaziimre.hu\/wp-content\/uploads\/2020\/10\/hir110421_15.jpg","contentUrl":"https:\/\/egerhaziimre.hu\/wp-content\/uploads\/2020\/10\/hir110421_15.jpg","width":787,"height":490,"caption":"SONY DSC"},{"@type":"BreadcrumbList","@id":"https:\/\/egerhaziimre.hu\/index.php\/egerhazi-imre-nevet-vette-fel-a-galeria-2011\/?lang=en#breadcrumb","itemListElement":[{"@type":"ListItem","position":1,"name":"Home","item":"https:\/\/egerhaziimre.hu\/"},{"@type":"ListItem","position":2,"name":"The gallery took the name of Imre \u00c9gerh\u00e1zi"}]},{"@type":"WebSite","@id":"https:\/\/egerhaziimre.hu\/#website","url":"https:\/\/egerhaziimre.hu\/","name":"\u00c9gerh\u00e1zi Imre","description":"","potentialAction":[{"@type":"SearchAction","target":{"@type":"EntryPoint","urlTemplate":"https:\/\/egerhaziimre.hu\/?s={search_term_string}"},"query-input":{"@type":"PropertyValueSpecification","valueRequired":true,"valueName":"search_term_string"}}],"inLanguage":"hu"}]}},"jetpack_sharing_enabled":true,"_links":{"self":[{"href":"https:\/\/egerhaziimre.hu\/index.php\/wp-json\/wp\/v2\/pages\/10299","targetHints":{"allow":["GET"]}}],"collection":[{"href":"https:\/\/egerhaziimre.hu\/index.php\/wp-json\/wp\/v2\/pages"}],"about":[{"href":"https:\/\/egerhaziimre.hu\/index.php\/wp-json\/wp\/v2\/types\/page"}],"author":[{"embeddable":true,"href":"https:\/\/egerhaziimre.hu\/index.php\/wp-json\/wp\/v2\/users\/4"}],"replies":[{"embeddable":true,"href":"https:\/\/egerhaziimre.hu\/index.php\/wp-json\/wp\/v2\/comments?post=10299"}],"version-history":[{"count":2,"href":"https:\/\/egerhaziimre.hu\/index.php\/wp-json\/wp\/v2\/pages\/10299\/revisions"}],"predecessor-version":[{"id":10316,"href":"https:\/\/egerhaziimre.hu\/index.php\/wp-json\/wp\/v2\/pages\/10299\/revisions\/10316"}],"wp:featuredmedia":[{"embeddable":true,"href":"https:\/\/egerhaziimre.hu\/index.php\/wp-json\/wp\/v2\/media\/10314"}],"wp:attachment":[{"href":"https:\/\/egerhaziimre.hu\/index.php\/wp-json\/wp\/v2\/media?parent=10299"}],"wp:term":[{"taxonomy":"category","embeddable":true,"href":"https:\/\/egerhaziimre.hu\/index.php\/wp-json\/wp\/v2\/categories?post=10299"},{"taxonomy":"post_tag","embeddable":true,"href":"https:\/\/egerhaziimre.hu\/index.php\/wp-json\/wp\/v2\/tags?post=10299"}],"curies":[{"name":"wp","href":"https:\/\/api.w.org\/{rel}","templated":true}]}}