{"id":1031,"date":"2019-08-05T15:09:03","date_gmt":"2019-08-05T13:09:03","guid":{"rendered":"http:\/\/egerhaziimre.magex.hu\/?page_id=1031"},"modified":"2020-09-02T11:08:26","modified_gmt":"2020-09-02T09:08:26","slug":"bako-endre-alfold-1984-3-szam","status":"publish","type":"page","link":"https:\/\/egerhaziimre.hu\/index.php\/dijak-elismeresek\/bako-endre-alfold-1984-3-szam\/","title":{"rendered":"Bak\u00f3 Endre, Alf\u00f6ld, 1984. 3. sz\u00e1m"},"content":{"rendered":"<div class=\"wpb-content-wrapper\">\r\n<blockquote class=\"wp-block-quote is-layout-flow wp-block-quote-is-layout-flow\"><p>&#8222;Ha t\u00e9mavil\u00e1g\u00e1t \u00e9s f\u0151leg fest\u0151i, grafikai kifejez\u00e9sm\u00f3dj\u00e1t vessz\u00fck szem\u00fcgyre, l\u00e1thatjuk, hogy saj\u00e1t, mindenki m\u00e1s\u00e9t\u00f3l k\u00fcl\u00f6nb\u00f6z\u0151 st\u00edlust k\u00fczd\u00f6tt ki az \u00e9vek sor\u00e1n, noha formanyelv\u00e9nek komponensei nem ismeretlenek. Az a m\u00f3d azonban, ahogy a komponensekb\u0151l fel\u00e9p\u00fclt az \u00c9gerh\u00e1zi-alkot\u00e1s k\u00e9pi vil\u00e1ga, saj\u00e1tos \u00e9s eredeti. Arra p\u00e9lda, hogyan \u00f6tv\u00f6zhet\u0151k k\u00fcl\u00f6nb\u00f6z\u0151, olykor egym\u00e1snak ellentmond\u00f3 elemek harmonikus egys\u00e9gbe, auton\u00f3m eszt\u00e9tikai min\u0151s\u00e9gbe&#8230;<br><br>&#8230;A szecesszi\u00f3 fel\u00e9 kanyarodott, megragadta a g\u00f6d\u00f6ll\u0151i iskola dekorat\u00edv sz\u00e9ps\u00e9ge. Meg azt\u00e1n er\u0151teljesebb absztrakci\u00f3ra v\u00e1gyott, s \u00f6szt\u00f6n\u00f6sen vagy tudatosan, ezek a d\u00f6nt\u00e9sek ut\u00f3lag alig tiszt\u00e1zhat\u00f3k, e k\u00e9ts\u00e9gk\u00edv\u00fcl elvontabb \u00e1br\u00e1zol\u00e1sm\u00f3d fel\u00e9 k\u00f6zeledett, s \u00edrta egy saj\u00e1tosan \u00e9rtelmezett neoszecesszionizmus debreceni lapjait&#8230;<br><br>&#8230;Bizonyos dekorativit\u00e1st, a s\u00edkszer\u0171 \u00e1br\u00e1zol\u00e1st megtartotta, \u00e9s \u00e1tmentette a sz\u00e1zadfordul\u00f3 eme k\u00eds\u00e9rlet\u00e9b\u0151l a saj\u00e1tj\u00e1nak.&#8221;<\/p><cite>Bak\u00f3 Endre<br>Alf\u00f6ld, 1984. 3. sz\u00e1m<\/cite><\/blockquote>\r\n<\/div>","protected":false},"excerpt":{"rendered":"<p>&#8222;Ha t\u00e9mavil\u00e1g\u00e1t \u00e9s f\u0151leg fest\u0151i, grafikai kifejez\u00e9sm\u00f3dj\u00e1t vessz\u00fck szem\u00fcgyre, l\u00e1thatjuk, hogy saj\u00e1t, mindenki m\u00e1s\u00e9t\u00f3l k\u00fcl\u00f6nb\u00f6z\u0151 st\u00edlust k\u00fczd\u00f6tt ki az \u00e9vek sor\u00e1n, noha formanyelv\u00e9nek komponensei nem ismeretlenek. Az a m\u00f3d azonban, ahogy a komponensekb\u0151l fel\u00e9p\u00fclt az \u00c9gerh\u00e1zi-alkot\u00e1s k\u00e9pi vil\u00e1ga, saj\u00e1tos \u00e9s eredeti. Arra p\u00e9lda, hogyan \u00f6tv\u00f6zhet\u0151k k\u00fcl\u00f6nb\u00f6z\u0151, olykor egym\u00e1snak ellentmond\u00f3 elemek harmonikus egys\u00e9gbe, auton\u00f3m eszt\u00e9tikai min\u0151s\u00e9gbe&#8230; &#8230;A szecesszi\u00f3 fel\u00e9 kanyarodott, megragadta [&hellip;]<\/p>\n","protected":false},"author":4,"featured_media":0,"parent":31,"menu_order":0,"comment_status":"closed","ping_status":"closed","template":"","meta":{"footnotes":""},"categories":[84],"tags":[95],"class_list":["post-1031","page","type-page","status-publish","hentry","category-kritikak_meltatasok","tag-95"],"yoast_head":"<!-- This site is optimized with the Yoast SEO plugin v27.3 - https:\/\/yoast.com\/product\/yoast-seo-wordpress\/ -->\n<title>Bak\u00f3 Endre, Alf\u00f6ld, 1984. 3. sz\u00e1m - \u00c9gerh\u00e1zi Imre<\/title>\n<meta name=\"robots\" content=\"index, follow, max-snippet:-1, max-image-preview:large, max-video-preview:-1\" \/>\n<link rel=\"canonical\" href=\"https:\/\/egerhaziimre.hu\/index.php\/dijak-elismeresek\/bako-endre-alfold-1984-3-szam\/?lang=en\" \/>\n<meta property=\"og:locale\" content=\"hu_HU\" \/>\n<meta property=\"og:type\" content=\"article\" \/>\n<meta property=\"og:title\" content=\"Bak\u00f3 Endre, Alf\u00f6ld, 1984. 3. sz\u00e1m - \u00c9gerh\u00e1zi Imre\" \/>\n<meta property=\"og:description\" content=\"&#8222;Ha t\u00e9mavil\u00e1g\u00e1t \u00e9s f\u0151leg fest\u0151i, grafikai kifejez\u00e9sm\u00f3dj\u00e1t vessz\u00fck szem\u00fcgyre, l\u00e1thatjuk, hogy saj\u00e1t, mindenki m\u00e1s\u00e9t\u00f3l k\u00fcl\u00f6nb\u00f6z\u0151 st\u00edlust k\u00fczd\u00f6tt ki az \u00e9vek sor\u00e1n, noha formanyelv\u00e9nek komponensei nem ismeretlenek. Az a m\u00f3d azonban, ahogy a komponensekb\u0151l fel\u00e9p\u00fclt az \u00c9gerh\u00e1zi-alkot\u00e1s k\u00e9pi vil\u00e1ga, saj\u00e1tos \u00e9s eredeti. Arra p\u00e9lda, hogyan \u00f6tv\u00f6zhet\u0151k k\u00fcl\u00f6nb\u00f6z\u0151, olykor egym\u00e1snak ellentmond\u00f3 elemek harmonikus egys\u00e9gbe, auton\u00f3m eszt\u00e9tikai min\u0151s\u00e9gbe&#8230; &#8230;A szecesszi\u00f3 fel\u00e9 kanyarodott, megragadta [&hellip;]\" \/>\n<meta property=\"og:url\" content=\"https:\/\/egerhaziimre.hu\/index.php\/dijak-elismeresek\/bako-endre-alfold-1984-3-szam\/?lang=en\" \/>\n<meta property=\"og:site_name\" content=\"\u00c9gerh\u00e1zi Imre\" \/>\n<meta property=\"article:modified_time\" content=\"2020-09-02T09:08:26+00:00\" \/>\n<meta name=\"twitter:card\" content=\"summary_large_image\" \/>\n<meta name=\"twitter:label1\" content=\"Becs\u00fclt olvas\u00e1si id\u0151\" \/>\n\t<meta name=\"twitter:data1\" content=\"2 perc\" \/>\n<script type=\"application\/ld+json\" class=\"yoast-schema-graph\">{\"@context\":\"https:\\\/\\\/schema.org\",\"@graph\":[{\"@type\":\"WebPage\",\"@id\":\"https:\\\/\\\/egerhaziimre.hu\\\/index.php\\\/dijak-elismeresek\\\/bako-endre-alfold-1984-3-szam\\\/?lang=en\",\"url\":\"https:\\\/\\\/egerhaziimre.hu\\\/index.php\\\/dijak-elismeresek\\\/bako-endre-alfold-1984-3-szam\\\/?lang=en\",\"name\":\"Bak\u00f3 Endre, Alf\u00f6ld, 1984. 3. sz\u00e1m - \u00c9gerh\u00e1zi Imre\",\"isPartOf\":{\"@id\":\"https:\\\/\\\/egerhaziimre.hu\\\/#website\"},\"datePublished\":\"2019-08-05T13:09:03+00:00\",\"dateModified\":\"2020-09-02T09:08:26+00:00\",\"breadcrumb\":{\"@id\":\"https:\\\/\\\/egerhaziimre.hu\\\/index.php\\\/dijak-elismeresek\\\/bako-endre-alfold-1984-3-szam\\\/?lang=en#breadcrumb\"},\"inLanguage\":\"hu\",\"potentialAction\":[{\"@type\":\"ReadAction\",\"target\":[\"https:\\\/\\\/egerhaziimre.hu\\\/index.php\\\/dijak-elismeresek\\\/bako-endre-alfold-1984-3-szam\\\/?lang=en\"]}]},{\"@type\":\"BreadcrumbList\",\"@id\":\"https:\\\/\\\/egerhaziimre.hu\\\/index.php\\\/dijak-elismeresek\\\/bako-endre-alfold-1984-3-szam\\\/?lang=en#breadcrumb\",\"itemListElement\":[{\"@type\":\"ListItem\",\"position\":1,\"name\":\"Home\",\"item\":\"https:\\\/\\\/egerhaziimre.hu\\\/\"},{\"@type\":\"ListItem\",\"position\":2,\"name\":\"Awards, recognitions\",\"item\":\"https:\\\/\\\/egerhaziimre.hu\\\/index.php\\\/dijak-elismeresek\\\/?lang=en\"},{\"@type\":\"ListItem\",\"position\":3,\"name\":\"ALF\u00d6LD, 1984 MARCH ISSUE BY ENDRE BAK\u00d3\"}]},{\"@type\":\"WebSite\",\"@id\":\"https:\\\/\\\/egerhaziimre.hu\\\/#website\",\"url\":\"https:\\\/\\\/egerhaziimre.hu\\\/\",\"name\":\"\u00c9gerh\u00e1zi Imre\",\"description\":\"\",\"potentialAction\":[{\"@type\":\"SearchAction\",\"target\":{\"@type\":\"EntryPoint\",\"urlTemplate\":\"https:\\\/\\\/egerhaziimre.hu\\\/?s={search_term_string}\"},\"query-input\":{\"@type\":\"PropertyValueSpecification\",\"valueRequired\":true,\"valueName\":\"search_term_string\"}}],\"inLanguage\":\"hu\"}]}<\/script>\n<!-- \/ Yoast SEO plugin. -->","yoast_head_json":{"title":"Bak\u00f3 Endre, Alf\u00f6ld, 1984. 3. sz\u00e1m - \u00c9gerh\u00e1zi Imre","robots":{"index":"index","follow":"follow","max-snippet":"max-snippet:-1","max-image-preview":"max-image-preview:large","max-video-preview":"max-video-preview:-1"},"canonical":"https:\/\/egerhaziimre.hu\/index.php\/dijak-elismeresek\/bako-endre-alfold-1984-3-szam\/?lang=en","og_locale":"hu_HU","og_type":"article","og_title":"Bak\u00f3 Endre, Alf\u00f6ld, 1984. 3. sz\u00e1m - \u00c9gerh\u00e1zi Imre","og_description":"&#8222;Ha t\u00e9mavil\u00e1g\u00e1t \u00e9s f\u0151leg fest\u0151i, grafikai kifejez\u00e9sm\u00f3dj\u00e1t vessz\u00fck szem\u00fcgyre, l\u00e1thatjuk, hogy saj\u00e1t, mindenki m\u00e1s\u00e9t\u00f3l k\u00fcl\u00f6nb\u00f6z\u0151 st\u00edlust k\u00fczd\u00f6tt ki az \u00e9vek sor\u00e1n, noha formanyelv\u00e9nek komponensei nem ismeretlenek. Az a m\u00f3d azonban, ahogy a komponensekb\u0151l fel\u00e9p\u00fclt az \u00c9gerh\u00e1zi-alkot\u00e1s k\u00e9pi vil\u00e1ga, saj\u00e1tos \u00e9s eredeti. Arra p\u00e9lda, hogyan \u00f6tv\u00f6zhet\u0151k k\u00fcl\u00f6nb\u00f6z\u0151, olykor egym\u00e1snak ellentmond\u00f3 elemek harmonikus egys\u00e9gbe, auton\u00f3m eszt\u00e9tikai min\u0151s\u00e9gbe&#8230; &#8230;A szecesszi\u00f3 fel\u00e9 kanyarodott, megragadta [&hellip;]","og_url":"https:\/\/egerhaziimre.hu\/index.php\/dijak-elismeresek\/bako-endre-alfold-1984-3-szam\/?lang=en","og_site_name":"\u00c9gerh\u00e1zi Imre","article_modified_time":"2020-09-02T09:08:26+00:00","twitter_card":"summary_large_image","twitter_misc":{"Becs\u00fclt olvas\u00e1si id\u0151":"2 perc"},"schema":{"@context":"https:\/\/schema.org","@graph":[{"@type":"WebPage","@id":"https:\/\/egerhaziimre.hu\/index.php\/dijak-elismeresek\/bako-endre-alfold-1984-3-szam\/?lang=en","url":"https:\/\/egerhaziimre.hu\/index.php\/dijak-elismeresek\/bako-endre-alfold-1984-3-szam\/?lang=en","name":"Bak\u00f3 Endre, Alf\u00f6ld, 1984. 3. sz\u00e1m - \u00c9gerh\u00e1zi Imre","isPartOf":{"@id":"https:\/\/egerhaziimre.hu\/#website"},"datePublished":"2019-08-05T13:09:03+00:00","dateModified":"2020-09-02T09:08:26+00:00","breadcrumb":{"@id":"https:\/\/egerhaziimre.hu\/index.php\/dijak-elismeresek\/bako-endre-alfold-1984-3-szam\/?lang=en#breadcrumb"},"inLanguage":"hu","potentialAction":[{"@type":"ReadAction","target":["https:\/\/egerhaziimre.hu\/index.php\/dijak-elismeresek\/bako-endre-alfold-1984-3-szam\/?lang=en"]}]},{"@type":"BreadcrumbList","@id":"https:\/\/egerhaziimre.hu\/index.php\/dijak-elismeresek\/bako-endre-alfold-1984-3-szam\/?lang=en#breadcrumb","itemListElement":[{"@type":"ListItem","position":1,"name":"Home","item":"https:\/\/egerhaziimre.hu\/"},{"@type":"ListItem","position":2,"name":"Awards, recognitions","item":"https:\/\/egerhaziimre.hu\/index.php\/dijak-elismeresek\/?lang=en"},{"@type":"ListItem","position":3,"name":"ALF\u00d6LD, 1984 MARCH ISSUE BY ENDRE BAK\u00d3"}]},{"@type":"WebSite","@id":"https:\/\/egerhaziimre.hu\/#website","url":"https:\/\/egerhaziimre.hu\/","name":"\u00c9gerh\u00e1zi Imre","description":"","potentialAction":[{"@type":"SearchAction","target":{"@type":"EntryPoint","urlTemplate":"https:\/\/egerhaziimre.hu\/?s={search_term_string}"},"query-input":{"@type":"PropertyValueSpecification","valueRequired":true,"valueName":"search_term_string"}}],"inLanguage":"hu"}]}},"jetpack_sharing_enabled":true,"_links":{"self":[{"href":"https:\/\/egerhaziimre.hu\/index.php\/wp-json\/wp\/v2\/pages\/1031","targetHints":{"allow":["GET"]}}],"collection":[{"href":"https:\/\/egerhaziimre.hu\/index.php\/wp-json\/wp\/v2\/pages"}],"about":[{"href":"https:\/\/egerhaziimre.hu\/index.php\/wp-json\/wp\/v2\/types\/page"}],"author":[{"embeddable":true,"href":"https:\/\/egerhaziimre.hu\/index.php\/wp-json\/wp\/v2\/users\/4"}],"replies":[{"embeddable":true,"href":"https:\/\/egerhaziimre.hu\/index.php\/wp-json\/wp\/v2\/comments?post=1031"}],"version-history":[{"count":2,"href":"https:\/\/egerhaziimre.hu\/index.php\/wp-json\/wp\/v2\/pages\/1031\/revisions"}],"predecessor-version":[{"id":9058,"href":"https:\/\/egerhaziimre.hu\/index.php\/wp-json\/wp\/v2\/pages\/1031\/revisions\/9058"}],"up":[{"embeddable":true,"href":"https:\/\/egerhaziimre.hu\/index.php\/wp-json\/wp\/v2\/pages\/31"}],"wp:attachment":[{"href":"https:\/\/egerhaziimre.hu\/index.php\/wp-json\/wp\/v2\/media?parent=1031"}],"wp:term":[{"taxonomy":"category","embeddable":true,"href":"https:\/\/egerhaziimre.hu\/index.php\/wp-json\/wp\/v2\/categories?post=1031"},{"taxonomy":"post_tag","embeddable":true,"href":"https:\/\/egerhaziimre.hu\/index.php\/wp-json\/wp\/v2\/tags?post=1031"}],"curies":[{"name":"wp","href":"https:\/\/api.w.org\/{rel}","templated":true}]}}