{"id":10317,"date":"2011-04-21T12:15:26","date_gmt":"2011-04-21T10:15:26","guid":{"rendered":"https:\/\/egerhaziimre.hu\/?page_id=10317"},"modified":"2020-10-01T12:22:34","modified_gmt":"2020-10-01T10:22:34","slug":"egerhazi-imre-hortobagyert-dijas-festomuvesz-az-en-pusztam-cimu-kiallitasa","status":"publish","type":"page","link":"https:\/\/egerhaziimre.hu\/index.php\/egerhazi-imre-hortobagyert-dijas-festomuvesz-az-en-pusztam-cimu-kiallitasa\/","title":{"rendered":"\u00c9gerh\u00e1zi Imre Hortob\u00e1gy\u00e9rt d\u00edjas fest\u0151m\u0171v\u00e9sz \u201eAz \u00e9n puszt\u00e1m\u201d c\u00edm\u0171 ki\u00e1ll\u00edt\u00e1sa"},"content":{"rendered":"<div class=\"wpb-content-wrapper\">[vc_row el_class=&#8221;margin_bottom_0 padding_bottom_0&#8243;][vc_column][vc_column_text]Hortob\u00e1gy K\u00f6zs\u00e9g \u00d6nkorm\u00e1nyzata nev\u00e9ben tisztelettel megh\u00edvom<br \/>\n\u00c9gerh\u00e1zi Imre Hortob\u00e1gy\u00e9rt d\u00edjas fest\u0151m\u0171v\u00e9sz \u201eAz \u00e9n puszt\u00e1m\u201d c\u00edm\u0171 id\u0151szaki ki\u00e1ll\u00edt\u00e1s\u00e1nak \u00fcnnep\u00e9lyes megnyit\u00f3j\u00e1ra \u00e9s az \u00c9gerh\u00e1zi Imre Gal\u00e9ria avat\u00e1s\u00e1ra.<\/p>\n<p><strong>Megnyit\u00f3:<\/strong> \u00e1prilis 21-\u00e9n, cs\u00fct\u00f6rt\u00f6k\u00f6n 10 \u00f3rakor<br \/>\n<strong>Helysz\u00edn:<\/strong>\u00a0Gal\u00e9ria, Hortob\u00e1gy, Pet\u0151fi t\u00e9r 3.<br \/>\n<strong>L\u00e1togathat\u00f3:<\/strong> szeptember 30-ig, naponta 10-16 \u00f3r\u00e1ig.<\/p>\n<p>Vincze Andr\u00e1sn\u00e9<br \/>\npolg\u00e1rmester[\/vc_column_text][vc_separator][vc_column_text]\n<h6>Megh\u00edv\u00f3<\/h6>\n[\/vc_column_text][vc_column_text]\n<p style=\"text-align: center;\">\n[\/vc_column_text][\/vc_column][\/vc_row]\n<\/div>","protected":false},"excerpt":{"rendered":"<p>[vc_row el_class=&#8221;margin_bottom_0 padding_bottom_0&#8243;][vc_column][vc_column_text]Hortob\u00e1gy K\u00f6zs\u00e9g \u00d6nkorm\u00e1nyzata nev\u00e9ben tisztelettel megh\u00edvom \u00c9gerh\u00e1zi Imre Hortob\u00e1gy\u00e9rt d\u00edjas fest\u0151m\u0171v\u00e9sz \u201eAz \u00e9n puszt\u00e1m\u201d c\u00edm\u0171 id\u0151szaki ki\u00e1ll\u00edt\u00e1s\u00e1nak \u00fcnnep\u00e9lyes megnyit\u00f3j\u00e1ra \u00e9s az \u00c9gerh\u00e1zi Imre Gal\u00e9ria avat\u00e1s\u00e1ra. Megnyit\u00f3: \u00e1prilis 21-\u00e9n, cs\u00fct\u00f6rt\u00f6k\u00f6n 10 \u00f3rakor Helysz\u00edn:\u00a0Gal\u00e9ria, Hortob\u00e1gy, Pet\u0151fi t\u00e9r 3. L\u00e1togathat\u00f3: szeptember 30-ig, naponta 10-16 \u00f3r\u00e1ig. Vincze Andr\u00e1sn\u00e9 polg\u00e1rmester[\/vc_column_text][vc_separator][vc_column_text] Megh\u00edv\u00f3 [\/vc_column_text][vc_column_text] [\/vc_column_text][\/vc_column][\/vc_row]<\/p>\n","protected":false},"author":4,"featured_media":10320,"parent":0,"menu_order":0,"comment_status":"closed","ping_status":"closed","template":"","meta":{"footnotes":""},"categories":[13],"tags":[217],"class_list":["post-10317","page","type-page","status-publish","has-post-thumbnail","hentry","category-hirek","tag-217"],"yoast_head":"<!-- This site is optimized with the Yoast SEO plugin v27.3 - https:\/\/yoast.com\/product\/yoast-seo-wordpress\/ -->\n<title>\u00c9gerh\u00e1zi Imre Hortob\u00e1gy\u00e9rt d\u00edjas fest\u0151m\u0171v\u00e9sz \u201eAz \u00e9n puszt\u00e1m\u201d c\u00edm\u0171 ki\u00e1ll\u00edt\u00e1sa - \u00c9gerh\u00e1zi Imre<\/title>\n<meta name=\"robots\" content=\"index, follow, max-snippet:-1, max-image-preview:large, max-video-preview:-1\" \/>\n<link rel=\"canonical\" href=\"https:\/\/egerhaziimre.hu\/index.php\/egerhazi-imre-hortobagyert-dijas-festomuvesz-az-en-pusztam-cimu-kiallitasa\/?lang=en\" \/>\n<meta property=\"og:locale\" content=\"hu_HU\" \/>\n<meta property=\"og:type\" content=\"article\" \/>\n<meta property=\"og:title\" content=\"\u00c9gerh\u00e1zi Imre Hortob\u00e1gy\u00e9rt d\u00edjas fest\u0151m\u0171v\u00e9sz \u201eAz \u00e9n puszt\u00e1m\u201d c\u00edm\u0171 ki\u00e1ll\u00edt\u00e1sa - \u00c9gerh\u00e1zi Imre\" \/>\n<meta property=\"og:description\" content=\"[vc_row el_class=&#8221;margin_bottom_0 padding_bottom_0&#8243;][vc_column][vc_column_text]Hortob\u00e1gy K\u00f6zs\u00e9g \u00d6nkorm\u00e1nyzata nev\u00e9ben tisztelettel megh\u00edvom \u00c9gerh\u00e1zi Imre Hortob\u00e1gy\u00e9rt d\u00edjas fest\u0151m\u0171v\u00e9sz \u201eAz \u00e9n puszt\u00e1m\u201d c\u00edm\u0171 id\u0151szaki ki\u00e1ll\u00edt\u00e1s\u00e1nak \u00fcnnep\u00e9lyes megnyit\u00f3j\u00e1ra \u00e9s az \u00c9gerh\u00e1zi Imre Gal\u00e9ria avat\u00e1s\u00e1ra. Megnyit\u00f3: \u00e1prilis 21-\u00e9n, cs\u00fct\u00f6rt\u00f6k\u00f6n 10 \u00f3rakor Helysz\u00edn:\u00a0Gal\u00e9ria, Hortob\u00e1gy, Pet\u0151fi t\u00e9r 3. L\u00e1togathat\u00f3: szeptember 30-ig, naponta 10-16 \u00f3r\u00e1ig. Vincze Andr\u00e1sn\u00e9 polg\u00e1rmester[\/vc_column_text][vc_separator][vc_column_text] Megh\u00edv\u00f3 [\/vc_column_text][vc_column_text] [\/vc_column_text][\/vc_column][\/vc_row]\" \/>\n<meta property=\"og:url\" content=\"https:\/\/egerhaziimre.hu\/index.php\/egerhazi-imre-hortobagyert-dijas-festomuvesz-az-en-pusztam-cimu-kiallitasa\/?lang=en\" \/>\n<meta property=\"og:site_name\" content=\"\u00c9gerh\u00e1zi Imre\" \/>\n<meta property=\"article:modified_time\" content=\"2020-10-01T10:22:34+00:00\" \/>\n<meta property=\"og:image\" content=\"https:\/\/egerhaziimre.hu\/wp-content\/uploads\/2020\/06\/20110421_hortobagymeghivo1.jpg\" \/>\n\t<meta property=\"og:image:width\" content=\"600\" \/>\n\t<meta property=\"og:image:height\" content=\"286\" \/>\n\t<meta property=\"og:image:type\" content=\"image\/jpeg\" \/>\n<meta name=\"twitter:card\" content=\"summary_large_image\" \/>\n<meta name=\"twitter:label1\" content=\"Becs\u00fclt olvas\u00e1si id\u0151\" \/>\n\t<meta name=\"twitter:data1\" content=\"1 perc\" \/>\n<script type=\"application\/ld+json\" class=\"yoast-schema-graph\">{\"@context\":\"https:\\\/\\\/schema.org\",\"@graph\":[{\"@type\":\"WebPage\",\"@id\":\"https:\\\/\\\/egerhaziimre.hu\\\/index.php\\\/egerhazi-imre-hortobagyert-dijas-festomuvesz-az-en-pusztam-cimu-kiallitasa\\\/?lang=en\",\"url\":\"https:\\\/\\\/egerhaziimre.hu\\\/index.php\\\/egerhazi-imre-hortobagyert-dijas-festomuvesz-az-en-pusztam-cimu-kiallitasa\\\/?lang=en\",\"name\":\"\u00c9gerh\u00e1zi Imre Hortob\u00e1gy\u00e9rt d\u00edjas fest\u0151m\u0171v\u00e9sz \u201eAz \u00e9n puszt\u00e1m\u201d c\u00edm\u0171 ki\u00e1ll\u00edt\u00e1sa - \u00c9gerh\u00e1zi Imre\",\"isPartOf\":{\"@id\":\"https:\\\/\\\/egerhaziimre.hu\\\/#website\"},\"primaryImageOfPage\":{\"@id\":\"https:\\\/\\\/egerhaziimre.hu\\\/index.php\\\/egerhazi-imre-hortobagyert-dijas-festomuvesz-az-en-pusztam-cimu-kiallitasa\\\/?lang=en#primaryimage\"},\"image\":{\"@id\":\"https:\\\/\\\/egerhaziimre.hu\\\/index.php\\\/egerhazi-imre-hortobagyert-dijas-festomuvesz-az-en-pusztam-cimu-kiallitasa\\\/?lang=en#primaryimage\"},\"thumbnailUrl\":\"https:\\\/\\\/egerhaziimre.hu\\\/wp-content\\\/uploads\\\/2020\\\/06\\\/20110421_hortobagymeghivo1.jpg\",\"datePublished\":\"2011-04-21T10:15:26+00:00\",\"dateModified\":\"2020-10-01T10:22:34+00:00\",\"breadcrumb\":{\"@id\":\"https:\\\/\\\/egerhaziimre.hu\\\/index.php\\\/egerhazi-imre-hortobagyert-dijas-festomuvesz-az-en-pusztam-cimu-kiallitasa\\\/?lang=en#breadcrumb\"},\"inLanguage\":\"hu\",\"potentialAction\":[{\"@type\":\"ReadAction\",\"target\":[\"https:\\\/\\\/egerhaziimre.hu\\\/index.php\\\/egerhazi-imre-hortobagyert-dijas-festomuvesz-az-en-pusztam-cimu-kiallitasa\\\/?lang=en\"]}]},{\"@type\":\"ImageObject\",\"inLanguage\":\"hu\",\"@id\":\"https:\\\/\\\/egerhaziimre.hu\\\/index.php\\\/egerhazi-imre-hortobagyert-dijas-festomuvesz-az-en-pusztam-cimu-kiallitasa\\\/?lang=en#primaryimage\",\"url\":\"https:\\\/\\\/egerhaziimre.hu\\\/wp-content\\\/uploads\\\/2020\\\/06\\\/20110421_hortobagymeghivo1.jpg\",\"contentUrl\":\"https:\\\/\\\/egerhaziimre.hu\\\/wp-content\\\/uploads\\\/2020\\\/06\\\/20110421_hortobagymeghivo1.jpg\",\"width\":600,\"height\":286},{\"@type\":\"BreadcrumbList\",\"@id\":\"https:\\\/\\\/egerhaziimre.hu\\\/index.php\\\/egerhazi-imre-hortobagyert-dijas-festomuvesz-az-en-pusztam-cimu-kiallitasa\\\/?lang=en#breadcrumb\",\"itemListElement\":[{\"@type\":\"ListItem\",\"position\":1,\"name\":\"Home\",\"item\":\"https:\\\/\\\/egerhaziimre.hu\\\/\"},{\"@type\":\"ListItem\",\"position\":2,\"name\":\"Hortob\u00e1gy\u00e9rt Award-winner painter Imre \u00c9gerh\u00e1zi exhibition: My plain\"}]},{\"@type\":\"WebSite\",\"@id\":\"https:\\\/\\\/egerhaziimre.hu\\\/#website\",\"url\":\"https:\\\/\\\/egerhaziimre.hu\\\/\",\"name\":\"\u00c9gerh\u00e1zi Imre\",\"description\":\"\",\"potentialAction\":[{\"@type\":\"SearchAction\",\"target\":{\"@type\":\"EntryPoint\",\"urlTemplate\":\"https:\\\/\\\/egerhaziimre.hu\\\/?s={search_term_string}\"},\"query-input\":{\"@type\":\"PropertyValueSpecification\",\"valueRequired\":true,\"valueName\":\"search_term_string\"}}],\"inLanguage\":\"hu\"}]}<\/script>\n<!-- \/ Yoast SEO plugin. -->","yoast_head_json":{"title":"\u00c9gerh\u00e1zi Imre Hortob\u00e1gy\u00e9rt d\u00edjas fest\u0151m\u0171v\u00e9sz \u201eAz \u00e9n puszt\u00e1m\u201d c\u00edm\u0171 ki\u00e1ll\u00edt\u00e1sa - \u00c9gerh\u00e1zi Imre","robots":{"index":"index","follow":"follow","max-snippet":"max-snippet:-1","max-image-preview":"max-image-preview:large","max-video-preview":"max-video-preview:-1"},"canonical":"https:\/\/egerhaziimre.hu\/index.php\/egerhazi-imre-hortobagyert-dijas-festomuvesz-az-en-pusztam-cimu-kiallitasa\/?lang=en","og_locale":"hu_HU","og_type":"article","og_title":"\u00c9gerh\u00e1zi Imre Hortob\u00e1gy\u00e9rt d\u00edjas fest\u0151m\u0171v\u00e9sz \u201eAz \u00e9n puszt\u00e1m\u201d c\u00edm\u0171 ki\u00e1ll\u00edt\u00e1sa - \u00c9gerh\u00e1zi Imre","og_description":"[vc_row el_class=&#8221;margin_bottom_0 padding_bottom_0&#8243;][vc_column][vc_column_text]Hortob\u00e1gy K\u00f6zs\u00e9g \u00d6nkorm\u00e1nyzata nev\u00e9ben tisztelettel megh\u00edvom \u00c9gerh\u00e1zi Imre Hortob\u00e1gy\u00e9rt d\u00edjas fest\u0151m\u0171v\u00e9sz \u201eAz \u00e9n puszt\u00e1m\u201d c\u00edm\u0171 id\u0151szaki ki\u00e1ll\u00edt\u00e1s\u00e1nak \u00fcnnep\u00e9lyes megnyit\u00f3j\u00e1ra \u00e9s az \u00c9gerh\u00e1zi Imre Gal\u00e9ria avat\u00e1s\u00e1ra. Megnyit\u00f3: \u00e1prilis 21-\u00e9n, cs\u00fct\u00f6rt\u00f6k\u00f6n 10 \u00f3rakor Helysz\u00edn:\u00a0Gal\u00e9ria, Hortob\u00e1gy, Pet\u0151fi t\u00e9r 3. L\u00e1togathat\u00f3: szeptember 30-ig, naponta 10-16 \u00f3r\u00e1ig. Vincze Andr\u00e1sn\u00e9 polg\u00e1rmester[\/vc_column_text][vc_separator][vc_column_text] Megh\u00edv\u00f3 [\/vc_column_text][vc_column_text] [\/vc_column_text][\/vc_column][\/vc_row]","og_url":"https:\/\/egerhaziimre.hu\/index.php\/egerhazi-imre-hortobagyert-dijas-festomuvesz-az-en-pusztam-cimu-kiallitasa\/?lang=en","og_site_name":"\u00c9gerh\u00e1zi Imre","article_modified_time":"2020-10-01T10:22:34+00:00","og_image":[{"width":600,"height":286,"url":"https:\/\/egerhaziimre.hu\/wp-content\/uploads\/2020\/06\/20110421_hortobagymeghivo1.jpg","type":"image\/jpeg"}],"twitter_card":"summary_large_image","twitter_misc":{"Becs\u00fclt olvas\u00e1si id\u0151":"1 perc"},"schema":{"@context":"https:\/\/schema.org","@graph":[{"@type":"WebPage","@id":"https:\/\/egerhaziimre.hu\/index.php\/egerhazi-imre-hortobagyert-dijas-festomuvesz-az-en-pusztam-cimu-kiallitasa\/?lang=en","url":"https:\/\/egerhaziimre.hu\/index.php\/egerhazi-imre-hortobagyert-dijas-festomuvesz-az-en-pusztam-cimu-kiallitasa\/?lang=en","name":"\u00c9gerh\u00e1zi Imre Hortob\u00e1gy\u00e9rt d\u00edjas fest\u0151m\u0171v\u00e9sz \u201eAz \u00e9n puszt\u00e1m\u201d c\u00edm\u0171 ki\u00e1ll\u00edt\u00e1sa - \u00c9gerh\u00e1zi Imre","isPartOf":{"@id":"https:\/\/egerhaziimre.hu\/#website"},"primaryImageOfPage":{"@id":"https:\/\/egerhaziimre.hu\/index.php\/egerhazi-imre-hortobagyert-dijas-festomuvesz-az-en-pusztam-cimu-kiallitasa\/?lang=en#primaryimage"},"image":{"@id":"https:\/\/egerhaziimre.hu\/index.php\/egerhazi-imre-hortobagyert-dijas-festomuvesz-az-en-pusztam-cimu-kiallitasa\/?lang=en#primaryimage"},"thumbnailUrl":"https:\/\/egerhaziimre.hu\/wp-content\/uploads\/2020\/06\/20110421_hortobagymeghivo1.jpg","datePublished":"2011-04-21T10:15:26+00:00","dateModified":"2020-10-01T10:22:34+00:00","breadcrumb":{"@id":"https:\/\/egerhaziimre.hu\/index.php\/egerhazi-imre-hortobagyert-dijas-festomuvesz-az-en-pusztam-cimu-kiallitasa\/?lang=en#breadcrumb"},"inLanguage":"hu","potentialAction":[{"@type":"ReadAction","target":["https:\/\/egerhaziimre.hu\/index.php\/egerhazi-imre-hortobagyert-dijas-festomuvesz-az-en-pusztam-cimu-kiallitasa\/?lang=en"]}]},{"@type":"ImageObject","inLanguage":"hu","@id":"https:\/\/egerhaziimre.hu\/index.php\/egerhazi-imre-hortobagyert-dijas-festomuvesz-az-en-pusztam-cimu-kiallitasa\/?lang=en#primaryimage","url":"https:\/\/egerhaziimre.hu\/wp-content\/uploads\/2020\/06\/20110421_hortobagymeghivo1.jpg","contentUrl":"https:\/\/egerhaziimre.hu\/wp-content\/uploads\/2020\/06\/20110421_hortobagymeghivo1.jpg","width":600,"height":286},{"@type":"BreadcrumbList","@id":"https:\/\/egerhaziimre.hu\/index.php\/egerhazi-imre-hortobagyert-dijas-festomuvesz-az-en-pusztam-cimu-kiallitasa\/?lang=en#breadcrumb","itemListElement":[{"@type":"ListItem","position":1,"name":"Home","item":"https:\/\/egerhaziimre.hu\/"},{"@type":"ListItem","position":2,"name":"Hortob\u00e1gy\u00e9rt Award-winner painter Imre \u00c9gerh\u00e1zi exhibition: My plain"}]},{"@type":"WebSite","@id":"https:\/\/egerhaziimre.hu\/#website","url":"https:\/\/egerhaziimre.hu\/","name":"\u00c9gerh\u00e1zi Imre","description":"","potentialAction":[{"@type":"SearchAction","target":{"@type":"EntryPoint","urlTemplate":"https:\/\/egerhaziimre.hu\/?s={search_term_string}"},"query-input":{"@type":"PropertyValueSpecification","valueRequired":true,"valueName":"search_term_string"}}],"inLanguage":"hu"}]}},"jetpack_sharing_enabled":true,"_links":{"self":[{"href":"https:\/\/egerhaziimre.hu\/index.php\/wp-json\/wp\/v2\/pages\/10317","targetHints":{"allow":["GET"]}}],"collection":[{"href":"https:\/\/egerhaziimre.hu\/index.php\/wp-json\/wp\/v2\/pages"}],"about":[{"href":"https:\/\/egerhaziimre.hu\/index.php\/wp-json\/wp\/v2\/types\/page"}],"author":[{"embeddable":true,"href":"https:\/\/egerhaziimre.hu\/index.php\/wp-json\/wp\/v2\/users\/4"}],"replies":[{"embeddable":true,"href":"https:\/\/egerhaziimre.hu\/index.php\/wp-json\/wp\/v2\/comments?post=10317"}],"version-history":[{"count":1,"href":"https:\/\/egerhaziimre.hu\/index.php\/wp-json\/wp\/v2\/pages\/10317\/revisions"}],"predecessor-version":[{"id":10319,"href":"https:\/\/egerhaziimre.hu\/index.php\/wp-json\/wp\/v2\/pages\/10317\/revisions\/10319"}],"wp:featuredmedia":[{"embeddable":true,"href":"https:\/\/egerhaziimre.hu\/index.php\/wp-json\/wp\/v2\/media\/10320"}],"wp:attachment":[{"href":"https:\/\/egerhaziimre.hu\/index.php\/wp-json\/wp\/v2\/media?parent=10317"}],"wp:term":[{"taxonomy":"category","embeddable":true,"href":"https:\/\/egerhaziimre.hu\/index.php\/wp-json\/wp\/v2\/categories?post=10317"},{"taxonomy":"post_tag","embeddable":true,"href":"https:\/\/egerhaziimre.hu\/index.php\/wp-json\/wp\/v2\/tags?post=10317"}],"curies":[{"name":"wp","href":"https:\/\/api.w.org\/{rel}","templated":true}]}}