{"id":10341,"date":"2010-03-02T14:03:14","date_gmt":"2010-03-02T13:03:14","guid":{"rendered":"https:\/\/egerhaziimre.hu\/?page_id=10341"},"modified":"2020-10-01T14:08:22","modified_gmt":"2020-10-01T12:08:22","slug":"neprajzi-emlekek-kepeken-es-podiumokon","status":"publish","type":"page","link":"https:\/\/egerhaziimre.hu\/index.php\/neprajzi-emlekek-kepeken-es-podiumokon\/","title":{"rendered":"N\u00e9prajzi eml\u00e9kek k\u00e9peken \u00e9s p\u00f3diumokon"},"content":{"rendered":"<div class=\"wpb-content-wrapper\">[vc_row el_class=&#8221;margin_bottom_0 padding_bottom_0&#8243;][vc_column][vc_column_text]\u00c9gerh\u00e1zi Imre fest\u0151m\u0171v\u00e9sznek a n\u00e9pi m\u00falthoz k\u00f6t\u00f6d\u0151 t\u00e9m\u00e1j\u00fa k\u00e9peit \u00e1ll\u00edtott\u00e1k k a Medgyessy Eml\u00e9km\u00fazeumban.<\/p>\n<p>Debrecen. Rendhagy\u00f3 t\u00e1rlatot rendezett a megyei m\u00fazeumok igazgat\u00f3s\u00e1ga a m\u0171v\u00e9sz legkisebb fi\u00e1nak c\u00e9g\u00e9vel k\u00f6z\u00f6sen a Medgyessy Eml\u00e9km\u00fazeumban. Ez\u00fattal a termekben nem csak a k\u00e9pekben gy\u00f6ny\u00f6rk\u00f6dhet a l\u00e1togat\u00f3, hanem azok el\u0151ter\u00e9be t\u00f6bb n\u00e9prajzi t\u00e1rgyat is elhelyeztek r\u00e9szben alacsony p\u00f3diumokon. Ahogy a t\u00e1rlatot megnyit\u00f3 Lovas Kis Antal n\u00e9prajzkutat\u00f3 fogalmazott: ezzel egy k\u00f6zel 200 \u00e9ve k\u00fcl\u00f6nv\u00e1lt \u201eszek\u00e9rt\u00e1bort\u201d kapcsoltak \u00fajra \u00f6ssze. Akkor figyeltek fel ugyanis arra, hogy az als\u00f3bb n\u00e9pr\u00e9tegek eszk\u00f6zk\u00e9szlete olyan saj\u00e1tos plusz tartalmakat hordoz, amib\u0151l a \u201emagasabb\u201d kult\u00fara is mer\u00edthetne. Ezt a kett\u0151ss\u00e9get j\u00f3l egyes\u00edti \u00c9gerh\u00e1zi Imre k\u00e9pein, hiszen maga is szeg\u00e9ny sorb\u00f3l, egy egyszer\u0171 hajd\u00fahadh\u00e1zi csal\u00e1db\u00f3l jutott a debreceni v\u00e1rosi kult\u00far\u00e1ba, \u00edgy jobb reprezent\u00e1nsa nem is lehetne egy ilyen kapcsol\u00f3d\u00e1snak. Emellett csal\u00e1dja erd\u00e9lyi gy\u00f6kerei, a munk\u00e1juk\u00e9rt nemesei oklevelet kapott k\u00e9p\u00edr\u00f3 \u0151sei hitvall\u00e1sa is ott vannak k\u00e9pein.<\/p>\n<p>A t\u00e1rlaton megjelenteket Lakner Lajos a D\u00e9ri M\u00fazeum igazgat\u00f3ja azt emelte ki, a ki\u00e1ll\u00edt\u00e1s arra is j\u00f3, hogy megtapapasztalja a l\u00e1togat\u00f3, a val\u00f3s\u00e1g a k\u00e9peken hogyan alakul \u00e1t egy m\u00e1sik vil\u00e1gban. Filep Mikl\u00f3s a megyei \u00f6nkorm\u00e1nyzat int\u00e9zm\u00e9nyfenntart\u00f3i f\u0151oszt\u00e1lyvezet\u0151je arra eml\u00e9keztetett, hogy legut\u00f3bb 1999-ben \u00e1ll\u00edtott\u00e1k ki a 9 \u00e9ve elhunyt fest\u0151m\u0171v\u00e9sz k\u00e9peit a Medgyessy Eml\u00e9km\u00fazeumban, \u00e9s annak a t\u00e1rlatnak az anyag\u00e1b\u00f3l ezen a ki\u00e1ll\u00edt\u00e1son is l\u00e1that\u00f3 n\u00e9h\u00e1ny k\u00e9p. A megnyit\u00f3t a m\u0171v\u00e9sz legkisebb fia, \u00c9gerh\u00e1zi Attlia vezette Djabe egy\u00fcttes r\u00f6vid koncertje z\u00e1rta. A t\u00e1rlat h\u00e9tf\u0151 kiv\u00e9tel\u00e9vel, j\u00fanius 13-ig l\u00e1togathat\u00f3.<\/p>\n<p>\u00c9gerh\u00e1zi P\u00e9ter<br \/>\n\u00fajs\u00e1g\u00edr\u00f3[\/vc_column_text][vc_separator][vc_column_text]\n<h6>Photo gallery<\/h6>\n[\/vc_column_text][vc_media_grid style=&#8221;pagination&#8221; items_per_page=&#8221;8&#8243; element_width=&#8221;3&#8243; gap=&#8221;30&#8243; arrows_design=&#8221;vc_arrow-icon-arrow_01_left&#8221; arrows_color=&#8221;black&#8221; paging_design=&#8221;pagination_square&#8221; paging_color=&#8221;black&#8221; loop=&#8221;yes&#8221; grid_id=&#8221;vc_gid:1601553796497-8f0e1fe2-62f5-0&#8243; include=&#8221;10343,10344,10345,10346,10347,10348,10349,10350,10351,10352,10353,10354,10355,10356,10357,10358,10359,10360,10361,10362,10363,10364,10365,10366,10367,10368,10369&#8243;][\/vc_column][\/vc_row]\n<\/div>","protected":false},"excerpt":{"rendered":"<p>[vc_row el_class=&#8221;margin_bottom_0 padding_bottom_0&#8243;][vc_column][vc_column_text]\u00c9gerh\u00e1zi Imre fest\u0151m\u0171v\u00e9sznek a n\u00e9pi m\u00falthoz k\u00f6t\u00f6d\u0151 t\u00e9m\u00e1j\u00fa k\u00e9peit \u00e1ll\u00edtott\u00e1k k a Medgyessy Eml\u00e9km\u00fazeumban. Debrecen. Rendhagy\u00f3 t\u00e1rlatot rendezett a megyei m\u00fazeumok igazgat\u00f3s\u00e1ga a m\u0171v\u00e9sz legkisebb fi\u00e1nak c\u00e9g\u00e9vel k\u00f6z\u00f6sen a Medgyessy Eml\u00e9km\u00fazeumban. Ez\u00fattal a termekben nem csak a k\u00e9pekben gy\u00f6ny\u00f6rk\u00f6dhet a l\u00e1togat\u00f3, hanem azok el\u0151ter\u00e9be t\u00f6bb n\u00e9prajzi t\u00e1rgyat is elhelyeztek r\u00e9szben alacsony p\u00f3diumokon. Ahogy a t\u00e1rlatot megnyit\u00f3 Lovas Kis [&hellip;]<\/p>\n","protected":false},"author":4,"featured_media":10355,"parent":0,"menu_order":0,"comment_status":"closed","ping_status":"closed","template":"","meta":{"footnotes":""},"categories":[13],"tags":[98],"class_list":["post-10341","page","type-page","status-publish","has-post-thumbnail","hentry","category-hirek","tag-98"],"yoast_head":"<!-- This site is optimized with the Yoast SEO plugin v27.0 - https:\/\/yoast.com\/product\/yoast-seo-wordpress\/ -->\n<title>N\u00e9prajzi eml\u00e9kek k\u00e9peken \u00e9s p\u00f3diumokon - \u00c9gerh\u00e1zi Imre<\/title>\n<meta name=\"robots\" content=\"index, follow, max-snippet:-1, max-image-preview:large, max-video-preview:-1\" \/>\n<link rel=\"canonical\" href=\"https:\/\/egerhaziimre.hu\/index.php\/neprajzi-emlekek-kepeken-es-podiumokon\/?lang=en\" \/>\n<meta property=\"og:locale\" content=\"hu_HU\" \/>\n<meta property=\"og:type\" content=\"article\" \/>\n<meta property=\"og:title\" content=\"N\u00e9prajzi eml\u00e9kek k\u00e9peken \u00e9s p\u00f3diumokon - \u00c9gerh\u00e1zi Imre\" \/>\n<meta property=\"og:description\" content=\"[vc_row el_class=&#8221;margin_bottom_0 padding_bottom_0&#8243;][vc_column][vc_column_text]\u00c9gerh\u00e1zi Imre fest\u0151m\u0171v\u00e9sznek a n\u00e9pi m\u00falthoz k\u00f6t\u00f6d\u0151 t\u00e9m\u00e1j\u00fa k\u00e9peit \u00e1ll\u00edtott\u00e1k k a Medgyessy Eml\u00e9km\u00fazeumban. Debrecen. Rendhagy\u00f3 t\u00e1rlatot rendezett a megyei m\u00fazeumok igazgat\u00f3s\u00e1ga a m\u0171v\u00e9sz legkisebb fi\u00e1nak c\u00e9g\u00e9vel k\u00f6z\u00f6sen a Medgyessy Eml\u00e9km\u00fazeumban. Ez\u00fattal a termekben nem csak a k\u00e9pekben gy\u00f6ny\u00f6rk\u00f6dhet a l\u00e1togat\u00f3, hanem azok el\u0151ter\u00e9be t\u00f6bb n\u00e9prajzi t\u00e1rgyat is elhelyeztek r\u00e9szben alacsony p\u00f3diumokon. Ahogy a t\u00e1rlatot megnyit\u00f3 Lovas Kis [&hellip;]\" \/>\n<meta property=\"og:url\" content=\"https:\/\/egerhaziimre.hu\/index.php\/neprajzi-emlekek-kepeken-es-podiumokon\/?lang=en\" \/>\n<meta property=\"og:site_name\" content=\"\u00c9gerh\u00e1zi Imre\" \/>\n<meta property=\"article:modified_time\" content=\"2020-10-01T12:08:22+00:00\" \/>\n<meta property=\"og:image\" content=\"https:\/\/egerhaziimre.hu\/wp-content\/uploads\/2020\/10\/hir100302_13.jpg\" \/>\n\t<meta property=\"og:image:width\" content=\"640\" \/>\n\t<meta property=\"og:image:height\" content=\"431\" \/>\n\t<meta property=\"og:image:type\" content=\"image\/jpeg\" \/>\n<meta name=\"twitter:card\" content=\"summary_large_image\" \/>\n<meta name=\"twitter:label1\" content=\"Becs\u00fclt olvas\u00e1si id\u0151\" \/>\n\t<meta name=\"twitter:data1\" content=\"4 perc\" \/>\n<script type=\"application\/ld+json\" class=\"yoast-schema-graph\">{\"@context\":\"https:\/\/schema.org\",\"@graph\":[{\"@type\":\"WebPage\",\"@id\":\"https:\/\/egerhaziimre.hu\/index.php\/neprajzi-emlekek-kepeken-es-podiumokon\/?lang=en\",\"url\":\"https:\/\/egerhaziimre.hu\/index.php\/neprajzi-emlekek-kepeken-es-podiumokon\/?lang=en\",\"name\":\"N\u00e9prajzi eml\u00e9kek k\u00e9peken \u00e9s p\u00f3diumokon - \u00c9gerh\u00e1zi Imre\",\"isPartOf\":{\"@id\":\"https:\/\/egerhaziimre.hu\/#website\"},\"primaryImageOfPage\":{\"@id\":\"https:\/\/egerhaziimre.hu\/index.php\/neprajzi-emlekek-kepeken-es-podiumokon\/?lang=en#primaryimage\"},\"image\":{\"@id\":\"https:\/\/egerhaziimre.hu\/index.php\/neprajzi-emlekek-kepeken-es-podiumokon\/?lang=en#primaryimage\"},\"thumbnailUrl\":\"https:\/\/egerhaziimre.hu\/wp-content\/uploads\/2020\/10\/hir100302_13.jpg\",\"datePublished\":\"2010-03-02T13:03:14+00:00\",\"dateModified\":\"2020-10-01T12:08:22+00:00\",\"breadcrumb\":{\"@id\":\"https:\/\/egerhaziimre.hu\/index.php\/neprajzi-emlekek-kepeken-es-podiumokon\/?lang=en#breadcrumb\"},\"inLanguage\":\"hu\",\"potentialAction\":[{\"@type\":\"ReadAction\",\"target\":[\"https:\/\/egerhaziimre.hu\/index.php\/neprajzi-emlekek-kepeken-es-podiumokon\/?lang=en\"]}]},{\"@type\":\"ImageObject\",\"inLanguage\":\"hu\",\"@id\":\"https:\/\/egerhaziimre.hu\/index.php\/neprajzi-emlekek-kepeken-es-podiumokon\/?lang=en#primaryimage\",\"url\":\"https:\/\/egerhaziimre.hu\/wp-content\/uploads\/2020\/10\/hir100302_13.jpg\",\"contentUrl\":\"https:\/\/egerhaziimre.hu\/wp-content\/uploads\/2020\/10\/hir100302_13.jpg\",\"width\":640,\"height\":431,\"caption\":\"SONY DSC\"},{\"@type\":\"BreadcrumbList\",\"@id\":\"https:\/\/egerhaziimre.hu\/index.php\/neprajzi-emlekek-kepeken-es-podiumokon\/?lang=en#breadcrumb\",\"itemListElement\":[{\"@type\":\"ListItem\",\"position\":1,\"name\":\"Home\",\"item\":\"https:\/\/egerhaziimre.hu\/\"},{\"@type\":\"ListItem\",\"position\":2,\"name\":\"Ethnographic monuments on pictures and podiums\"}]},{\"@type\":\"WebSite\",\"@id\":\"https:\/\/egerhaziimre.hu\/#website\",\"url\":\"https:\/\/egerhaziimre.hu\/\",\"name\":\"\u00c9gerh\u00e1zi Imre\",\"description\":\"\",\"potentialAction\":[{\"@type\":\"SearchAction\",\"target\":{\"@type\":\"EntryPoint\",\"urlTemplate\":\"https:\/\/egerhaziimre.hu\/?s={search_term_string}\"},\"query-input\":{\"@type\":\"PropertyValueSpecification\",\"valueRequired\":true,\"valueName\":\"search_term_string\"}}],\"inLanguage\":\"hu\"}]}<\/script>\n<!-- \/ Yoast SEO plugin. -->","yoast_head_json":{"title":"N\u00e9prajzi eml\u00e9kek k\u00e9peken \u00e9s p\u00f3diumokon - \u00c9gerh\u00e1zi Imre","robots":{"index":"index","follow":"follow","max-snippet":"max-snippet:-1","max-image-preview":"max-image-preview:large","max-video-preview":"max-video-preview:-1"},"canonical":"https:\/\/egerhaziimre.hu\/index.php\/neprajzi-emlekek-kepeken-es-podiumokon\/?lang=en","og_locale":"hu_HU","og_type":"article","og_title":"N\u00e9prajzi eml\u00e9kek k\u00e9peken \u00e9s p\u00f3diumokon - \u00c9gerh\u00e1zi Imre","og_description":"[vc_row el_class=&#8221;margin_bottom_0 padding_bottom_0&#8243;][vc_column][vc_column_text]\u00c9gerh\u00e1zi Imre fest\u0151m\u0171v\u00e9sznek a n\u00e9pi m\u00falthoz k\u00f6t\u00f6d\u0151 t\u00e9m\u00e1j\u00fa k\u00e9peit \u00e1ll\u00edtott\u00e1k k a Medgyessy Eml\u00e9km\u00fazeumban. Debrecen. Rendhagy\u00f3 t\u00e1rlatot rendezett a megyei m\u00fazeumok igazgat\u00f3s\u00e1ga a m\u0171v\u00e9sz legkisebb fi\u00e1nak c\u00e9g\u00e9vel k\u00f6z\u00f6sen a Medgyessy Eml\u00e9km\u00fazeumban. Ez\u00fattal a termekben nem csak a k\u00e9pekben gy\u00f6ny\u00f6rk\u00f6dhet a l\u00e1togat\u00f3, hanem azok el\u0151ter\u00e9be t\u00f6bb n\u00e9prajzi t\u00e1rgyat is elhelyeztek r\u00e9szben alacsony p\u00f3diumokon. Ahogy a t\u00e1rlatot megnyit\u00f3 Lovas Kis [&hellip;]","og_url":"https:\/\/egerhaziimre.hu\/index.php\/neprajzi-emlekek-kepeken-es-podiumokon\/?lang=en","og_site_name":"\u00c9gerh\u00e1zi Imre","article_modified_time":"2020-10-01T12:08:22+00:00","og_image":[{"width":640,"height":431,"url":"https:\/\/egerhaziimre.hu\/wp-content\/uploads\/2020\/10\/hir100302_13.jpg","type":"image\/jpeg"}],"twitter_card":"summary_large_image","twitter_misc":{"Becs\u00fclt olvas\u00e1si id\u0151":"4 perc"},"schema":{"@context":"https:\/\/schema.org","@graph":[{"@type":"WebPage","@id":"https:\/\/egerhaziimre.hu\/index.php\/neprajzi-emlekek-kepeken-es-podiumokon\/?lang=en","url":"https:\/\/egerhaziimre.hu\/index.php\/neprajzi-emlekek-kepeken-es-podiumokon\/?lang=en","name":"N\u00e9prajzi eml\u00e9kek k\u00e9peken \u00e9s p\u00f3diumokon - \u00c9gerh\u00e1zi Imre","isPartOf":{"@id":"https:\/\/egerhaziimre.hu\/#website"},"primaryImageOfPage":{"@id":"https:\/\/egerhaziimre.hu\/index.php\/neprajzi-emlekek-kepeken-es-podiumokon\/?lang=en#primaryimage"},"image":{"@id":"https:\/\/egerhaziimre.hu\/index.php\/neprajzi-emlekek-kepeken-es-podiumokon\/?lang=en#primaryimage"},"thumbnailUrl":"https:\/\/egerhaziimre.hu\/wp-content\/uploads\/2020\/10\/hir100302_13.jpg","datePublished":"2010-03-02T13:03:14+00:00","dateModified":"2020-10-01T12:08:22+00:00","breadcrumb":{"@id":"https:\/\/egerhaziimre.hu\/index.php\/neprajzi-emlekek-kepeken-es-podiumokon\/?lang=en#breadcrumb"},"inLanguage":"hu","potentialAction":[{"@type":"ReadAction","target":["https:\/\/egerhaziimre.hu\/index.php\/neprajzi-emlekek-kepeken-es-podiumokon\/?lang=en"]}]},{"@type":"ImageObject","inLanguage":"hu","@id":"https:\/\/egerhaziimre.hu\/index.php\/neprajzi-emlekek-kepeken-es-podiumokon\/?lang=en#primaryimage","url":"https:\/\/egerhaziimre.hu\/wp-content\/uploads\/2020\/10\/hir100302_13.jpg","contentUrl":"https:\/\/egerhaziimre.hu\/wp-content\/uploads\/2020\/10\/hir100302_13.jpg","width":640,"height":431,"caption":"SONY DSC"},{"@type":"BreadcrumbList","@id":"https:\/\/egerhaziimre.hu\/index.php\/neprajzi-emlekek-kepeken-es-podiumokon\/?lang=en#breadcrumb","itemListElement":[{"@type":"ListItem","position":1,"name":"Home","item":"https:\/\/egerhaziimre.hu\/"},{"@type":"ListItem","position":2,"name":"Ethnographic monuments on pictures and podiums"}]},{"@type":"WebSite","@id":"https:\/\/egerhaziimre.hu\/#website","url":"https:\/\/egerhaziimre.hu\/","name":"\u00c9gerh\u00e1zi Imre","description":"","potentialAction":[{"@type":"SearchAction","target":{"@type":"EntryPoint","urlTemplate":"https:\/\/egerhaziimre.hu\/?s={search_term_string}"},"query-input":{"@type":"PropertyValueSpecification","valueRequired":true,"valueName":"search_term_string"}}],"inLanguage":"hu"}]}},"jetpack_sharing_enabled":true,"_links":{"self":[{"href":"https:\/\/egerhaziimre.hu\/index.php\/wp-json\/wp\/v2\/pages\/10341","targetHints":{"allow":["GET"]}}],"collection":[{"href":"https:\/\/egerhaziimre.hu\/index.php\/wp-json\/wp\/v2\/pages"}],"about":[{"href":"https:\/\/egerhaziimre.hu\/index.php\/wp-json\/wp\/v2\/types\/page"}],"author":[{"embeddable":true,"href":"https:\/\/egerhaziimre.hu\/index.php\/wp-json\/wp\/v2\/users\/4"}],"replies":[{"embeddable":true,"href":"https:\/\/egerhaziimre.hu\/index.php\/wp-json\/wp\/v2\/comments?post=10341"}],"version-history":[{"count":2,"href":"https:\/\/egerhaziimre.hu\/index.php\/wp-json\/wp\/v2\/pages\/10341\/revisions"}],"predecessor-version":[{"id":10370,"href":"https:\/\/egerhaziimre.hu\/index.php\/wp-json\/wp\/v2\/pages\/10341\/revisions\/10370"}],"wp:featuredmedia":[{"embeddable":true,"href":"https:\/\/egerhaziimre.hu\/index.php\/wp-json\/wp\/v2\/media\/10355"}],"wp:attachment":[{"href":"https:\/\/egerhaziimre.hu\/index.php\/wp-json\/wp\/v2\/media?parent=10341"}],"wp:term":[{"taxonomy":"category","embeddable":true,"href":"https:\/\/egerhaziimre.hu\/index.php\/wp-json\/wp\/v2\/categories?post=10341"},{"taxonomy":"post_tag","embeddable":true,"href":"https:\/\/egerhaziimre.hu\/index.php\/wp-json\/wp\/v2\/tags?post=10341"}],"curies":[{"name":"wp","href":"https:\/\/api.w.org\/{rel}","templated":true}]}}