{"id":10428,"date":"2008-05-13T13:24:42","date_gmt":"2008-05-13T11:24:42","guid":{"rendered":"https:\/\/egerhaziimre.hu\/?page_id=10428"},"modified":"2020-10-02T13:47:20","modified_gmt":"2020-10-02T11:47:20","slug":"hollo-dijasok-kiallitasan","status":"publish","type":"page","link":"https:\/\/egerhaziimre.hu\/index.php\/hollo-dijasok-kiallitasan\/","title":{"rendered":"Holl\u00f3-d\u00edjasok ki\u00e1ll\u00edt\u00e1s\u00e1n"},"content":{"rendered":"<div class=\"wpb-content-wrapper\">[vc_row el_class=&#8221;margin_bottom_0 padding_bottom_0&#8243;][vc_column][vc_column_text]A 121 \u00e9ve sz\u00fcletett Holl\u00f3 L\u00e1szl\u00f3 fest\u0151m\u0171v\u00e9sz eml\u00e9k\u00e9re 1987-ben alap\u00edtott d\u00edjban r\u00e9szes\u00fclt k\u00e9pz\u0151m\u0171v\u00e9szek &#8211; k\u00f6zt\u00fck \u00c9gerh\u00e1zi Imre &#8211; alkot\u00e1saib\u00f3l rendeztek ki\u00e1ll\u00edt\u00e1st, amely nemr\u00e9g z\u00e1rult a debreceni HBZ Gal\u00e9ri\u00e1ban.<\/p>\n<p>A c\u00e9g Galamb utcai impoz\u00e1ns \u00e9p\u00fclet\u00e9ben megrendezett t\u00e1rlaton 22 m\u0171v\u00e9sz munk\u00e1i l\u00e1that\u00f3k \u00e1prilis 30-ig. A ki\u00e1ll\u00edt\u00e1st megnyit\u00f3 dr. Vit\u00e9z Ferenc szint\u00e9n Holl\u00f3 L\u00e1szl\u00f3-d\u00edjas m\u0171v\u00e9szeti \u00edr\u00f3 eml\u00e9keztetett arra, hogy az 1914-t\u0151l Debrecenben \u00e9lt m\u0171v\u00e9sz eml\u00e9k\u00e9re sz\u00fclet\u00e9s\u00e9nek sz\u00e1zadik \u00e9vfordul\u00f3j\u00e1n alap\u00edtott d\u00edjat eddig mintegy f\u00e9lsz\u00e1zan kapt\u00e1k meg, fele r\u00e9szben k\u00e9pz\u0151m\u0171v\u00e9szek. \u00c9gerh\u00e1zi Imre fest\u0151m\u0171v\u00e9sz, akinek hajd\u00fahadh\u00e1zi eml\u00e9kh\u00e1z\u00e1ban 2007. november\u00e9t\u0151l Holl\u00f3 L\u00e1szl\u00f3 eml\u00e9kszoba is tal\u00e1lhat\u00f3, 1995-ben kapta meg az egykori egyik mester\u00e9r\u0151l \u00e9s bar\u00e1tj\u00e1r\u00f3l elnevezett d\u00edjat.<\/p>\n<p>A ki\u00e1ll\u00edt\u00e1s megnyit\u00f3ja egyben alkalmat adott az idei Holl\u00f3 L\u00e1szl\u00f3-d\u00edj \u00e9s oklevelek \u00e1tny\u00fajt\u00e1s\u00e1ra. Ebben az esztend\u0151ben Lovas Kiss Antal grafikus \u00e9s fest\u0151m\u0171v\u00e9sz kapta a d\u00edjat, m\u00edg az \u00c9gerh\u00e1zi Imre eml\u00e9k\u00e9nek \u00e9s m\u0171v\u00e9szeti hagyat\u00e9k\u00e1nak m\u00e9lt\u00f3 meg\u0151rz\u00e9s\u00e9\u00e9rt rendk\u00edv\u00fcl sokat tett B\u00e9res L\u00e1szl\u00f3 Hajd\u00fahadh\u00e1z polg\u00e1rmestere, ez\u00fattal a Holl\u00f3-kultusz \u00e1pol\u00e1s\u00e1\u00e9rt vehetett \u00e1t oklevelet.[\/vc_column_text][vc_separator][vc_column_text]\n<h6>Fot\u00f3gal\u00e9ria<\/h6>\n[\/vc_column_text][vc_media_grid style=&#8221;pagination&#8221; items_per_page=&#8221;8&#8243; element_width=&#8221;3&#8243; gap=&#8221;30&#8243; arrows_design=&#8221;vc_arrow-icon-arrow_01_left&#8221; arrows_color=&#8221;black&#8221; paging_design=&#8221;pagination_square&#8221; paging_color=&#8221;black&#8221; loop=&#8221;yes&#8221; grid_id=&#8221;vc_gid:1601637945570-53cea9ab-51d0-0&#8243; include=&#8221;10429,10430,10431,10432,10433,10434&#8243;][\/vc_column][\/vc_row]\n<\/div>","protected":false},"excerpt":{"rendered":"<p>[vc_row el_class=&#8221;margin_bottom_0 padding_bottom_0&#8243;][vc_column][vc_column_text]A 121 \u00e9ve sz\u00fcletett Holl\u00f3 L\u00e1szl\u00f3 fest\u0151m\u0171v\u00e9sz eml\u00e9k\u00e9re 1987-ben alap\u00edtott d\u00edjban r\u00e9szes\u00fclt k\u00e9pz\u0151m\u0171v\u00e9szek &#8211; k\u00f6zt\u00fck \u00c9gerh\u00e1zi Imre &#8211; alkot\u00e1saib\u00f3l rendeztek ki\u00e1ll\u00edt\u00e1st, amely nemr\u00e9g z\u00e1rult a debreceni HBZ Gal\u00e9ri\u00e1ban. A c\u00e9g Galamb utcai impoz\u00e1ns \u00e9p\u00fclet\u00e9ben megrendezett t\u00e1rlaton 22 m\u0171v\u00e9sz munk\u00e1i l\u00e1that\u00f3k \u00e1prilis 30-ig. A ki\u00e1ll\u00edt\u00e1st megnyit\u00f3 dr. Vit\u00e9z Ferenc szint\u00e9n Holl\u00f3 L\u00e1szl\u00f3-d\u00edjas m\u0171v\u00e9szeti \u00edr\u00f3 eml\u00e9keztetett arra, hogy az 1914-t\u0151l [&hellip;]<\/p>\n","protected":false},"author":4,"featured_media":10434,"parent":0,"menu_order":0,"comment_status":"closed","ping_status":"closed","template":"","meta":{"footnotes":""},"categories":[13],"tags":[162],"class_list":["post-10428","page","type-page","status-publish","has-post-thumbnail","hentry","category-hirek","tag-162"],"yoast_head":"<!-- This site is optimized with the Yoast SEO plugin v27.3 - https:\/\/yoast.com\/product\/yoast-seo-wordpress\/ -->\n<title>Holl\u00f3-d\u00edjasok ki\u00e1ll\u00edt\u00e1s\u00e1n - \u00c9gerh\u00e1zi Imre<\/title>\n<meta name=\"robots\" content=\"index, follow, max-snippet:-1, max-image-preview:large, max-video-preview:-1\" \/>\n<link rel=\"canonical\" href=\"https:\/\/egerhaziimre.hu\/index.php\/hollo-dijasok-kiallitasan\/?lang=en\" \/>\n<meta property=\"og:locale\" content=\"hu_HU\" \/>\n<meta property=\"og:type\" content=\"article\" \/>\n<meta property=\"og:title\" content=\"Holl\u00f3-d\u00edjasok ki\u00e1ll\u00edt\u00e1s\u00e1n - \u00c9gerh\u00e1zi Imre\" \/>\n<meta property=\"og:description\" content=\"[vc_row el_class=&#8221;margin_bottom_0 padding_bottom_0&#8243;][vc_column][vc_column_text]A 121 \u00e9ve sz\u00fcletett Holl\u00f3 L\u00e1szl\u00f3 fest\u0151m\u0171v\u00e9sz eml\u00e9k\u00e9re 1987-ben alap\u00edtott d\u00edjban r\u00e9szes\u00fclt k\u00e9pz\u0151m\u0171v\u00e9szek &#8211; k\u00f6zt\u00fck \u00c9gerh\u00e1zi Imre &#8211; alkot\u00e1saib\u00f3l rendeztek ki\u00e1ll\u00edt\u00e1st, amely nemr\u00e9g z\u00e1rult a debreceni HBZ Gal\u00e9ri\u00e1ban. A c\u00e9g Galamb utcai impoz\u00e1ns \u00e9p\u00fclet\u00e9ben megrendezett t\u00e1rlaton 22 m\u0171v\u00e9sz munk\u00e1i l\u00e1that\u00f3k \u00e1prilis 30-ig. A ki\u00e1ll\u00edt\u00e1st megnyit\u00f3 dr. Vit\u00e9z Ferenc szint\u00e9n Holl\u00f3 L\u00e1szl\u00f3-d\u00edjas m\u0171v\u00e9szeti \u00edr\u00f3 eml\u00e9keztetett arra, hogy az 1914-t\u0151l [&hellip;]\" \/>\n<meta property=\"og:url\" content=\"https:\/\/egerhaziimre.hu\/index.php\/hollo-dijasok-kiallitasan\/?lang=en\" \/>\n<meta property=\"og:site_name\" content=\"\u00c9gerh\u00e1zi Imre\" \/>\n<meta property=\"article:modified_time\" content=\"2020-10-02T11:47:20+00:00\" \/>\n<meta property=\"og:image\" content=\"https:\/\/egerhaziimre.hu\/wp-content\/uploads\/2020\/10\/hollodijasok_2008_hbz6.jpg\" \/>\n\t<meta property=\"og:image:width\" content=\"600\" \/>\n\t<meta property=\"og:image:height\" content=\"447\" \/>\n\t<meta property=\"og:image:type\" content=\"image\/jpeg\" \/>\n<meta name=\"twitter:card\" content=\"summary_large_image\" \/>\n<meta name=\"twitter:label1\" content=\"Becs\u00fclt olvas\u00e1si id\u0151\" \/>\n\t<meta name=\"twitter:data1\" content=\"3 perc\" \/>\n<script type=\"application\/ld+json\" class=\"yoast-schema-graph\">{\"@context\":\"https:\\\/\\\/schema.org\",\"@graph\":[{\"@type\":\"WebPage\",\"@id\":\"https:\\\/\\\/egerhaziimre.hu\\\/index.php\\\/hollo-dijasok-kiallitasan\\\/?lang=en\",\"url\":\"https:\\\/\\\/egerhaziimre.hu\\\/index.php\\\/hollo-dijasok-kiallitasan\\\/?lang=en\",\"name\":\"Holl\u00f3-d\u00edjasok ki\u00e1ll\u00edt\u00e1s\u00e1n - \u00c9gerh\u00e1zi Imre\",\"isPartOf\":{\"@id\":\"https:\\\/\\\/egerhaziimre.hu\\\/#website\"},\"primaryImageOfPage\":{\"@id\":\"https:\\\/\\\/egerhaziimre.hu\\\/index.php\\\/hollo-dijasok-kiallitasan\\\/?lang=en#primaryimage\"},\"image\":{\"@id\":\"https:\\\/\\\/egerhaziimre.hu\\\/index.php\\\/hollo-dijasok-kiallitasan\\\/?lang=en#primaryimage\"},\"thumbnailUrl\":\"https:\\\/\\\/egerhaziimre.hu\\\/wp-content\\\/uploads\\\/2020\\\/10\\\/hollodijasok_2008_hbz6.jpg\",\"datePublished\":\"2008-05-13T11:24:42+00:00\",\"dateModified\":\"2020-10-02T11:47:20+00:00\",\"breadcrumb\":{\"@id\":\"https:\\\/\\\/egerhaziimre.hu\\\/index.php\\\/hollo-dijasok-kiallitasan\\\/?lang=en#breadcrumb\"},\"inLanguage\":\"hu\",\"potentialAction\":[{\"@type\":\"ReadAction\",\"target\":[\"https:\\\/\\\/egerhaziimre.hu\\\/index.php\\\/hollo-dijasok-kiallitasan\\\/?lang=en\"]}]},{\"@type\":\"ImageObject\",\"inLanguage\":\"hu\",\"@id\":\"https:\\\/\\\/egerhaziimre.hu\\\/index.php\\\/hollo-dijasok-kiallitasan\\\/?lang=en#primaryimage\",\"url\":\"https:\\\/\\\/egerhaziimre.hu\\\/wp-content\\\/uploads\\\/2020\\\/10\\\/hollodijasok_2008_hbz6.jpg\",\"contentUrl\":\"https:\\\/\\\/egerhaziimre.hu\\\/wp-content\\\/uploads\\\/2020\\\/10\\\/hollodijasok_2008_hbz6.jpg\",\"width\":600,\"height\":447,\"caption\":\"Holl\u00f3-d\u00edjasok ki\u00e1ll\u00edt\u00e1s\u00e1n\"},{\"@type\":\"BreadcrumbList\",\"@id\":\"https:\\\/\\\/egerhaziimre.hu\\\/index.php\\\/hollo-dijasok-kiallitasan\\\/?lang=en#breadcrumb\",\"itemListElement\":[{\"@type\":\"ListItem\",\"position\":1,\"name\":\"Home\",\"item\":\"https:\\\/\\\/egerhaziimre.hu\\\/\"},{\"@type\":\"ListItem\",\"position\":2,\"name\":\"At an exhibition of Holl\u00f3 Award-winners\"}]},{\"@type\":\"WebSite\",\"@id\":\"https:\\\/\\\/egerhaziimre.hu\\\/#website\",\"url\":\"https:\\\/\\\/egerhaziimre.hu\\\/\",\"name\":\"\u00c9gerh\u00e1zi Imre\",\"description\":\"\",\"potentialAction\":[{\"@type\":\"SearchAction\",\"target\":{\"@type\":\"EntryPoint\",\"urlTemplate\":\"https:\\\/\\\/egerhaziimre.hu\\\/?s={search_term_string}\"},\"query-input\":{\"@type\":\"PropertyValueSpecification\",\"valueRequired\":true,\"valueName\":\"search_term_string\"}}],\"inLanguage\":\"hu\"}]}<\/script>\n<!-- \/ Yoast SEO plugin. -->","yoast_head_json":{"title":"Holl\u00f3-d\u00edjasok ki\u00e1ll\u00edt\u00e1s\u00e1n - \u00c9gerh\u00e1zi Imre","robots":{"index":"index","follow":"follow","max-snippet":"max-snippet:-1","max-image-preview":"max-image-preview:large","max-video-preview":"max-video-preview:-1"},"canonical":"https:\/\/egerhaziimre.hu\/index.php\/hollo-dijasok-kiallitasan\/?lang=en","og_locale":"hu_HU","og_type":"article","og_title":"Holl\u00f3-d\u00edjasok ki\u00e1ll\u00edt\u00e1s\u00e1n - \u00c9gerh\u00e1zi Imre","og_description":"[vc_row el_class=&#8221;margin_bottom_0 padding_bottom_0&#8243;][vc_column][vc_column_text]A 121 \u00e9ve sz\u00fcletett Holl\u00f3 L\u00e1szl\u00f3 fest\u0151m\u0171v\u00e9sz eml\u00e9k\u00e9re 1987-ben alap\u00edtott d\u00edjban r\u00e9szes\u00fclt k\u00e9pz\u0151m\u0171v\u00e9szek &#8211; k\u00f6zt\u00fck \u00c9gerh\u00e1zi Imre &#8211; alkot\u00e1saib\u00f3l rendeztek ki\u00e1ll\u00edt\u00e1st, amely nemr\u00e9g z\u00e1rult a debreceni HBZ Gal\u00e9ri\u00e1ban. A c\u00e9g Galamb utcai impoz\u00e1ns \u00e9p\u00fclet\u00e9ben megrendezett t\u00e1rlaton 22 m\u0171v\u00e9sz munk\u00e1i l\u00e1that\u00f3k \u00e1prilis 30-ig. A ki\u00e1ll\u00edt\u00e1st megnyit\u00f3 dr. Vit\u00e9z Ferenc szint\u00e9n Holl\u00f3 L\u00e1szl\u00f3-d\u00edjas m\u0171v\u00e9szeti \u00edr\u00f3 eml\u00e9keztetett arra, hogy az 1914-t\u0151l [&hellip;]","og_url":"https:\/\/egerhaziimre.hu\/index.php\/hollo-dijasok-kiallitasan\/?lang=en","og_site_name":"\u00c9gerh\u00e1zi Imre","article_modified_time":"2020-10-02T11:47:20+00:00","og_image":[{"width":600,"height":447,"url":"https:\/\/egerhaziimre.hu\/wp-content\/uploads\/2020\/10\/hollodijasok_2008_hbz6.jpg","type":"image\/jpeg"}],"twitter_card":"summary_large_image","twitter_misc":{"Becs\u00fclt olvas\u00e1si id\u0151":"3 perc"},"schema":{"@context":"https:\/\/schema.org","@graph":[{"@type":"WebPage","@id":"https:\/\/egerhaziimre.hu\/index.php\/hollo-dijasok-kiallitasan\/?lang=en","url":"https:\/\/egerhaziimre.hu\/index.php\/hollo-dijasok-kiallitasan\/?lang=en","name":"Holl\u00f3-d\u00edjasok ki\u00e1ll\u00edt\u00e1s\u00e1n - \u00c9gerh\u00e1zi Imre","isPartOf":{"@id":"https:\/\/egerhaziimre.hu\/#website"},"primaryImageOfPage":{"@id":"https:\/\/egerhaziimre.hu\/index.php\/hollo-dijasok-kiallitasan\/?lang=en#primaryimage"},"image":{"@id":"https:\/\/egerhaziimre.hu\/index.php\/hollo-dijasok-kiallitasan\/?lang=en#primaryimage"},"thumbnailUrl":"https:\/\/egerhaziimre.hu\/wp-content\/uploads\/2020\/10\/hollodijasok_2008_hbz6.jpg","datePublished":"2008-05-13T11:24:42+00:00","dateModified":"2020-10-02T11:47:20+00:00","breadcrumb":{"@id":"https:\/\/egerhaziimre.hu\/index.php\/hollo-dijasok-kiallitasan\/?lang=en#breadcrumb"},"inLanguage":"hu","potentialAction":[{"@type":"ReadAction","target":["https:\/\/egerhaziimre.hu\/index.php\/hollo-dijasok-kiallitasan\/?lang=en"]}]},{"@type":"ImageObject","inLanguage":"hu","@id":"https:\/\/egerhaziimre.hu\/index.php\/hollo-dijasok-kiallitasan\/?lang=en#primaryimage","url":"https:\/\/egerhaziimre.hu\/wp-content\/uploads\/2020\/10\/hollodijasok_2008_hbz6.jpg","contentUrl":"https:\/\/egerhaziimre.hu\/wp-content\/uploads\/2020\/10\/hollodijasok_2008_hbz6.jpg","width":600,"height":447,"caption":"Holl\u00f3-d\u00edjasok ki\u00e1ll\u00edt\u00e1s\u00e1n"},{"@type":"BreadcrumbList","@id":"https:\/\/egerhaziimre.hu\/index.php\/hollo-dijasok-kiallitasan\/?lang=en#breadcrumb","itemListElement":[{"@type":"ListItem","position":1,"name":"Home","item":"https:\/\/egerhaziimre.hu\/"},{"@type":"ListItem","position":2,"name":"At an exhibition of Holl\u00f3 Award-winners"}]},{"@type":"WebSite","@id":"https:\/\/egerhaziimre.hu\/#website","url":"https:\/\/egerhaziimre.hu\/","name":"\u00c9gerh\u00e1zi Imre","description":"","potentialAction":[{"@type":"SearchAction","target":{"@type":"EntryPoint","urlTemplate":"https:\/\/egerhaziimre.hu\/?s={search_term_string}"},"query-input":{"@type":"PropertyValueSpecification","valueRequired":true,"valueName":"search_term_string"}}],"inLanguage":"hu"}]}},"jetpack_sharing_enabled":true,"_links":{"self":[{"href":"https:\/\/egerhaziimre.hu\/index.php\/wp-json\/wp\/v2\/pages\/10428","targetHints":{"allow":["GET"]}}],"collection":[{"href":"https:\/\/egerhaziimre.hu\/index.php\/wp-json\/wp\/v2\/pages"}],"about":[{"href":"https:\/\/egerhaziimre.hu\/index.php\/wp-json\/wp\/v2\/types\/page"}],"author":[{"embeddable":true,"href":"https:\/\/egerhaziimre.hu\/index.php\/wp-json\/wp\/v2\/users\/4"}],"replies":[{"embeddable":true,"href":"https:\/\/egerhaziimre.hu\/index.php\/wp-json\/wp\/v2\/comments?post=10428"}],"version-history":[{"count":1,"href":"https:\/\/egerhaziimre.hu\/index.php\/wp-json\/wp\/v2\/pages\/10428\/revisions"}],"predecessor-version":[{"id":10435,"href":"https:\/\/egerhaziimre.hu\/index.php\/wp-json\/wp\/v2\/pages\/10428\/revisions\/10435"}],"wp:featuredmedia":[{"embeddable":true,"href":"https:\/\/egerhaziimre.hu\/index.php\/wp-json\/wp\/v2\/media\/10434"}],"wp:attachment":[{"href":"https:\/\/egerhaziimre.hu\/index.php\/wp-json\/wp\/v2\/media?parent=10428"}],"wp:term":[{"taxonomy":"category","embeddable":true,"href":"https:\/\/egerhaziimre.hu\/index.php\/wp-json\/wp\/v2\/categories?post=10428"},{"taxonomy":"post_tag","embeddable":true,"href":"https:\/\/egerhaziimre.hu\/index.php\/wp-json\/wp\/v2\/tags?post=10428"}],"curies":[{"name":"wp","href":"https:\/\/api.w.org\/{rel}","templated":true}]}}