{"id":1053,"date":"2019-08-05T15:27:36","date_gmt":"2019-08-05T13:27:36","guid":{"rendered":"http:\/\/egerhaziimre.magex.hu\/?page_id=1053"},"modified":"2020-09-02T11:36:56","modified_gmt":"2020-09-02T09:36:56","slug":"benyei-jozsef-egerhazi-imre-festomuvesz-jubileumi-albuma-eloszavabol-reszlet-1995","status":"publish","type":"page","link":"https:\/\/egerhaziimre.hu\/index.php\/dijak-elismeresek\/benyei-jozsef-egerhazi-imre-festomuvesz-jubileumi-albuma-eloszavabol-reszlet-1995\/","title":{"rendered":"B\u00e9nyei J\u00f3zsef, (\u00c9gerh\u00e1zi Imre fest\u0151m\u0171v\u00e9sz Jubileumi Albuma el\u0151szav\u00e1b\u00f3l r\u00e9szlet, 1995)"},"content":{"rendered":"<div class=\"wpb-content-wrapper\">\r\n<blockquote class=\"wp-block-quote is-layout-flow wp-block-quote-is-layout-flow\"><p>&#8222;&#8230;Mindent megtanult a mesters\u00e9gb\u0151l, hol csavarg\u00f3 fest\u0151k mellett \u00e1csorogva, hol a kirekesztettek ablakon beles\u0151 rem\u00e9nys\u00e9g\u00e9vel, hol tudatosan. Ez az erk\u00f6lcsi mentalit\u00e1s: a min\u00e9l teljesebb megismer\u00e9s v\u00e1gya d\u00f6nt\u0151 mozzanata \u00e9letm\u0171v\u00e9nek. Mert ez a konok k\u00f6vetkezetess\u00e9g alak\u00edtotta viszony\u00e1t a vil\u00e1ghoz. H\u0171s\u00e9g\u00e9t a fajt\u00e1j\u00e1hoz, a hajd\u00fakhoz, az erd\u00e9lyi \u0151s\u00f6kh\u00f6z, akiknek g\u00e9njei \u00e9vsz\u00e1zadokon \u00e1t jutottak el az \u0151 alkot\u00f3 kez\u00e9hez. Ez a kikezdhetetlen ragaszkod\u00e1s, amellyel megtart\u00f3 gy\u00f6kereit n\u00f6vesztette az id\u0151 belsej\u00e9be, a h\u00e1zak, emberek, arcok, f\u00e1k \u00e1llatok karakterisztikusan hajd\u00fas\u00e1gi \u00e1br\u00e1zol\u00e1s\u00e1hoz vezett\u00e9k. Sz\u00ednei visszafogott melegs\u00e9ge, kompoz\u00edci\u00f3inak sokszor dics\u00e9rt k\u00f6vetkezetess\u00e9ge, a t\u00e9r saj\u00e1tos \u00e9rtelmez\u00e9se tette lehet\u0151v\u00e9, hogy \u00e9letm\u0171ve a h\u0171s\u00e9g, az \u0151szintes\u00e9g, a ragaszkod\u00e1s erk\u00f6lcsi t\u00f6rv\u00e9nyeinek is megfeleljen&#8230;<br>&#8230;Saj\u00e1tos m\u0171v\u00e9szeti vil\u00e1g\u00e1nak m\u00e1sik fontos eleme, hogy t\u00e9vedhetetlen\u00fcl ismeri fel a l\u00e9nyeget. Felismeri \u00e9s kiemeli. Legyen az egy kulacs, egy arc, egy h\u00e1z, egy fekete b\u00f6sz\u00f6rm\u00e9nyi kapu, legyenek szikes f\u00f6l\u00e9 hajl\u00f3 hortob\u00e1gyi lovak, legyen egy gyergy\u00f3i hegyi h\u00e1z, \u00c9gerh\u00e1zi kompoz\u00edci\u00f3s rendteremt\u0151 k\u00e9szs\u00e9g\u00e9nek egyik alapvet\u0151 eleme ez a l\u00e9nyegl\u00e1t\u00e1s. N\u00e9ha k\u00f6rbeveszi a k\u00e9pi l\u00e9nyeget mot\u00edvumokkal, de csak az\u00e9rt, hogy biztosabban vezesse szem\u00fcnket a legfontosabbra. Ezt csak a val\u00f3s\u00e1got minden r\u00e9szlet\u00e9ben ismer\u0151 \u00e9s tisztel\u0151 alkot\u00f3 k\u00e9pes \u00edgy megteremteni. S tal\u00e1n az\u00e9rt mondhatjuk k\u00e9peir\u0151l: nem csup\u00e1n a t\u00e1jat, a l\u00e1tott val\u00f3s\u00e1got adja rajtuk vissza, hanem a t\u00e1j lelk\u00e9t. Bels\u0151 l\u00e9nyeg\u00e9t&#8230;&#8221;<\/p><cite>B\u00e9nyei J\u00f3zsef<br>(\u00c9GERH\u00c1ZI IMRE fest\u0151m\u0171v\u00e9sz Jubileumi Albuma el\u0151szav\u00e1b\u00f3l r\u00e9szlet, 1995)<\/cite><\/blockquote>\r\n<\/div>","protected":false},"excerpt":{"rendered":"<p>&#8222;&#8230;Mindent megtanult a mesters\u00e9gb\u0151l, hol csavarg\u00f3 fest\u0151k mellett \u00e1csorogva, hol a kirekesztettek ablakon beles\u0151 rem\u00e9nys\u00e9g\u00e9vel, hol tudatosan. Ez az erk\u00f6lcsi mentalit\u00e1s: a min\u00e9l teljesebb megismer\u00e9s v\u00e1gya d\u00f6nt\u0151 mozzanata \u00e9letm\u0171v\u00e9nek. Mert ez a konok k\u00f6vetkezetess\u00e9g alak\u00edtotta viszony\u00e1t a vil\u00e1ghoz. H\u0171s\u00e9g\u00e9t a fajt\u00e1j\u00e1hoz, a hajd\u00fakhoz, az erd\u00e9lyi \u0151s\u00f6kh\u00f6z, akiknek g\u00e9njei \u00e9vsz\u00e1zadokon \u00e1t jutottak el az \u0151 alkot\u00f3 kez\u00e9hez. Ez a kikezdhetetlen ragaszkod\u00e1s, [&hellip;]<\/p>\n","protected":false},"author":4,"featured_media":0,"parent":31,"menu_order":0,"comment_status":"closed","ping_status":"closed","template":"","meta":{"footnotes":""},"categories":[84],"tags":[76],"class_list":["post-1053","page","type-page","status-publish","hentry","category-kritikak_meltatasok","tag-76"],"yoast_head":"<!-- This site is optimized with the Yoast SEO plugin v27.3 - https:\/\/yoast.com\/product\/yoast-seo-wordpress\/ -->\n<title>B\u00e9nyei J\u00f3zsef, (\u00c9gerh\u00e1zi Imre fest\u0151m\u0171v\u00e9sz Jubileumi Albuma el\u0151szav\u00e1b\u00f3l r\u00e9szlet, 1995) - \u00c9gerh\u00e1zi Imre<\/title>\n<meta name=\"robots\" content=\"index, follow, max-snippet:-1, max-image-preview:large, max-video-preview:-1\" \/>\n<link rel=\"canonical\" href=\"https:\/\/egerhaziimre.hu\/index.php\/dijak-elismeresek\/benyei-jozsef-egerhazi-imre-festomuvesz-jubileumi-albuma-eloszavabol-reszlet-1995\/?lang=en\" \/>\n<meta property=\"og:locale\" content=\"hu_HU\" \/>\n<meta property=\"og:type\" content=\"article\" \/>\n<meta property=\"og:title\" content=\"B\u00e9nyei J\u00f3zsef, (\u00c9gerh\u00e1zi Imre fest\u0151m\u0171v\u00e9sz Jubileumi Albuma el\u0151szav\u00e1b\u00f3l r\u00e9szlet, 1995) - \u00c9gerh\u00e1zi Imre\" \/>\n<meta property=\"og:description\" content=\"&#8222;&#8230;Mindent megtanult a mesters\u00e9gb\u0151l, hol csavarg\u00f3 fest\u0151k mellett \u00e1csorogva, hol a kirekesztettek ablakon beles\u0151 rem\u00e9nys\u00e9g\u00e9vel, hol tudatosan. Ez az erk\u00f6lcsi mentalit\u00e1s: a min\u00e9l teljesebb megismer\u00e9s v\u00e1gya d\u00f6nt\u0151 mozzanata \u00e9letm\u0171v\u00e9nek. Mert ez a konok k\u00f6vetkezetess\u00e9g alak\u00edtotta viszony\u00e1t a vil\u00e1ghoz. H\u0171s\u00e9g\u00e9t a fajt\u00e1j\u00e1hoz, a hajd\u00fakhoz, az erd\u00e9lyi \u0151s\u00f6kh\u00f6z, akiknek g\u00e9njei \u00e9vsz\u00e1zadokon \u00e1t jutottak el az \u0151 alkot\u00f3 kez\u00e9hez. Ez a kikezdhetetlen ragaszkod\u00e1s, [&hellip;]\" \/>\n<meta property=\"og:url\" content=\"https:\/\/egerhaziimre.hu\/index.php\/dijak-elismeresek\/benyei-jozsef-egerhazi-imre-festomuvesz-jubileumi-albuma-eloszavabol-reszlet-1995\/?lang=en\" \/>\n<meta property=\"og:site_name\" content=\"\u00c9gerh\u00e1zi Imre\" \/>\n<meta property=\"article:modified_time\" content=\"2020-09-02T09:36:56+00:00\" \/>\n<meta name=\"twitter:card\" content=\"summary_large_image\" \/>\n<meta name=\"twitter:label1\" content=\"Becs\u00fclt olvas\u00e1si id\u0151\" \/>\n\t<meta name=\"twitter:data1\" content=\"3 perc\" \/>\n<script type=\"application\/ld+json\" class=\"yoast-schema-graph\">{\"@context\":\"https:\\\/\\\/schema.org\",\"@graph\":[{\"@type\":\"WebPage\",\"@id\":\"https:\\\/\\\/egerhaziimre.hu\\\/index.php\\\/dijak-elismeresek\\\/benyei-jozsef-egerhazi-imre-festomuvesz-jubileumi-albuma-eloszavabol-reszlet-1995\\\/?lang=en\",\"url\":\"https:\\\/\\\/egerhaziimre.hu\\\/index.php\\\/dijak-elismeresek\\\/benyei-jozsef-egerhazi-imre-festomuvesz-jubileumi-albuma-eloszavabol-reszlet-1995\\\/?lang=en\",\"name\":\"B\u00e9nyei J\u00f3zsef, (\u00c9gerh\u00e1zi Imre fest\u0151m\u0171v\u00e9sz Jubileumi Albuma el\u0151szav\u00e1b\u00f3l r\u00e9szlet, 1995) - \u00c9gerh\u00e1zi Imre\",\"isPartOf\":{\"@id\":\"https:\\\/\\\/egerhaziimre.hu\\\/#website\"},\"datePublished\":\"2019-08-05T13:27:36+00:00\",\"dateModified\":\"2020-09-02T09:36:56+00:00\",\"breadcrumb\":{\"@id\":\"https:\\\/\\\/egerhaziimre.hu\\\/index.php\\\/dijak-elismeresek\\\/benyei-jozsef-egerhazi-imre-festomuvesz-jubileumi-albuma-eloszavabol-reszlet-1995\\\/?lang=en#breadcrumb\"},\"inLanguage\":\"hu\",\"potentialAction\":[{\"@type\":\"ReadAction\",\"target\":[\"https:\\\/\\\/egerhaziimre.hu\\\/index.php\\\/dijak-elismeresek\\\/benyei-jozsef-egerhazi-imre-festomuvesz-jubileumi-albuma-eloszavabol-reszlet-1995\\\/?lang=en\"]}]},{\"@type\":\"BreadcrumbList\",\"@id\":\"https:\\\/\\\/egerhaziimre.hu\\\/index.php\\\/dijak-elismeresek\\\/benyei-jozsef-egerhazi-imre-festomuvesz-jubileumi-albuma-eloszavabol-reszlet-1995\\\/?lang=en#breadcrumb\",\"itemListElement\":[{\"@type\":\"ListItem\",\"position\":1,\"name\":\"Home\",\"item\":\"https:\\\/\\\/egerhaziimre.hu\\\/\"},{\"@type\":\"ListItem\",\"position\":2,\"name\":\"Awards, recognitions\",\"item\":\"https:\\\/\\\/egerhaziimre.hu\\\/index.php\\\/dijak-elismeresek\\\/?lang=en\"},{\"@type\":\"ListItem\",\"position\":3,\"name\":\"FROM FOREWORD OF GRAPHICS IMRE \u00c9GERH\u00c1ZI JUBILEE ALBUM BY J\u00d3ZSEF B\u00c9NYEI, 1995\"}]},{\"@type\":\"WebSite\",\"@id\":\"https:\\\/\\\/egerhaziimre.hu\\\/#website\",\"url\":\"https:\\\/\\\/egerhaziimre.hu\\\/\",\"name\":\"\u00c9gerh\u00e1zi Imre\",\"description\":\"\",\"potentialAction\":[{\"@type\":\"SearchAction\",\"target\":{\"@type\":\"EntryPoint\",\"urlTemplate\":\"https:\\\/\\\/egerhaziimre.hu\\\/?s={search_term_string}\"},\"query-input\":{\"@type\":\"PropertyValueSpecification\",\"valueRequired\":true,\"valueName\":\"search_term_string\"}}],\"inLanguage\":\"hu\"}]}<\/script>\n<!-- \/ Yoast SEO plugin. -->","yoast_head_json":{"title":"B\u00e9nyei J\u00f3zsef, (\u00c9gerh\u00e1zi Imre fest\u0151m\u0171v\u00e9sz Jubileumi Albuma el\u0151szav\u00e1b\u00f3l r\u00e9szlet, 1995) - \u00c9gerh\u00e1zi Imre","robots":{"index":"index","follow":"follow","max-snippet":"max-snippet:-1","max-image-preview":"max-image-preview:large","max-video-preview":"max-video-preview:-1"},"canonical":"https:\/\/egerhaziimre.hu\/index.php\/dijak-elismeresek\/benyei-jozsef-egerhazi-imre-festomuvesz-jubileumi-albuma-eloszavabol-reszlet-1995\/?lang=en","og_locale":"hu_HU","og_type":"article","og_title":"B\u00e9nyei J\u00f3zsef, (\u00c9gerh\u00e1zi Imre fest\u0151m\u0171v\u00e9sz Jubileumi Albuma el\u0151szav\u00e1b\u00f3l r\u00e9szlet, 1995) - \u00c9gerh\u00e1zi Imre","og_description":"&#8222;&#8230;Mindent megtanult a mesters\u00e9gb\u0151l, hol csavarg\u00f3 fest\u0151k mellett \u00e1csorogva, hol a kirekesztettek ablakon beles\u0151 rem\u00e9nys\u00e9g\u00e9vel, hol tudatosan. Ez az erk\u00f6lcsi mentalit\u00e1s: a min\u00e9l teljesebb megismer\u00e9s v\u00e1gya d\u00f6nt\u0151 mozzanata \u00e9letm\u0171v\u00e9nek. Mert ez a konok k\u00f6vetkezetess\u00e9g alak\u00edtotta viszony\u00e1t a vil\u00e1ghoz. H\u0171s\u00e9g\u00e9t a fajt\u00e1j\u00e1hoz, a hajd\u00fakhoz, az erd\u00e9lyi \u0151s\u00f6kh\u00f6z, akiknek g\u00e9njei \u00e9vsz\u00e1zadokon \u00e1t jutottak el az \u0151 alkot\u00f3 kez\u00e9hez. Ez a kikezdhetetlen ragaszkod\u00e1s, [&hellip;]","og_url":"https:\/\/egerhaziimre.hu\/index.php\/dijak-elismeresek\/benyei-jozsef-egerhazi-imre-festomuvesz-jubileumi-albuma-eloszavabol-reszlet-1995\/?lang=en","og_site_name":"\u00c9gerh\u00e1zi Imre","article_modified_time":"2020-09-02T09:36:56+00:00","twitter_card":"summary_large_image","twitter_misc":{"Becs\u00fclt olvas\u00e1si id\u0151":"3 perc"},"schema":{"@context":"https:\/\/schema.org","@graph":[{"@type":"WebPage","@id":"https:\/\/egerhaziimre.hu\/index.php\/dijak-elismeresek\/benyei-jozsef-egerhazi-imre-festomuvesz-jubileumi-albuma-eloszavabol-reszlet-1995\/?lang=en","url":"https:\/\/egerhaziimre.hu\/index.php\/dijak-elismeresek\/benyei-jozsef-egerhazi-imre-festomuvesz-jubileumi-albuma-eloszavabol-reszlet-1995\/?lang=en","name":"B\u00e9nyei J\u00f3zsef, (\u00c9gerh\u00e1zi Imre fest\u0151m\u0171v\u00e9sz Jubileumi Albuma el\u0151szav\u00e1b\u00f3l r\u00e9szlet, 1995) - \u00c9gerh\u00e1zi Imre","isPartOf":{"@id":"https:\/\/egerhaziimre.hu\/#website"},"datePublished":"2019-08-05T13:27:36+00:00","dateModified":"2020-09-02T09:36:56+00:00","breadcrumb":{"@id":"https:\/\/egerhaziimre.hu\/index.php\/dijak-elismeresek\/benyei-jozsef-egerhazi-imre-festomuvesz-jubileumi-albuma-eloszavabol-reszlet-1995\/?lang=en#breadcrumb"},"inLanguage":"hu","potentialAction":[{"@type":"ReadAction","target":["https:\/\/egerhaziimre.hu\/index.php\/dijak-elismeresek\/benyei-jozsef-egerhazi-imre-festomuvesz-jubileumi-albuma-eloszavabol-reszlet-1995\/?lang=en"]}]},{"@type":"BreadcrumbList","@id":"https:\/\/egerhaziimre.hu\/index.php\/dijak-elismeresek\/benyei-jozsef-egerhazi-imre-festomuvesz-jubileumi-albuma-eloszavabol-reszlet-1995\/?lang=en#breadcrumb","itemListElement":[{"@type":"ListItem","position":1,"name":"Home","item":"https:\/\/egerhaziimre.hu\/"},{"@type":"ListItem","position":2,"name":"Awards, recognitions","item":"https:\/\/egerhaziimre.hu\/index.php\/dijak-elismeresek\/?lang=en"},{"@type":"ListItem","position":3,"name":"FROM FOREWORD OF GRAPHICS IMRE \u00c9GERH\u00c1ZI JUBILEE ALBUM BY J\u00d3ZSEF B\u00c9NYEI, 1995"}]},{"@type":"WebSite","@id":"https:\/\/egerhaziimre.hu\/#website","url":"https:\/\/egerhaziimre.hu\/","name":"\u00c9gerh\u00e1zi Imre","description":"","potentialAction":[{"@type":"SearchAction","target":{"@type":"EntryPoint","urlTemplate":"https:\/\/egerhaziimre.hu\/?s={search_term_string}"},"query-input":{"@type":"PropertyValueSpecification","valueRequired":true,"valueName":"search_term_string"}}],"inLanguage":"hu"}]}},"jetpack_sharing_enabled":true,"_links":{"self":[{"href":"https:\/\/egerhaziimre.hu\/index.php\/wp-json\/wp\/v2\/pages\/1053","targetHints":{"allow":["GET"]}}],"collection":[{"href":"https:\/\/egerhaziimre.hu\/index.php\/wp-json\/wp\/v2\/pages"}],"about":[{"href":"https:\/\/egerhaziimre.hu\/index.php\/wp-json\/wp\/v2\/types\/page"}],"author":[{"embeddable":true,"href":"https:\/\/egerhaziimre.hu\/index.php\/wp-json\/wp\/v2\/users\/4"}],"replies":[{"embeddable":true,"href":"https:\/\/egerhaziimre.hu\/index.php\/wp-json\/wp\/v2\/comments?post=1053"}],"version-history":[{"count":2,"href":"https:\/\/egerhaziimre.hu\/index.php\/wp-json\/wp\/v2\/pages\/1053\/revisions"}],"predecessor-version":[{"id":9080,"href":"https:\/\/egerhaziimre.hu\/index.php\/wp-json\/wp\/v2\/pages\/1053\/revisions\/9080"}],"up":[{"embeddable":true,"href":"https:\/\/egerhaziimre.hu\/index.php\/wp-json\/wp\/v2\/pages\/31"}],"wp:attachment":[{"href":"https:\/\/egerhaziimre.hu\/index.php\/wp-json\/wp\/v2\/media?parent=1053"}],"wp:term":[{"taxonomy":"category","embeddable":true,"href":"https:\/\/egerhaziimre.hu\/index.php\/wp-json\/wp\/v2\/categories?post=1053"},{"taxonomy":"post_tag","embeddable":true,"href":"https:\/\/egerhaziimre.hu\/index.php\/wp-json\/wp\/v2\/tags?post=1053"}],"curies":[{"name":"wp","href":"https:\/\/api.w.org\/{rel}","templated":true}]}}