{"id":10615,"date":"1978-10-07T13:48:19","date_gmt":"1978-10-07T12:48:19","guid":{"rendered":"https:\/\/egerhaziimre.hu\/?page_id=10615"},"modified":"2023-06-09T15:15:52","modified_gmt":"2023-06-09T13:15:52","slug":"egerhazi-imre-festomuvesz-kiallitasa-1978-as-katalogus","status":"publish","type":"page","link":"https:\/\/egerhaziimre.hu\/index.php\/eletrajz\/irasok-egerhazi-imrerol\/egerhazi-imre-festomuvesz-kiallitasa-1978-as-katalogus\/","title":{"rendered":"\u00c9gerh\u00e1zi Imre fest\u0151m\u0171v\u00e9sz ki\u00e1ll\u00edt\u00e1sa, 1978-as katal\u00f3gus"},"content":{"rendered":"<div class=\"wpb-content-wrapper\">[vc_row][vc_column][vc_column_text]\u00c9gerh\u00e1zi Imre fest\u0151m\u0171v\u00e9sz k\u00e9peivel \u00e9vek \u00f3ta tal\u00e1lkozhatnak, akik a debreceni k\u00e9pz\u0151m\u0171v\u00e9szet fejl\u0151d\u00e9se ir\u00e1nt \u00e9rdekl\u0151d\u00e9st tan\u00fas\u00edtanak; m\u00e9gis hadd mondjam el itt: \u00c9gerh\u00e1zi Imre egyike azoknak a debreceni fest\u0151knek, aki tehets\u00e9ge, \u00f6nmaga ir\u00e1nt t\u00e1masztott ig\u00e9nyess\u00e9ge, fegyelmezetts\u00e9ge, s magasfok\u00fa embers\u00e9ge r\u00e9v\u00e9n emelkedett azok k\u00f6z\u00e9, akik Debrecen k\u00e9pz\u0151m\u0171v\u00e9szeti \u00e9let\u00e9t \u00faj sz\u00ednekkel gazdag\u00edtj\u00e1k.<br \/>\nMunk\u00e1it ma m\u00e1r nemcsak Debrecenben ismerik, bemutatkozott Budapesten is, 1972-ben; t\u00f6bb egy\u00e9ni ki\u00e1ll\u00edt\u00e1son Debrecenben, s a hajd\u00fav\u00e1rosokban.<br \/>\nL\u00e1thatt\u00e1k k\u00e9peit B\u00e9k\u00e9scsab\u00e1n, Szegeden, Keszthelyen, Miskolcon, Gy\u0151rben, Szolnokon, kollekt\u00edv ki\u00e1ll\u00edt\u00e1sokon, s\u0151t a Ter\u00fcleti Szervezet kollekt\u00edv ki\u00e1ll\u00edt\u00e1sain Lublinban \u00e9s Nagyv\u00e1radon is r\u00e9szt vett.<br \/>\nMester\u00e9nek a nemr\u00e9g elhunyt Menyh\u00e1rt J\u00f3zsef fest\u0151m\u0171v\u00e9szt vallja.<br \/>\nKem\u00e9ny, fegyelmezett \u00f6niskol\u00e1j\u00e1t legjobban \u0151 maga foglalta \u00f6ssze; amikor ezt \u00edrta:<br \/>\n\u201eCsin\u00e1lom, ahogyan bens\u0151m dikt\u00e1lja, ahogyan a tartalom form\u00e1t k\u00edv\u00e1n. A k\u00e9pen szeretem a szerkesztett kompoz\u00edci\u00f3s rendet, a gondos megmunk\u00e1l\u00e1st, a rajzi fegyelmezetts\u00e9get \u00e9s elker\u00fcl\u00f6m a hars\u00e1ny sz\u00edneket, a sok mindent takar\u00f3 hom\u00e1lyt.\u201d<br \/>\nSokan voltunk tan\u00fai, hogy val\u00f3ban \u00edgy alkotott mindig. \u00d6nmaga kifejez\u00e9skeres\u00e9s\u00e9nek ez a mostani letisztult, l\u00e9nyeget kiemel\u0151 tiszta form\u00e1ja hossz\u00fa-hossz\u00fa \u00fatkeres\u00e9s \u00e9s fegyelmezett munka eredm\u00e9nye.<br \/>\n\u00c9gerh\u00e1zi Imre nem tartozik azok k\u00f6z\u00e9 a fest\u0151k k\u00f6z\u00e9, akik sz\u00e1nd\u00e9kosan, mer\u00e9szen, kih\u00edv\u00f3an vagy robosztusan h\u00edvj\u00e1k fel magukra a figyelmet. De st\u00edlusa, sz\u00ednvil\u00e1ga szerkeszt\u00e9si tud\u00e1sa m\u00e9gis egy\u00e9niv\u00e9, s vonz\u00f3v\u00e1 teszik k\u00e9peit. Az az eszk\u00f6z, amely ezt biztos\u00edtja m\u0171v\u00e9szet\u00e9ben, a biztos kiemel\u00e9s, amellyel a l\u00e9nyeget pontosan a k\u00e9p b\u00e1rmely pontj\u00e1n a figyelem k\u00f6z\u00e9ppontj\u00e1ba tudja \u00e1ll\u00edtani.<br \/>\n\u00dagy t\u0171nik, az ut\u00f3bbi \u00e9vekben az el\u0151z\u0151ekn\u00e9l is leveg\u0151sebb, tiszt\u00e1bb, a rokon sz\u00ednek harm\u00f3ni\u00e1j\u00e1ra \u00e9p\u00fcl\u0151 sz\u00ednvil\u00e1got alak\u00edtott ki. S ez p\u00e1rosul minden esetben m\u00e9rt\u00e9ktart\u00f3, sohasem zs\u00fafolt szerkeszt\u00e9ssel, amelyben a form\u00e1k leegyszer\u0171s\u00f6dnek, jelz\u00e9sszer\u0171v\u00e9 v\u00e1lnak, de mindig pontosan jelzik a t\u00e1rgyak, a t\u00e1j, az ember karakter\u00e9t, s kapcsolat\u00e1t.<br \/>\nPurit\u00e1n ez a fest\u00e9szet, amely \u00e9pp ez\u00e1ltal tud l\u00e9nyegre t\u00f6rni, mivel minden feleslegeset elhagy, tud \u00e9s mer elvonatkoztatni. Egyetlen k\u00e9pe sincs, amelyeken ak\u00e1r a sz\u00ednek, ak\u00e1r a kompoz\u00edci\u00f3 harmonikuss\u00e1g\u00e1t b\u00e1rmi is megzavarn\u00e1.<br \/>\nEnnek a bels\u0151, \u00f6sszetart\u00f3 fegyelmez\u0151 er\u0151nek m\u00e1sik eszk\u00f6ze az er\u00e9ny, amely egy \u00e1ltala m\u00e9rt\u00e9ktart\u00f3an kialak\u00edtott s\u00edk\u00e1br\u00e1zol\u00e1sban jelenik meg. N\u00e9zz\u00fck meg a hegyi t\u00e1jak h\u00e1zait, hegyeit, f\u00e1it. A mesterien egyszer\u0171s\u00edtett \u00e9s jellegzetes\u00edtett form\u00e1k elhelyez\u00e9s\u00e9vel olyan dimenzi\u00f3kat hoz l\u00e9tre, amellyel p\u00f3tolni tudja a s\u00edkok mesters\u00e9ges k\u00f6zel\u00edt\u00e9s\u00e9t-t\u00e1vol\u00edt\u00e1s\u00e1t.<br \/>\nS itt jutottunk el \u00c9gerh\u00e1zi Imre m\u0171v\u00e9szet\u00e9nek l\u00e9nyeg\u00e9ig; minderre az\u00e9rt k\u00e9pes, mert biztos, fegyelmezett rajztud\u00e1sa, s mindig az \u00e9rthet\u0151s\u00e9g hat\u00e1rain bel\u00fcl marad\u00f3 egyszer\u0171s\u00edt\u00e9si t\u00f6rekv\u00e9se egy olyan saj\u00e1tos egys\u00e9get \u2013 rendet teremtenek k\u00e9peiben, amellyel ugyanakkor a megjelen\u00edtett mondanival\u00f3 nem szeg\u00e9nyebb, ellenkez\u0151leg kifejez\u0151bb, gazdagabb lesz.<br \/>\nA falur\u00f3l j\u00f6tt m\u0171v\u00e9sz v\u00e1rosi, b\u00e9rh\u00e1zi lak\u00e1s\u00e1ban is olyan saj\u00e1tos k\u00f6rnyezetben \u00e9l, amely k\u00fcls\u0151s\u00e9geiben is kifejezi hovatartoz\u00e1s\u00e1t jelen t\u00e1rsadalmunkban. De enn\u00e9l fontosabb, hogy k\u00e9pei, m\u0171v\u00e9szet\u00e9nek gy\u00f6kerei oda ny\u00falnak vissza, abba a t\u00e1rsadalmi k\u00f6zegbe, amit ma \u00fagy nevez\u00fcnk, hogy n\u00e9pi. S itt most nem a romantikus n\u00e9pszeml\u00e9letre gondolok, hanem a val\u00f3s\u00e1gos, ezekkel a t\u00e1rsadalmi r\u00e9tegekkel a sorsk\u00f6z\u00f6ss\u00e9get is v\u00e1llal\u00f3 m\u0171v\u00e9szeti, m\u0171v\u00e9szi magatart\u00e1sra.<br \/>\nEzt azok \u00e9rtik igaz\u00e1n, akik ismert\u00e9k kor\u00e1bbi \u2013 a v\u00e1ros perif\u00e9ri\u00e1in \u2013 az Olaj\u00fct\u0151ben, vagy a falvak egyszer\u0171 k\u00f6rnyezet\u00e9ben a parasztok \u00e9let\u00e9r\u0151l k\u00e9sz\u00fclt k\u00e9peit is.<br \/>\nS \u00c9gerh\u00e1zi Imre t\u00e9m\u00e1i ma is ezek. Csak m\u00edg kor\u00e1bbi k\u00e9pein natur\u00e1lisabban, s\u00f6t\u00e9tebb t\u00f3nusokban jelentek meg ezek a vallom\u00e1sok, ma m\u0171v\u00e9szi fejl\u0151d\u00e9si bonyolult, de mindig tudatos \u2013 s tal\u00e1n kimondhatjuk: ki\u00e9rlelt \u2013 szakasz\u00e1ban ugyanez annyira l\u00e9nyegret\u00f6r\u0151en van m\u00e1r jelen, mint ahogyan a m\u0171v\u00e9szi kifejez\u00e9sforma t\u00f6m\u00f6r\u00edt\u00e9se, egyszer\u0171s\u00edt\u00e9se a n\u00e9pm\u0171v\u00e9szetben jelentkezik.<br \/>\nAmikor a hegyek megb\u00fav\u00f3 \u2013 n\u00e9h\u00e1ny egyszer\u0171s\u00edtett vonallal vagy t\u00e9rform\u00e1val jelzett \u2013 hegyi p\u00e1sztorh\u00e1zakat, vagy a v\u00e9gtelen hegyi legel\u0151k\u00f6n gy\u00e9ren megjelen\u0151 sz\u00e1nd\u00e9kosan megny\u00fajtott sz\u00e9narak\u00e1sokat l\u00e1tjuk, soha sem idilli gondolatunk t\u00e1mad, hanem az az \u00e9vsz\u00e1zados sors jut esz\u00fcnkbe, amely ennek a t\u00e1rsadalmi r\u00e9tegnek oszt\u00e1lyr\u00e9sz\u00fcl jutott.<br \/>\nS ez az egyszer\u0171 fest\u0151i hangv\u00e9tel, a m\u0171v\u00e9szi t\u00f6m\u00f6r\u00edt\u00e9s ilyen magas foka m\u00e9g csak m\u00e9ly\u00edti ezeket az \u00e9rz\u00e9seket a szeml\u00e9l\u0151ben.<br \/>\n\u00c9n azt hiszem, j\u00f3 \u00faton j\u00e1r a m\u0171v\u00e9sz, ha tov\u00e1bbra is ezt az egyszer\u0171s\u00edt\u00e9sre t\u00f6rekv\u0151 m\u0171v\u00e9szi \u00e1br\u00e1zol\u00e1si m\u00f3dot fejleszti tov\u00e1bb.<br \/>\n\u0150 maga fogalmazta meg, a m\u0171v\u00e9sz, hogy nem szereti a \u201emindent takar\u00f3 hom\u00e1lyt\u201d. Gondolom, optimista hangv\u00e9tel\u00e9hez, \u00e9letszeretet\u00e9hez a k\u00e9pek l\u00e1t\u00e1sa alapj\u00e1n senkinek se f\u00e9r k\u00e9ts\u00e9ge. Mert az \u00e9let bor\u00fas oldalait, a t\u00e1rsadalomr\u00f3l vallott b\u00edr\u00e1latot is ki lehet ilyen sz\u00ednekkel fejezni.<br \/>\nModerns\u00e9gre \u2013 mai \u00e9let\u00fcnkh\u00f6z legjobban ill\u0151 kifejez\u00e9sform\u00e1ra val\u00f3 t\u00f6rekv\u00e9se mellett \u2013 vezesse a m\u0171v\u00e9szt tov\u00e1bbra is az a mag\u00e1val szemben sok \u00e9ves vaj\u00fad\u00e1sban kialak\u00edtott m\u0171v\u00e9szi elv, amely biztosan meg fogja \u00f3vni \u0151t att\u00f3l, hogy elszakadjon a minden m\u0171v\u00e9szet gy\u00f6ker\u00e9t \u00e9s mondanival\u00f3j\u00e1t jelent\u0151 t\u00e1rsadalomt\u00f3l.<\/p>\n<p><em>Dr. Kurucz Albert<\/em><br \/>\n<em>A Szentendrei Szabadt\u00e9ri N\u00e9prajzi M\u00fazeum f\u0151igazgat\u00f3ja<\/em>[\/vc_column_text][vc_separator][vc_single_image image=&#8221;10617&#8243; img_size=&#8221;large&#8221; alignment=&#8221;center&#8221; style=&#8221;xtd-shadow&#8211;large-light&#8221; onclick=&#8221;link_image&#8221;][\/vc_column][\/vc_row]\n<\/div>","protected":false},"excerpt":{"rendered":"<p>[vc_row][vc_column][vc_column_text]\u00c9gerh\u00e1zi Imre fest\u0151m\u0171v\u00e9sz k\u00e9peivel \u00e9vek \u00f3ta tal\u00e1lkozhatnak, akik a debreceni k\u00e9pz\u0151m\u0171v\u00e9szet fejl\u0151d\u00e9se ir\u00e1nt \u00e9rdekl\u0151d\u00e9st tan\u00fas\u00edtanak; m\u00e9gis hadd mondjam el itt: \u00c9gerh\u00e1zi Imre egyike azoknak a debreceni fest\u0151knek, aki tehets\u00e9ge, \u00f6nmaga ir\u00e1nt t\u00e1masztott ig\u00e9nyess\u00e9ge, fegyelmezetts\u00e9ge, s magasfok\u00fa embers\u00e9ge r\u00e9v\u00e9n emelkedett azok k\u00f6z\u00e9, akik Debrecen k\u00e9pz\u0151m\u0171v\u00e9szeti \u00e9let\u00e9t \u00faj sz\u00ednekkel gazdag\u00edtj\u00e1k. Munk\u00e1it ma m\u00e1r nemcsak Debrecenben ismerik, bemutatkozott Budapesten is, 1972-ben; t\u00f6bb egy\u00e9ni [&hellip;]<\/p>\n","protected":false},"author":4,"featured_media":0,"parent":10535,"menu_order":0,"comment_status":"closed","ping_status":"closed","template":"","meta":{"footnotes":""},"categories":[219],"tags":[58],"class_list":["post-10615","page","type-page","status-publish","hentry","category-irasok_egerhazi_imrerol","tag-58"],"yoast_head":"<!-- This site is optimized with the Yoast SEO plugin v27.0 - https:\/\/yoast.com\/product\/yoast-seo-wordpress\/ -->\n<title>\u00c9gerh\u00e1zi Imre fest\u0151m\u0171v\u00e9sz ki\u00e1ll\u00edt\u00e1sa, 1978-as katal\u00f3gus - \u00c9gerh\u00e1zi Imre<\/title>\n<meta name=\"robots\" content=\"index, follow, max-snippet:-1, max-image-preview:large, max-video-preview:-1\" \/>\n<link rel=\"canonical\" href=\"https:\/\/egerhaziimre.hu\/index.php\/eletrajz\/irasok-egerhazi-imrerol\/egerhazi-imre-festomuvesz-kiallitasa-1978-as-katalogus\/\" \/>\n<meta property=\"og:locale\" content=\"hu_HU\" \/>\n<meta property=\"og:type\" content=\"article\" \/>\n<meta property=\"og:title\" content=\"\u00c9gerh\u00e1zi Imre fest\u0151m\u0171v\u00e9sz ki\u00e1ll\u00edt\u00e1sa, 1978-as katal\u00f3gus - \u00c9gerh\u00e1zi Imre\" \/>\n<meta property=\"og:description\" content=\"[vc_row][vc_column][vc_column_text]\u00c9gerh\u00e1zi Imre fest\u0151m\u0171v\u00e9sz k\u00e9peivel \u00e9vek \u00f3ta tal\u00e1lkozhatnak, akik a debreceni k\u00e9pz\u0151m\u0171v\u00e9szet fejl\u0151d\u00e9se ir\u00e1nt \u00e9rdekl\u0151d\u00e9st tan\u00fas\u00edtanak; m\u00e9gis hadd mondjam el itt: \u00c9gerh\u00e1zi Imre egyike azoknak a debreceni fest\u0151knek, aki tehets\u00e9ge, \u00f6nmaga ir\u00e1nt t\u00e1masztott ig\u00e9nyess\u00e9ge, fegyelmezetts\u00e9ge, s magasfok\u00fa embers\u00e9ge r\u00e9v\u00e9n emelkedett azok k\u00f6z\u00e9, akik Debrecen k\u00e9pz\u0151m\u0171v\u00e9szeti \u00e9let\u00e9t \u00faj sz\u00ednekkel gazdag\u00edtj\u00e1k. Munk\u00e1it ma m\u00e1r nemcsak Debrecenben ismerik, bemutatkozott Budapesten is, 1972-ben; t\u00f6bb egy\u00e9ni [&hellip;]\" \/>\n<meta property=\"og:url\" content=\"https:\/\/egerhaziimre.hu\/index.php\/eletrajz\/irasok-egerhazi-imrerol\/egerhazi-imre-festomuvesz-kiallitasa-1978-as-katalogus\/\" \/>\n<meta property=\"og:site_name\" content=\"\u00c9gerh\u00e1zi Imre\" \/>\n<meta property=\"article:modified_time\" content=\"2023-06-09T13:15:52+00:00\" \/>\n<meta name=\"twitter:card\" content=\"summary_large_image\" \/>\n<meta name=\"twitter:label1\" content=\"Becs\u00fclt olvas\u00e1si id\u0151\" \/>\n\t<meta name=\"twitter:data1\" content=\"4 perc\" \/>\n<script type=\"application\/ld+json\" class=\"yoast-schema-graph\">{\"@context\":\"https:\/\/schema.org\",\"@graph\":[{\"@type\":\"WebPage\",\"@id\":\"https:\/\/egerhaziimre.hu\/index.php\/eletrajz\/irasok-egerhazi-imrerol\/egerhazi-imre-festomuvesz-kiallitasa-1978-as-katalogus\/\",\"url\":\"https:\/\/egerhaziimre.hu\/index.php\/eletrajz\/irasok-egerhazi-imrerol\/egerhazi-imre-festomuvesz-kiallitasa-1978-as-katalogus\/\",\"name\":\"\u00c9gerh\u00e1zi Imre fest\u0151m\u0171v\u00e9sz ki\u00e1ll\u00edt\u00e1sa, 1978-as katal\u00f3gus - \u00c9gerh\u00e1zi Imre\",\"isPartOf\":{\"@id\":\"https:\/\/egerhaziimre.hu\/#website\"},\"datePublished\":\"1978-10-07T12:48:19+00:00\",\"dateModified\":\"2023-06-09T13:15:52+00:00\",\"breadcrumb\":{\"@id\":\"https:\/\/egerhaziimre.hu\/index.php\/eletrajz\/irasok-egerhazi-imrerol\/egerhazi-imre-festomuvesz-kiallitasa-1978-as-katalogus\/#breadcrumb\"},\"inLanguage\":\"hu\",\"potentialAction\":[{\"@type\":\"ReadAction\",\"target\":[\"https:\/\/egerhaziimre.hu\/index.php\/eletrajz\/irasok-egerhazi-imrerol\/egerhazi-imre-festomuvesz-kiallitasa-1978-as-katalogus\/\"]}]},{\"@type\":\"BreadcrumbList\",\"@id\":\"https:\/\/egerhaziimre.hu\/index.php\/eletrajz\/irasok-egerhazi-imrerol\/egerhazi-imre-festomuvesz-kiallitasa-1978-as-katalogus\/#breadcrumb\",\"itemListElement\":[{\"@type\":\"ListItem\",\"position\":1,\"name\":\"Home\",\"item\":\"https:\/\/egerhaziimre.hu\/\"},{\"@type\":\"ListItem\",\"position\":2,\"name\":\"\u00c9letrajz\",\"item\":\"https:\/\/egerhaziimre.hu\/index.php\/eletrajz\/\"},{\"@type\":\"ListItem\",\"position\":3,\"name\":\"Writings about Imre \u00c9gerh\u00e1zi\",\"item\":\"https:\/\/egerhaziimre.hu\/index.php\/eletrajz\/irasok-egerhazi-imrerol\/?lang=en\"},{\"@type\":\"ListItem\",\"position\":4,\"name\":\"\u00c9gerh\u00e1zi Imre fest\u0151m\u0171v\u00e9sz ki\u00e1ll\u00edt\u00e1sa, 1978-as katal\u00f3gus\"}]},{\"@type\":\"WebSite\",\"@id\":\"https:\/\/egerhaziimre.hu\/#website\",\"url\":\"https:\/\/egerhaziimre.hu\/\",\"name\":\"\u00c9gerh\u00e1zi Imre\",\"description\":\"\",\"potentialAction\":[{\"@type\":\"SearchAction\",\"target\":{\"@type\":\"EntryPoint\",\"urlTemplate\":\"https:\/\/egerhaziimre.hu\/?s={search_term_string}\"},\"query-input\":{\"@type\":\"PropertyValueSpecification\",\"valueRequired\":true,\"valueName\":\"search_term_string\"}}],\"inLanguage\":\"hu\"}]}<\/script>\n<!-- \/ Yoast SEO plugin. -->","yoast_head_json":{"title":"\u00c9gerh\u00e1zi Imre fest\u0151m\u0171v\u00e9sz ki\u00e1ll\u00edt\u00e1sa, 1978-as katal\u00f3gus - \u00c9gerh\u00e1zi Imre","robots":{"index":"index","follow":"follow","max-snippet":"max-snippet:-1","max-image-preview":"max-image-preview:large","max-video-preview":"max-video-preview:-1"},"canonical":"https:\/\/egerhaziimre.hu\/index.php\/eletrajz\/irasok-egerhazi-imrerol\/egerhazi-imre-festomuvesz-kiallitasa-1978-as-katalogus\/","og_locale":"hu_HU","og_type":"article","og_title":"\u00c9gerh\u00e1zi Imre fest\u0151m\u0171v\u00e9sz ki\u00e1ll\u00edt\u00e1sa, 1978-as katal\u00f3gus - \u00c9gerh\u00e1zi Imre","og_description":"[vc_row][vc_column][vc_column_text]\u00c9gerh\u00e1zi Imre fest\u0151m\u0171v\u00e9sz k\u00e9peivel \u00e9vek \u00f3ta tal\u00e1lkozhatnak, akik a debreceni k\u00e9pz\u0151m\u0171v\u00e9szet fejl\u0151d\u00e9se ir\u00e1nt \u00e9rdekl\u0151d\u00e9st tan\u00fas\u00edtanak; m\u00e9gis hadd mondjam el itt: \u00c9gerh\u00e1zi Imre egyike azoknak a debreceni fest\u0151knek, aki tehets\u00e9ge, \u00f6nmaga ir\u00e1nt t\u00e1masztott ig\u00e9nyess\u00e9ge, fegyelmezetts\u00e9ge, s magasfok\u00fa embers\u00e9ge r\u00e9v\u00e9n emelkedett azok k\u00f6z\u00e9, akik Debrecen k\u00e9pz\u0151m\u0171v\u00e9szeti \u00e9let\u00e9t \u00faj sz\u00ednekkel gazdag\u00edtj\u00e1k. Munk\u00e1it ma m\u00e1r nemcsak Debrecenben ismerik, bemutatkozott Budapesten is, 1972-ben; t\u00f6bb egy\u00e9ni [&hellip;]","og_url":"https:\/\/egerhaziimre.hu\/index.php\/eletrajz\/irasok-egerhazi-imrerol\/egerhazi-imre-festomuvesz-kiallitasa-1978-as-katalogus\/","og_site_name":"\u00c9gerh\u00e1zi Imre","article_modified_time":"2023-06-09T13:15:52+00:00","twitter_card":"summary_large_image","twitter_misc":{"Becs\u00fclt olvas\u00e1si id\u0151":"4 perc"},"schema":{"@context":"https:\/\/schema.org","@graph":[{"@type":"WebPage","@id":"https:\/\/egerhaziimre.hu\/index.php\/eletrajz\/irasok-egerhazi-imrerol\/egerhazi-imre-festomuvesz-kiallitasa-1978-as-katalogus\/","url":"https:\/\/egerhaziimre.hu\/index.php\/eletrajz\/irasok-egerhazi-imrerol\/egerhazi-imre-festomuvesz-kiallitasa-1978-as-katalogus\/","name":"\u00c9gerh\u00e1zi Imre fest\u0151m\u0171v\u00e9sz ki\u00e1ll\u00edt\u00e1sa, 1978-as katal\u00f3gus - \u00c9gerh\u00e1zi Imre","isPartOf":{"@id":"https:\/\/egerhaziimre.hu\/#website"},"datePublished":"1978-10-07T12:48:19+00:00","dateModified":"2023-06-09T13:15:52+00:00","breadcrumb":{"@id":"https:\/\/egerhaziimre.hu\/index.php\/eletrajz\/irasok-egerhazi-imrerol\/egerhazi-imre-festomuvesz-kiallitasa-1978-as-katalogus\/#breadcrumb"},"inLanguage":"hu","potentialAction":[{"@type":"ReadAction","target":["https:\/\/egerhaziimre.hu\/index.php\/eletrajz\/irasok-egerhazi-imrerol\/egerhazi-imre-festomuvesz-kiallitasa-1978-as-katalogus\/"]}]},{"@type":"BreadcrumbList","@id":"https:\/\/egerhaziimre.hu\/index.php\/eletrajz\/irasok-egerhazi-imrerol\/egerhazi-imre-festomuvesz-kiallitasa-1978-as-katalogus\/#breadcrumb","itemListElement":[{"@type":"ListItem","position":1,"name":"Home","item":"https:\/\/egerhaziimre.hu\/"},{"@type":"ListItem","position":2,"name":"\u00c9letrajz","item":"https:\/\/egerhaziimre.hu\/index.php\/eletrajz\/"},{"@type":"ListItem","position":3,"name":"Writings about Imre \u00c9gerh\u00e1zi","item":"https:\/\/egerhaziimre.hu\/index.php\/eletrajz\/irasok-egerhazi-imrerol\/?lang=en"},{"@type":"ListItem","position":4,"name":"\u00c9gerh\u00e1zi Imre fest\u0151m\u0171v\u00e9sz ki\u00e1ll\u00edt\u00e1sa, 1978-as katal\u00f3gus"}]},{"@type":"WebSite","@id":"https:\/\/egerhaziimre.hu\/#website","url":"https:\/\/egerhaziimre.hu\/","name":"\u00c9gerh\u00e1zi Imre","description":"","potentialAction":[{"@type":"SearchAction","target":{"@type":"EntryPoint","urlTemplate":"https:\/\/egerhaziimre.hu\/?s={search_term_string}"},"query-input":{"@type":"PropertyValueSpecification","valueRequired":true,"valueName":"search_term_string"}}],"inLanguage":"hu"}]}},"jetpack_sharing_enabled":true,"_links":{"self":[{"href":"https:\/\/egerhaziimre.hu\/index.php\/wp-json\/wp\/v2\/pages\/10615","targetHints":{"allow":["GET"]}}],"collection":[{"href":"https:\/\/egerhaziimre.hu\/index.php\/wp-json\/wp\/v2\/pages"}],"about":[{"href":"https:\/\/egerhaziimre.hu\/index.php\/wp-json\/wp\/v2\/types\/page"}],"author":[{"embeddable":true,"href":"https:\/\/egerhaziimre.hu\/index.php\/wp-json\/wp\/v2\/users\/4"}],"replies":[{"embeddable":true,"href":"https:\/\/egerhaziimre.hu\/index.php\/wp-json\/wp\/v2\/comments?post=10615"}],"version-history":[{"count":3,"href":"https:\/\/egerhaziimre.hu\/index.php\/wp-json\/wp\/v2\/pages\/10615\/revisions"}],"predecessor-version":[{"id":13111,"href":"https:\/\/egerhaziimre.hu\/index.php\/wp-json\/wp\/v2\/pages\/10615\/revisions\/13111"}],"up":[{"embeddable":true,"href":"https:\/\/egerhaziimre.hu\/index.php\/wp-json\/wp\/v2\/pages\/10535"}],"wp:attachment":[{"href":"https:\/\/egerhaziimre.hu\/index.php\/wp-json\/wp\/v2\/media?parent=10615"}],"wp:term":[{"taxonomy":"category","embeddable":true,"href":"https:\/\/egerhaziimre.hu\/index.php\/wp-json\/wp\/v2\/categories?post=10615"},{"taxonomy":"post_tag","embeddable":true,"href":"https:\/\/egerhaziimre.hu\/index.php\/wp-json\/wp\/v2\/tags?post=10615"}],"curies":[{"name":"wp","href":"https:\/\/api.w.org\/{rel}","templated":true}]}}