{"id":10619,"date":"1989-10-07T13:54:30","date_gmt":"1989-10-07T12:54:30","guid":{"rendered":"https:\/\/egerhaziimre.hu\/?page_id=10619"},"modified":"2021-05-13T13:33:23","modified_gmt":"2021-05-13T11:33:23","slug":"egerhazi-imre-eloszava-az-1989es-grafikai-albumhoz","status":"publish","type":"page","link":"https:\/\/egerhaziimre.hu\/index.php\/eletrajz\/irasok-egerhazi-imrerol\/egerhazi-imre-eloszava-az-1989es-grafikai-albumhoz\/","title":{"rendered":"\u00c9gerh\u00e1zi Imre el\u0151szava az 1989-es grafikai albumhoz"},"content":{"rendered":"<div class=\"wpb-content-wrapper\">[vc_row][vc_column width=&#8221;2\/3&#8243;][vc_column_text]Hat\u00e9ves koromt\u00f3l rajzolok. Az els\u0151 rajzeszk\u00f6z\u00f6m a sv\u00e1jci v\u00f6r\u00f6skereszt aj\u00e1nd\u00e9ka, egy doboz hatsz\u00edn\u0171 zs\u00edros pasztellkr\u00e9ta volt. Mikor ez elfogyott, rajzoltam: palavessz\u0151vel, \u00e1zott t\u00e9gladarabbal, \u00f3lom- \u00e9s sz\u00e9ndarabokkal, tint\u00e1val, tussal \u00e9s mindenf\u00e9le ceruz\u00e1kkal, pittkr\u00e9t\u00e1val, p\u00e1lcik\u00e1val, tollakkal \u00e9s ecsettel. Sz\u00edvesen v\u00e1zlatoztam monot\u00edpi\u00e1val is.<br \/>\nB\u00e1rhol j\u00e1rtam \u2013 hazai vagy k\u00fclf\u00f6ldi t\u00e1jakon \u2013 a kev\u00e9s kiv\u00e9telt\u0151l eltekintve, minden\u00fctt \u201ejegyzeteltem\u201d.<br \/>\nSok unalmas \u00e9rtekezletet, megbesz\u00e9l\u00e9st is rajzol\u00e1ssal enyh\u00edtettem. A v\u00e1zlatok egy r\u00e9sz\u00e9b\u0151l ut\u00f3bb k\u00e9peket festettem. K\u00fcl\u00f6n\u00f6sen sok rajzot k\u00e9sz\u00edtettem Erd\u00e9lyr\u0151l, a hajd\u00fas\u00e1gr\u00f3l \u00e9s Hortob\u00e1gyr\u00f3l. Azt, hogy mivel rajzoltam, rendszerint az d\u00f6nt\u00f6tte el, az adott id\u0151ben milyen rajzeszk\u00f6z volt a kezem \u00fcgy\u00e9ben.<br \/>\nEsetenk\u00e9nt a t\u00e9ma is meghat\u00e1rozta.<br \/>\nEleinte sz\u00edvesen t\u00f3nusoztam, pittkr\u00e9t\u00e1s rajzaimat akvarellel sz\u00edneztem, a tusrajzokat lav\u00edroztam.<br \/>\nA pasztellt nem szerettem. Alig rajzoltam vele valamit, minden m\u00e1s rajzeszk\u00f6zzel sz\u00edvesen dolgoztam.<\/p>\n<p>\u00c9gerh\u00e1zi Imre[\/vc_column_text][\/vc_column][vc_column width=&#8221;1\/3&#8243;][vc_single_image image=&#8221;10898&#8243; img_size=&#8221;large&#8221; alignment=&#8221;center&#8221; style=&#8221;xtd-shadow&#8211;normal-light&#8221; onclick=&#8221;link_image&#8221;][\/vc_column][\/vc_row][vc_row][vc_column][vc_separator][vc_row_inner][vc_column_inner width=&#8221;1\/4&#8243;][vc_single_image image=&#8221;10897&#8243; img_size=&#8221;large&#8221; alignment=&#8221;center&#8221; style=&#8221;xtd-shadow&#8211;normal-light&#8221; onclick=&#8221;link_image&#8221;][\/vc_column_inner][vc_column_inner width=&#8221;1\/4&#8243;][vc_single_image image=&#8221;10899&#8243; img_size=&#8221;large&#8221; alignment=&#8221;center&#8221; style=&#8221;xtd-shadow&#8211;normal-light&#8221; onclick=&#8221;link_image&#8221;][\/vc_column_inner][vc_column_inner width=&#8221;1\/4&#8243;][vc_single_image image=&#8221;10895&#8243; img_size=&#8221;large&#8221; alignment=&#8221;center&#8221; style=&#8221;xtd-shadow&#8211;normal-light&#8221; onclick=&#8221;link_image&#8221;][\/vc_column_inner][vc_column_inner width=&#8221;1\/4&#8243;][vc_single_image image=&#8221;10894&#8243; img_size=&#8221;large&#8221; alignment=&#8221;center&#8221; style=&#8221;xtd-shadow&#8211;normal-light&#8221; onclick=&#8221;link_image&#8221;][\/vc_column_inner][\/vc_row_inner][\/vc_column][\/vc_row]\n<\/div>","protected":false},"excerpt":{"rendered":"<p>[vc_row][vc_column width=&#8221;2\/3&#8243;][vc_column_text]Hat\u00e9ves koromt\u00f3l rajzolok. Az els\u0151 rajzeszk\u00f6z\u00f6m a sv\u00e1jci v\u00f6r\u00f6skereszt aj\u00e1nd\u00e9ka, egy doboz hatsz\u00edn\u0171 zs\u00edros pasztellkr\u00e9ta volt. Mikor ez elfogyott, rajzoltam: palavessz\u0151vel, \u00e1zott t\u00e9gladarabbal, \u00f3lom- \u00e9s sz\u00e9ndarabokkal, tint\u00e1val, tussal \u00e9s mindenf\u00e9le ceruz\u00e1kkal, pittkr\u00e9t\u00e1val, p\u00e1lcik\u00e1val, tollakkal \u00e9s ecsettel. Sz\u00edvesen v\u00e1zlatoztam monot\u00edpi\u00e1val is. B\u00e1rhol j\u00e1rtam \u2013 hazai vagy k\u00fclf\u00f6ldi t\u00e1jakon \u2013 a kev\u00e9s kiv\u00e9telt\u0151l eltekintve, minden\u00fctt \u201ejegyzeteltem\u201d. Sok unalmas \u00e9rtekezletet, megbesz\u00e9l\u00e9st is [&hellip;]<\/p>\n","protected":false},"author":4,"featured_media":10897,"parent":10535,"menu_order":0,"comment_status":"closed","ping_status":"closed","template":"","meta":{"footnotes":""},"categories":[126],"tags":[80],"class_list":["post-10619","page","type-page","status-publish","has-post-thumbnail","hentry","category-irasok_egerhazi_imretol","tag-80"],"yoast_head":"<!-- This site is optimized with the Yoast SEO plugin v27.3 - https:\/\/yoast.com\/product\/yoast-seo-wordpress\/ -->\n<title>\u00c9gerh\u00e1zi Imre el\u0151szava az 1989-es grafikai albumhoz - \u00c9gerh\u00e1zi Imre<\/title>\n<meta name=\"robots\" content=\"index, follow, max-snippet:-1, max-image-preview:large, max-video-preview:-1\" \/>\n<link rel=\"canonical\" href=\"https:\/\/egerhaziimre.hu\/index.php\/eletrajz\/irasok-egerhazi-imrerol\/egerhazi-imre-eloszava-az-1989es-grafikai-albumhoz\/?lang=en\" \/>\n<meta property=\"og:locale\" content=\"hu_HU\" \/>\n<meta property=\"og:type\" content=\"article\" \/>\n<meta property=\"og:title\" content=\"\u00c9gerh\u00e1zi Imre el\u0151szava az 1989-es grafikai albumhoz - \u00c9gerh\u00e1zi Imre\" \/>\n<meta property=\"og:description\" content=\"[vc_row][vc_column width=&#8221;2\/3&#8243;][vc_column_text]Hat\u00e9ves koromt\u00f3l rajzolok. Az els\u0151 rajzeszk\u00f6z\u00f6m a sv\u00e1jci v\u00f6r\u00f6skereszt aj\u00e1nd\u00e9ka, egy doboz hatsz\u00edn\u0171 zs\u00edros pasztellkr\u00e9ta volt. Mikor ez elfogyott, rajzoltam: palavessz\u0151vel, \u00e1zott t\u00e9gladarabbal, \u00f3lom- \u00e9s sz\u00e9ndarabokkal, tint\u00e1val, tussal \u00e9s mindenf\u00e9le ceruz\u00e1kkal, pittkr\u00e9t\u00e1val, p\u00e1lcik\u00e1val, tollakkal \u00e9s ecsettel. Sz\u00edvesen v\u00e1zlatoztam monot\u00edpi\u00e1val is. B\u00e1rhol j\u00e1rtam \u2013 hazai vagy k\u00fclf\u00f6ldi t\u00e1jakon \u2013 a kev\u00e9s kiv\u00e9telt\u0151l eltekintve, minden\u00fctt \u201ejegyzeteltem\u201d. Sok unalmas \u00e9rtekezletet, megbesz\u00e9l\u00e9st is [&hellip;]\" \/>\n<meta property=\"og:url\" content=\"https:\/\/egerhaziimre.hu\/index.php\/eletrajz\/irasok-egerhazi-imrerol\/egerhazi-imre-eloszava-az-1989es-grafikai-albumhoz\/?lang=en\" \/>\n<meta property=\"og:site_name\" content=\"\u00c9gerh\u00e1zi Imre\" \/>\n<meta property=\"article:modified_time\" content=\"2021-05-13T11:33:23+00:00\" \/>\n<meta property=\"og:image\" content=\"https:\/\/egerhaziimre.hu\/wp-content\/uploads\/2020\/06\/egerhazi_imre_grafikai_konyv_cover_1989.jpg\" \/>\n\t<meta property=\"og:image:width\" content=\"1480\" \/>\n\t<meta property=\"og:image:height\" content=\"2000\" \/>\n\t<meta property=\"og:image:type\" content=\"image\/jpeg\" \/>\n<meta name=\"twitter:card\" content=\"summary_large_image\" \/>\n<meta name=\"twitter:image\" content=\"https:\/\/egerhaziimre.hu\/wp-content\/uploads\/2020\/06\/egerhazi_imre_grafikai_konyv_cover_1989.jpg\" \/>\n<meta name=\"twitter:label1\" content=\"Becs\u00fclt olvas\u00e1si id\u0151\" \/>\n\t<meta name=\"twitter:data1\" content=\"1 perc\" \/>\n<script type=\"application\/ld+json\" class=\"yoast-schema-graph\">{\"@context\":\"https:\\\/\\\/schema.org\",\"@graph\":[{\"@type\":\"WebPage\",\"@id\":\"https:\\\/\\\/egerhaziimre.hu\\\/index.php\\\/eletrajz\\\/irasok-egerhazi-imrerol\\\/egerhazi-imre-eloszava-az-1989es-grafikai-albumhoz\\\/?lang=en\",\"url\":\"https:\\\/\\\/egerhaziimre.hu\\\/index.php\\\/eletrajz\\\/irasok-egerhazi-imrerol\\\/egerhazi-imre-eloszava-az-1989es-grafikai-albumhoz\\\/?lang=en\",\"name\":\"\u00c9gerh\u00e1zi Imre el\u0151szava az 1989-es grafikai albumhoz - \u00c9gerh\u00e1zi Imre\",\"isPartOf\":{\"@id\":\"https:\\\/\\\/egerhaziimre.hu\\\/#website\"},\"primaryImageOfPage\":{\"@id\":\"https:\\\/\\\/egerhaziimre.hu\\\/index.php\\\/eletrajz\\\/irasok-egerhazi-imrerol\\\/egerhazi-imre-eloszava-az-1989es-grafikai-albumhoz\\\/?lang=en#primaryimage\"},\"image\":{\"@id\":\"https:\\\/\\\/egerhaziimre.hu\\\/index.php\\\/eletrajz\\\/irasok-egerhazi-imrerol\\\/egerhazi-imre-eloszava-az-1989es-grafikai-albumhoz\\\/?lang=en#primaryimage\"},\"thumbnailUrl\":\"https:\\\/\\\/egerhaziimre.hu\\\/wp-content\\\/uploads\\\/2020\\\/06\\\/egerhazi_imre_grafikai_konyv_cover_1989.jpg\",\"datePublished\":\"1989-10-07T12:54:30+00:00\",\"dateModified\":\"2021-05-13T11:33:23+00:00\",\"breadcrumb\":{\"@id\":\"https:\\\/\\\/egerhaziimre.hu\\\/index.php\\\/eletrajz\\\/irasok-egerhazi-imrerol\\\/egerhazi-imre-eloszava-az-1989es-grafikai-albumhoz\\\/?lang=en#breadcrumb\"},\"inLanguage\":\"hu\",\"potentialAction\":[{\"@type\":\"ReadAction\",\"target\":[\"https:\\\/\\\/egerhaziimre.hu\\\/index.php\\\/eletrajz\\\/irasok-egerhazi-imrerol\\\/egerhazi-imre-eloszava-az-1989es-grafikai-albumhoz\\\/?lang=en\"]}]},{\"@type\":\"ImageObject\",\"inLanguage\":\"hu\",\"@id\":\"https:\\\/\\\/egerhaziimre.hu\\\/index.php\\\/eletrajz\\\/irasok-egerhazi-imrerol\\\/egerhazi-imre-eloszava-az-1989es-grafikai-albumhoz\\\/?lang=en#primaryimage\",\"url\":\"https:\\\/\\\/egerhaziimre.hu\\\/wp-content\\\/uploads\\\/2020\\\/06\\\/egerhazi_imre_grafikai_konyv_cover_1989.jpg\",\"contentUrl\":\"https:\\\/\\\/egerhaziimre.hu\\\/wp-content\\\/uploads\\\/2020\\\/06\\\/egerhazi_imre_grafikai_konyv_cover_1989.jpg\",\"width\":1480,\"height\":2000},{\"@type\":\"BreadcrumbList\",\"@id\":\"https:\\\/\\\/egerhaziimre.hu\\\/index.php\\\/eletrajz\\\/irasok-egerhazi-imrerol\\\/egerhazi-imre-eloszava-az-1989es-grafikai-albumhoz\\\/?lang=en#breadcrumb\",\"itemListElement\":[{\"@type\":\"ListItem\",\"position\":1,\"name\":\"Home\",\"item\":\"https:\\\/\\\/egerhaziimre.hu\\\/\"},{\"@type\":\"ListItem\",\"position\":2,\"name\":\"\u00c9letrajz\",\"item\":\"https:\\\/\\\/egerhaziimre.hu\\\/index.php\\\/eletrajz\\\/\"},{\"@type\":\"ListItem\",\"position\":3,\"name\":\"Writings about Imre \u00c9gerh\u00e1zi\",\"item\":\"https:\\\/\\\/egerhaziimre.hu\\\/index.php\\\/eletrajz\\\/irasok-egerhazi-imrerol\\\/?lang=en\"},{\"@type\":\"ListItem\",\"position\":4,\"name\":\"GRAPHIC ALBUM, 1989, FOREWORD BY IMRE \u00c9GERH\u00c1ZI\"}]},{\"@type\":\"WebSite\",\"@id\":\"https:\\\/\\\/egerhaziimre.hu\\\/#website\",\"url\":\"https:\\\/\\\/egerhaziimre.hu\\\/\",\"name\":\"\u00c9gerh\u00e1zi Imre\",\"description\":\"\",\"potentialAction\":[{\"@type\":\"SearchAction\",\"target\":{\"@type\":\"EntryPoint\",\"urlTemplate\":\"https:\\\/\\\/egerhaziimre.hu\\\/?s={search_term_string}\"},\"query-input\":{\"@type\":\"PropertyValueSpecification\",\"valueRequired\":true,\"valueName\":\"search_term_string\"}}],\"inLanguage\":\"hu\"}]}<\/script>\n<!-- \/ Yoast SEO plugin. -->","yoast_head_json":{"title":"\u00c9gerh\u00e1zi Imre el\u0151szava az 1989-es grafikai albumhoz - \u00c9gerh\u00e1zi Imre","robots":{"index":"index","follow":"follow","max-snippet":"max-snippet:-1","max-image-preview":"max-image-preview:large","max-video-preview":"max-video-preview:-1"},"canonical":"https:\/\/egerhaziimre.hu\/index.php\/eletrajz\/irasok-egerhazi-imrerol\/egerhazi-imre-eloszava-az-1989es-grafikai-albumhoz\/?lang=en","og_locale":"hu_HU","og_type":"article","og_title":"\u00c9gerh\u00e1zi Imre el\u0151szava az 1989-es grafikai albumhoz - \u00c9gerh\u00e1zi Imre","og_description":"[vc_row][vc_column width=&#8221;2\/3&#8243;][vc_column_text]Hat\u00e9ves koromt\u00f3l rajzolok. Az els\u0151 rajzeszk\u00f6z\u00f6m a sv\u00e1jci v\u00f6r\u00f6skereszt aj\u00e1nd\u00e9ka, egy doboz hatsz\u00edn\u0171 zs\u00edros pasztellkr\u00e9ta volt. Mikor ez elfogyott, rajzoltam: palavessz\u0151vel, \u00e1zott t\u00e9gladarabbal, \u00f3lom- \u00e9s sz\u00e9ndarabokkal, tint\u00e1val, tussal \u00e9s mindenf\u00e9le ceruz\u00e1kkal, pittkr\u00e9t\u00e1val, p\u00e1lcik\u00e1val, tollakkal \u00e9s ecsettel. Sz\u00edvesen v\u00e1zlatoztam monot\u00edpi\u00e1val is. B\u00e1rhol j\u00e1rtam \u2013 hazai vagy k\u00fclf\u00f6ldi t\u00e1jakon \u2013 a kev\u00e9s kiv\u00e9telt\u0151l eltekintve, minden\u00fctt \u201ejegyzeteltem\u201d. Sok unalmas \u00e9rtekezletet, megbesz\u00e9l\u00e9st is [&hellip;]","og_url":"https:\/\/egerhaziimre.hu\/index.php\/eletrajz\/irasok-egerhazi-imrerol\/egerhazi-imre-eloszava-az-1989es-grafikai-albumhoz\/?lang=en","og_site_name":"\u00c9gerh\u00e1zi Imre","article_modified_time":"2021-05-13T11:33:23+00:00","og_image":[{"width":1480,"height":2000,"url":"https:\/\/egerhaziimre.hu\/wp-content\/uploads\/2020\/06\/egerhazi_imre_grafikai_konyv_cover_1989.jpg","type":"image\/jpeg"}],"twitter_card":"summary_large_image","twitter_image":"https:\/\/egerhaziimre.hu\/wp-content\/uploads\/2020\/06\/egerhazi_imre_grafikai_konyv_cover_1989.jpg","twitter_misc":{"Becs\u00fclt olvas\u00e1si id\u0151":"1 perc"},"schema":{"@context":"https:\/\/schema.org","@graph":[{"@type":"WebPage","@id":"https:\/\/egerhaziimre.hu\/index.php\/eletrajz\/irasok-egerhazi-imrerol\/egerhazi-imre-eloszava-az-1989es-grafikai-albumhoz\/?lang=en","url":"https:\/\/egerhaziimre.hu\/index.php\/eletrajz\/irasok-egerhazi-imrerol\/egerhazi-imre-eloszava-az-1989es-grafikai-albumhoz\/?lang=en","name":"\u00c9gerh\u00e1zi Imre el\u0151szava az 1989-es grafikai albumhoz - \u00c9gerh\u00e1zi Imre","isPartOf":{"@id":"https:\/\/egerhaziimre.hu\/#website"},"primaryImageOfPage":{"@id":"https:\/\/egerhaziimre.hu\/index.php\/eletrajz\/irasok-egerhazi-imrerol\/egerhazi-imre-eloszava-az-1989es-grafikai-albumhoz\/?lang=en#primaryimage"},"image":{"@id":"https:\/\/egerhaziimre.hu\/index.php\/eletrajz\/irasok-egerhazi-imrerol\/egerhazi-imre-eloszava-az-1989es-grafikai-albumhoz\/?lang=en#primaryimage"},"thumbnailUrl":"https:\/\/egerhaziimre.hu\/wp-content\/uploads\/2020\/06\/egerhazi_imre_grafikai_konyv_cover_1989.jpg","datePublished":"1989-10-07T12:54:30+00:00","dateModified":"2021-05-13T11:33:23+00:00","breadcrumb":{"@id":"https:\/\/egerhaziimre.hu\/index.php\/eletrajz\/irasok-egerhazi-imrerol\/egerhazi-imre-eloszava-az-1989es-grafikai-albumhoz\/?lang=en#breadcrumb"},"inLanguage":"hu","potentialAction":[{"@type":"ReadAction","target":["https:\/\/egerhaziimre.hu\/index.php\/eletrajz\/irasok-egerhazi-imrerol\/egerhazi-imre-eloszava-az-1989es-grafikai-albumhoz\/?lang=en"]}]},{"@type":"ImageObject","inLanguage":"hu","@id":"https:\/\/egerhaziimre.hu\/index.php\/eletrajz\/irasok-egerhazi-imrerol\/egerhazi-imre-eloszava-az-1989es-grafikai-albumhoz\/?lang=en#primaryimage","url":"https:\/\/egerhaziimre.hu\/wp-content\/uploads\/2020\/06\/egerhazi_imre_grafikai_konyv_cover_1989.jpg","contentUrl":"https:\/\/egerhaziimre.hu\/wp-content\/uploads\/2020\/06\/egerhazi_imre_grafikai_konyv_cover_1989.jpg","width":1480,"height":2000},{"@type":"BreadcrumbList","@id":"https:\/\/egerhaziimre.hu\/index.php\/eletrajz\/irasok-egerhazi-imrerol\/egerhazi-imre-eloszava-az-1989es-grafikai-albumhoz\/?lang=en#breadcrumb","itemListElement":[{"@type":"ListItem","position":1,"name":"Home","item":"https:\/\/egerhaziimre.hu\/"},{"@type":"ListItem","position":2,"name":"\u00c9letrajz","item":"https:\/\/egerhaziimre.hu\/index.php\/eletrajz\/"},{"@type":"ListItem","position":3,"name":"Writings about Imre \u00c9gerh\u00e1zi","item":"https:\/\/egerhaziimre.hu\/index.php\/eletrajz\/irasok-egerhazi-imrerol\/?lang=en"},{"@type":"ListItem","position":4,"name":"GRAPHIC ALBUM, 1989, FOREWORD BY IMRE \u00c9GERH\u00c1ZI"}]},{"@type":"WebSite","@id":"https:\/\/egerhaziimre.hu\/#website","url":"https:\/\/egerhaziimre.hu\/","name":"\u00c9gerh\u00e1zi Imre","description":"","potentialAction":[{"@type":"SearchAction","target":{"@type":"EntryPoint","urlTemplate":"https:\/\/egerhaziimre.hu\/?s={search_term_string}"},"query-input":{"@type":"PropertyValueSpecification","valueRequired":true,"valueName":"search_term_string"}}],"inLanguage":"hu"}]}},"jetpack_sharing_enabled":true,"_links":{"self":[{"href":"https:\/\/egerhaziimre.hu\/index.php\/wp-json\/wp\/v2\/pages\/10619","targetHints":{"allow":["GET"]}}],"collection":[{"href":"https:\/\/egerhaziimre.hu\/index.php\/wp-json\/wp\/v2\/pages"}],"about":[{"href":"https:\/\/egerhaziimre.hu\/index.php\/wp-json\/wp\/v2\/types\/page"}],"author":[{"embeddable":true,"href":"https:\/\/egerhaziimre.hu\/index.php\/wp-json\/wp\/v2\/users\/4"}],"replies":[{"embeddable":true,"href":"https:\/\/egerhaziimre.hu\/index.php\/wp-json\/wp\/v2\/comments?post=10619"}],"version-history":[{"count":8,"href":"https:\/\/egerhaziimre.hu\/index.php\/wp-json\/wp\/v2\/pages\/10619\/revisions"}],"predecessor-version":[{"id":12451,"href":"https:\/\/egerhaziimre.hu\/index.php\/wp-json\/wp\/v2\/pages\/10619\/revisions\/12451"}],"up":[{"embeddable":true,"href":"https:\/\/egerhaziimre.hu\/index.php\/wp-json\/wp\/v2\/pages\/10535"}],"wp:featuredmedia":[{"embeddable":true,"href":"https:\/\/egerhaziimre.hu\/index.php\/wp-json\/wp\/v2\/media\/10897"}],"wp:attachment":[{"href":"https:\/\/egerhaziimre.hu\/index.php\/wp-json\/wp\/v2\/media?parent=10619"}],"wp:term":[{"taxonomy":"category","embeddable":true,"href":"https:\/\/egerhaziimre.hu\/index.php\/wp-json\/wp\/v2\/categories?post=10619"},{"taxonomy":"post_tag","embeddable":true,"href":"https:\/\/egerhaziimre.hu\/index.php\/wp-json\/wp\/v2\/tags?post=10619"}],"curies":[{"name":"wp","href":"https:\/\/api.w.org\/{rel}","templated":true}]}}