{"id":1062,"date":"2019-08-05T15:31:53","date_gmt":"2019-08-05T13:31:53","guid":{"rendered":"http:\/\/egerhaziimre.magex.hu\/?page_id=1062"},"modified":"2020-09-08T16:13:49","modified_gmt":"2020-09-08T14:13:49","slug":"reszlet-arany-lajos-ihlet-a-ronan-c-konyvebol-1996","status":"publish","type":"page","link":"https:\/\/egerhaziimre.hu\/index.php\/dijak-elismeresek\/reszlet-arany-lajos-ihlet-a-ronan-c-konyvebol-1996\/","title":{"rendered":"R\u00e9szlet Arany Lajos \u201cIhlet a r\u00f3n\u00e1n\u201d c. k\u00f6nyv\u00e9b\u0151l (1996)"},"content":{"rendered":"<div class=\"wpb-content-wrapper\">\r\n<blockquote class=\"wp-block-quote is-layout-flow wp-block-quote-is-layout-flow\">\r\n<p>&#8222;&#8230;Mintha azt szugger\u00e1ln\u00e1 n\u00e9z\u0151j\u00e9re, Illy\u00e9ssel sz\u00f3lva: &#8222;harm\u00f3ni\u00e1t, rendet, igazit, vagy belev\u00e9sz a vil\u00e1g&#8221;. Visszafogott t\u00f3nus\u00fa, \u00e1rnyalt, meleg pasztellsz\u00edneivel is sugalmazza ezt &#8211; de nem kiab\u00e1lva. Mert \u00e9pp az egyens\u00falyozott szerkeszt\u00e9s \u00e1ll a maga csendess\u00e9g\u00e9vel, puritanizmus\u00e1val a leg\u00e9lesebben szemben a mai k\u00e1osszal, hom\u00e1llyal, mell\u00e9besz\u00e9l\u00e9ssel. S az, hogy alkot\u00f3i fegyelme minden k\u00e9pi locsog\u00e1st ker\u00fcl, a vil\u00e1got patikam\u00e9rlegre tev\u0151 intellektusa csak a fontosnak \u00edt\u00e9ltre koncentr\u00e1l &#8211; k\u00e9pei ez\u00e9rt hatnak &#8222;a n\u00e9pdal egyszer\u0171s\u00e9g\u00e9vel.<br \/>Elhagy minden f\u00f6l\u00f6sleges elemet. \u00cdgy azt\u00e1n felszabadultabban absztrah\u00e1lhat, nagyobb alkot\u00f3i t\u00e9r ny\u00edlik sz\u00e1m\u00e1ra nagy l\u00e9pt\u00e9kekben gondolkodni, boltozatos, nagy \u00edv\u0171 kompoz\u00edci\u00f3kat alkotni, s egy\u00fattal a legfinomabb sz\u00edn-, forma- \u00e9s tartalmi \u00e1rnyalatokkal is \u00e9lni.<br \/>Festm\u00e9nyei, rajzai, metszetei vil\u00e1gos, tiszta, szabatos s r\u00e9tegelts\u00e9g\u00fckben is &#8222;k\u00f6z\u00e9rthet\u0151&#8221; k\u00e9pi nyelven sz\u00f3lnak. &#8230;&#8221;<\/p>\r\n<cite>R\u00e9szlet Arany Lajos &#8222;Ihlet a r\u00f3n\u00e1n&#8221; c. k\u00f6nyv\u00e9b\u0151l <br \/>(1996)<\/cite><\/blockquote>\r\n<\/div>","protected":false},"excerpt":{"rendered":"<p>&#8222;&#8230;Mintha azt szugger\u00e1ln\u00e1 n\u00e9z\u0151j\u00e9re, Illy\u00e9ssel sz\u00f3lva: &#8222;harm\u00f3ni\u00e1t, rendet, igazit, vagy belev\u00e9sz a vil\u00e1g&#8221;. Visszafogott t\u00f3nus\u00fa, \u00e1rnyalt, meleg pasztellsz\u00edneivel is sugalmazza ezt &#8211; de nem kiab\u00e1lva. Mert \u00e9pp az egyens\u00falyozott szerkeszt\u00e9s \u00e1ll a maga csendess\u00e9g\u00e9vel, puritanizmus\u00e1val a leg\u00e9lesebben szemben a mai k\u00e1osszal, hom\u00e1llyal, mell\u00e9besz\u00e9l\u00e9ssel. S az, hogy alkot\u00f3i fegyelme minden k\u00e9pi locsog\u00e1st ker\u00fcl, a vil\u00e1got patikam\u00e9rlegre tev\u0151 intellektusa csak a fontosnak [&hellip;]<\/p>\n","protected":false},"author":4,"featured_media":0,"parent":31,"menu_order":0,"comment_status":"closed","ping_status":"closed","template":"","meta":{"footnotes":""},"categories":[84],"tags":[77],"class_list":["post-1062","page","type-page","status-publish","hentry","category-kritikak_meltatasok","tag-77"],"yoast_head":"<!-- This site is optimized with the Yoast SEO plugin v27.3 - https:\/\/yoast.com\/product\/yoast-seo-wordpress\/ -->\n<title>R\u00e9szlet Arany Lajos \u201cIhlet a r\u00f3n\u00e1n\u201d c. k\u00f6nyv\u00e9b\u0151l (1996) - \u00c9gerh\u00e1zi Imre<\/title>\n<meta name=\"robots\" content=\"index, follow, max-snippet:-1, max-image-preview:large, max-video-preview:-1\" \/>\n<link rel=\"canonical\" href=\"https:\/\/egerhaziimre.hu\/index.php\/dijak-elismeresek\/reszlet-arany-lajos-ihlet-a-ronan-c-konyvebol-1996\/?lang=en\" \/>\n<meta property=\"og:locale\" content=\"hu_HU\" \/>\n<meta property=\"og:type\" content=\"article\" \/>\n<meta property=\"og:title\" content=\"R\u00e9szlet Arany Lajos \u201cIhlet a r\u00f3n\u00e1n\u201d c. k\u00f6nyv\u00e9b\u0151l (1996) - \u00c9gerh\u00e1zi Imre\" \/>\n<meta property=\"og:description\" content=\"&#8222;&#8230;Mintha azt szugger\u00e1ln\u00e1 n\u00e9z\u0151j\u00e9re, Illy\u00e9ssel sz\u00f3lva: &#8222;harm\u00f3ni\u00e1t, rendet, igazit, vagy belev\u00e9sz a vil\u00e1g&#8221;. Visszafogott t\u00f3nus\u00fa, \u00e1rnyalt, meleg pasztellsz\u00edneivel is sugalmazza ezt &#8211; de nem kiab\u00e1lva. Mert \u00e9pp az egyens\u00falyozott szerkeszt\u00e9s \u00e1ll a maga csendess\u00e9g\u00e9vel, puritanizmus\u00e1val a leg\u00e9lesebben szemben a mai k\u00e1osszal, hom\u00e1llyal, mell\u00e9besz\u00e9l\u00e9ssel. S az, hogy alkot\u00f3i fegyelme minden k\u00e9pi locsog\u00e1st ker\u00fcl, a vil\u00e1got patikam\u00e9rlegre tev\u0151 intellektusa csak a fontosnak [&hellip;]\" \/>\n<meta property=\"og:url\" content=\"https:\/\/egerhaziimre.hu\/index.php\/dijak-elismeresek\/reszlet-arany-lajos-ihlet-a-ronan-c-konyvebol-1996\/?lang=en\" \/>\n<meta property=\"og:site_name\" content=\"\u00c9gerh\u00e1zi Imre\" \/>\n<meta property=\"article:modified_time\" content=\"2020-09-08T14:13:49+00:00\" \/>\n<meta name=\"twitter:card\" content=\"summary_large_image\" \/>\n<meta name=\"twitter:label1\" content=\"Becs\u00fclt olvas\u00e1si id\u0151\" \/>\n\t<meta name=\"twitter:data1\" content=\"2 perc\" \/>\n<script type=\"application\/ld+json\" class=\"yoast-schema-graph\">{\"@context\":\"https:\\\/\\\/schema.org\",\"@graph\":[{\"@type\":\"WebPage\",\"@id\":\"https:\\\/\\\/egerhaziimre.hu\\\/index.php\\\/dijak-elismeresek\\\/reszlet-arany-lajos-ihlet-a-ronan-c-konyvebol-1996\\\/?lang=en\",\"url\":\"https:\\\/\\\/egerhaziimre.hu\\\/index.php\\\/dijak-elismeresek\\\/reszlet-arany-lajos-ihlet-a-ronan-c-konyvebol-1996\\\/?lang=en\",\"name\":\"R\u00e9szlet Arany Lajos \u201cIhlet a r\u00f3n\u00e1n\u201d c. k\u00f6nyv\u00e9b\u0151l (1996) - \u00c9gerh\u00e1zi Imre\",\"isPartOf\":{\"@id\":\"https:\\\/\\\/egerhaziimre.hu\\\/#website\"},\"datePublished\":\"2019-08-05T13:31:53+00:00\",\"dateModified\":\"2020-09-08T14:13:49+00:00\",\"breadcrumb\":{\"@id\":\"https:\\\/\\\/egerhaziimre.hu\\\/index.php\\\/dijak-elismeresek\\\/reszlet-arany-lajos-ihlet-a-ronan-c-konyvebol-1996\\\/?lang=en#breadcrumb\"},\"inLanguage\":\"hu\",\"potentialAction\":[{\"@type\":\"ReadAction\",\"target\":[\"https:\\\/\\\/egerhaziimre.hu\\\/index.php\\\/dijak-elismeresek\\\/reszlet-arany-lajos-ihlet-a-ronan-c-konyvebol-1996\\\/?lang=en\"]}]},{\"@type\":\"BreadcrumbList\",\"@id\":\"https:\\\/\\\/egerhaziimre.hu\\\/index.php\\\/dijak-elismeresek\\\/reszlet-arany-lajos-ihlet-a-ronan-c-konyvebol-1996\\\/?lang=en#breadcrumb\",\"itemListElement\":[{\"@type\":\"ListItem\",\"position\":1,\"name\":\"Home\",\"item\":\"https:\\\/\\\/egerhaziimre.hu\\\/\"},{\"@type\":\"ListItem\",\"position\":2,\"name\":\"Awards, recognitions\",\"item\":\"https:\\\/\\\/egerhaziimre.hu\\\/index.php\\\/dijak-elismeresek\\\/?lang=en\"},{\"@type\":\"ListItem\",\"position\":3,\"name\":\"Parts from Lajos Arany book \u201cIhlet a r\u00f3n\u00e1n\u201d, 1996\"}]},{\"@type\":\"WebSite\",\"@id\":\"https:\\\/\\\/egerhaziimre.hu\\\/#website\",\"url\":\"https:\\\/\\\/egerhaziimre.hu\\\/\",\"name\":\"\u00c9gerh\u00e1zi Imre\",\"description\":\"\",\"potentialAction\":[{\"@type\":\"SearchAction\",\"target\":{\"@type\":\"EntryPoint\",\"urlTemplate\":\"https:\\\/\\\/egerhaziimre.hu\\\/?s={search_term_string}\"},\"query-input\":{\"@type\":\"PropertyValueSpecification\",\"valueRequired\":true,\"valueName\":\"search_term_string\"}}],\"inLanguage\":\"hu\"}]}<\/script>\n<!-- \/ Yoast SEO plugin. -->","yoast_head_json":{"title":"R\u00e9szlet Arany Lajos \u201cIhlet a r\u00f3n\u00e1n\u201d c. k\u00f6nyv\u00e9b\u0151l (1996) - \u00c9gerh\u00e1zi Imre","robots":{"index":"index","follow":"follow","max-snippet":"max-snippet:-1","max-image-preview":"max-image-preview:large","max-video-preview":"max-video-preview:-1"},"canonical":"https:\/\/egerhaziimre.hu\/index.php\/dijak-elismeresek\/reszlet-arany-lajos-ihlet-a-ronan-c-konyvebol-1996\/?lang=en","og_locale":"hu_HU","og_type":"article","og_title":"R\u00e9szlet Arany Lajos \u201cIhlet a r\u00f3n\u00e1n\u201d c. k\u00f6nyv\u00e9b\u0151l (1996) - \u00c9gerh\u00e1zi Imre","og_description":"&#8222;&#8230;Mintha azt szugger\u00e1ln\u00e1 n\u00e9z\u0151j\u00e9re, Illy\u00e9ssel sz\u00f3lva: &#8222;harm\u00f3ni\u00e1t, rendet, igazit, vagy belev\u00e9sz a vil\u00e1g&#8221;. Visszafogott t\u00f3nus\u00fa, \u00e1rnyalt, meleg pasztellsz\u00edneivel is sugalmazza ezt &#8211; de nem kiab\u00e1lva. Mert \u00e9pp az egyens\u00falyozott szerkeszt\u00e9s \u00e1ll a maga csendess\u00e9g\u00e9vel, puritanizmus\u00e1val a leg\u00e9lesebben szemben a mai k\u00e1osszal, hom\u00e1llyal, mell\u00e9besz\u00e9l\u00e9ssel. S az, hogy alkot\u00f3i fegyelme minden k\u00e9pi locsog\u00e1st ker\u00fcl, a vil\u00e1got patikam\u00e9rlegre tev\u0151 intellektusa csak a fontosnak [&hellip;]","og_url":"https:\/\/egerhaziimre.hu\/index.php\/dijak-elismeresek\/reszlet-arany-lajos-ihlet-a-ronan-c-konyvebol-1996\/?lang=en","og_site_name":"\u00c9gerh\u00e1zi Imre","article_modified_time":"2020-09-08T14:13:49+00:00","twitter_card":"summary_large_image","twitter_misc":{"Becs\u00fclt olvas\u00e1si id\u0151":"2 perc"},"schema":{"@context":"https:\/\/schema.org","@graph":[{"@type":"WebPage","@id":"https:\/\/egerhaziimre.hu\/index.php\/dijak-elismeresek\/reszlet-arany-lajos-ihlet-a-ronan-c-konyvebol-1996\/?lang=en","url":"https:\/\/egerhaziimre.hu\/index.php\/dijak-elismeresek\/reszlet-arany-lajos-ihlet-a-ronan-c-konyvebol-1996\/?lang=en","name":"R\u00e9szlet Arany Lajos \u201cIhlet a r\u00f3n\u00e1n\u201d c. k\u00f6nyv\u00e9b\u0151l (1996) - \u00c9gerh\u00e1zi Imre","isPartOf":{"@id":"https:\/\/egerhaziimre.hu\/#website"},"datePublished":"2019-08-05T13:31:53+00:00","dateModified":"2020-09-08T14:13:49+00:00","breadcrumb":{"@id":"https:\/\/egerhaziimre.hu\/index.php\/dijak-elismeresek\/reszlet-arany-lajos-ihlet-a-ronan-c-konyvebol-1996\/?lang=en#breadcrumb"},"inLanguage":"hu","potentialAction":[{"@type":"ReadAction","target":["https:\/\/egerhaziimre.hu\/index.php\/dijak-elismeresek\/reszlet-arany-lajos-ihlet-a-ronan-c-konyvebol-1996\/?lang=en"]}]},{"@type":"BreadcrumbList","@id":"https:\/\/egerhaziimre.hu\/index.php\/dijak-elismeresek\/reszlet-arany-lajos-ihlet-a-ronan-c-konyvebol-1996\/?lang=en#breadcrumb","itemListElement":[{"@type":"ListItem","position":1,"name":"Home","item":"https:\/\/egerhaziimre.hu\/"},{"@type":"ListItem","position":2,"name":"Awards, recognitions","item":"https:\/\/egerhaziimre.hu\/index.php\/dijak-elismeresek\/?lang=en"},{"@type":"ListItem","position":3,"name":"Parts from Lajos Arany book \u201cIhlet a r\u00f3n\u00e1n\u201d, 1996"}]},{"@type":"WebSite","@id":"https:\/\/egerhaziimre.hu\/#website","url":"https:\/\/egerhaziimre.hu\/","name":"\u00c9gerh\u00e1zi Imre","description":"","potentialAction":[{"@type":"SearchAction","target":{"@type":"EntryPoint","urlTemplate":"https:\/\/egerhaziimre.hu\/?s={search_term_string}"},"query-input":{"@type":"PropertyValueSpecification","valueRequired":true,"valueName":"search_term_string"}}],"inLanguage":"hu"}]}},"jetpack_sharing_enabled":true,"_links":{"self":[{"href":"https:\/\/egerhaziimre.hu\/index.php\/wp-json\/wp\/v2\/pages\/1062","targetHints":{"allow":["GET"]}}],"collection":[{"href":"https:\/\/egerhaziimre.hu\/index.php\/wp-json\/wp\/v2\/pages"}],"about":[{"href":"https:\/\/egerhaziimre.hu\/index.php\/wp-json\/wp\/v2\/types\/page"}],"author":[{"embeddable":true,"href":"https:\/\/egerhaziimre.hu\/index.php\/wp-json\/wp\/v2\/users\/4"}],"replies":[{"embeddable":true,"href":"https:\/\/egerhaziimre.hu\/index.php\/wp-json\/wp\/v2\/comments?post=1062"}],"version-history":[{"count":4,"href":"https:\/\/egerhaziimre.hu\/index.php\/wp-json\/wp\/v2\/pages\/1062\/revisions"}],"predecessor-version":[{"id":9301,"href":"https:\/\/egerhaziimre.hu\/index.php\/wp-json\/wp\/v2\/pages\/1062\/revisions\/9301"}],"up":[{"embeddable":true,"href":"https:\/\/egerhaziimre.hu\/index.php\/wp-json\/wp\/v2\/pages\/31"}],"wp:attachment":[{"href":"https:\/\/egerhaziimre.hu\/index.php\/wp-json\/wp\/v2\/media?parent=1062"}],"wp:term":[{"taxonomy":"category","embeddable":true,"href":"https:\/\/egerhaziimre.hu\/index.php\/wp-json\/wp\/v2\/categories?post=1062"},{"taxonomy":"post_tag","embeddable":true,"href":"https:\/\/egerhaziimre.hu\/index.php\/wp-json\/wp\/v2\/tags?post=1062"}],"curies":[{"name":"wp","href":"https:\/\/api.w.org\/{rel}","templated":true}]}}