{"id":11183,"date":"2002-11-20T16:44:54","date_gmt":"2002-11-20T15:44:54","guid":{"rendered":"https:\/\/egerhaziimre.hu\/?page_id=11183"},"modified":"2020-11-22T15:36:56","modified_gmt":"2020-11-22T14:36:56","slug":"barbizona-a-magyar-pusztan","status":"publish","type":"page","link":"https:\/\/egerhaziimre.hu\/index.php\/eletrajz\/irasok-egerhazi-imrerol\/barbizona-a-magyar-pusztan\/","title":{"rendered":"Barbizon a magyar puszt\u00e1n"},"content":{"rendered":"<div class=\"wpb-content-wrapper\">[vc_row][vc_column][vc_column_text]\n<h6>Barbizon a magyar puszt\u00e1n<\/h6>\n<p>A mai Magyarorsz\u00e1g egyik legh\u00edresebb t\u00e1jegys\u00e9ge a Hortob\u00e1gy. K\u00f6z\u00e9p-Eur\u00f3pa legnagyobb \u00f6sszef\u00fcgg\u0151, szikes-f\u00fcves pusztas\u00e1ga a Tisz\u00e1nt\u00falon; a nagym\u00falt\u00fa k\u00e1lvinista v\u00e1ros; Debrecen szomsz\u00e9ds\u00e1g\u00e1ban. Nem eml\u00edtve most gazdas\u00e1gi \u00e9rt\u00e9keit. a Hortob\u00e1gy a r\u00e9g\u00e9szet, a n\u00e9prajztudom\u00e1ny \u00e9s nem utols\u00f3sorban az idegenforgalom kincsesb\u00e1ny\u00e1ja. A vil\u00e1g sok orsz\u00e1g\u00e1b\u00f3l j\u00f6nnek ide turist\u00e1k puszt\u00e1t, Kilenclyuk\u00fa hidat, P\u00e1sztorm\u00fazeumot, Hortob\u00e1gyi Gal\u00e9ri\u00e1t, Patk\u00f3s Gal\u00e9ri\u00e1t n\u00e9zni \u2013 \u00e9s lovagolni, lovasj\u00e1t\u00e9kot \u00e9lvezni. K\u00fcl\u00f6nleges fl\u00f3r\u00e1j\u00e1nak \u00e9s mad\u00e1rvil\u00e1g\u00e1nak meg\u0151rz\u00e9se \u00e9rdek\u00e9ben az Orsz\u00e1gos Term\u00e9szetv\u00e9delmi Hivatal 1973 janu\u00e1r elsej\u00e9vel a puszta jelent\u0151s r\u00e9sz\u00e9t Nemzeti Parkk\u00e1 nyilv\u00e1n\u00edtotta. Mindemellett a Hortob\u00e1gy a magyar m\u0171v\u00e9szett\u00f6rt\u00e9net, a nemzetk\u00f6zi m\u0171v\u00e9szeti \u00e9lethez is kapcsol\u00f3dni k\u00edv\u00e1n\u00f3 mai k\u00e9pz\u0151m\u0171v\u00e9szet\u00fcnk szerves r\u00e9sze is. A Hortob\u00e1gy impresszionista l\u00edrais\u00e1ga \u00e9s expresszionista dr\u00e1mais\u00e1ga \u2013 a sk\u00e1la a val\u00f3s\u00e1gban m\u00e9g enn\u00e9l is sz\u00e9lesebb \u2013 m\u00e1r sok m\u0171v\u00e9szt megihletett. A klasszikusok k\u00f6z\u00fcl tal\u00e1n a legh\u00edresebb Csontv\u00e1ry Kosztka Tivadar (munk\u00e1ss\u00e1g\u00e1t az 1959-es br\u00fcsszeli vil\u00e1gki\u00e1ll\u00edt\u00e1son ismerhette el az eur\u00f3pai szakk\u00f6zv\u00e9lem\u00e9ny) festm\u00e9nye, a \u201eVihar a Hortob\u00e1gyon\u201d. Egy alkot\u00f3k\u00f6z\u00f6ss\u00e9g \u00fatt\u00f6r\u0151ik\u00e9nt a Hortob\u00e1gyon dolgozott Boromissza Tibor, K\u00e1pl\u00e1r Mikl\u00f3s \u00e9s Maghy Zolt\u00e1n, 1929-t\u0151l 1931-ig. Ars poetic\u00e1juk az alf\u00f6ldi fest\u00e9szethez, az \u0151szi pusztai vil\u00e1ghoz val\u00f3 kapcsol\u00f3d\u00e1s volt.<\/p>\n<p>Eszt\u00e9tikai \u00e9s erk\u00f6lcsi \u00f6r\u00f6ks\u00e9g\u00fcket \u2013 meg\u00faj\u00edtva \u00e9s kiteljes\u00edtve azt \u2013 1982 \u00f3ta a Hortob\u00e1gyi Alkot\u00f3t\u00e1bor folytatja. T\u00e1mogat\u00f3juk a Hajd\u00fa-Bihar Megyei Vend\u00e9gl\u00e1t\u00f3 V\u00e1llalat.<\/p>\n<p>A Hortob\u00e1gyi Alkot\u00f3t\u00e1bor demokratikus szellem\u0171, gazdag m\u0171v\u00e9szi inspir\u00e1ci\u00f3kat ny\u00fajt\u00f3, t\u00f6bb ir\u00e1nyban is nyitott k\u00f6z\u00f6ss\u00e9g. Egyr\u00e9szt a tehets\u00e9ges amat\u0151r\u00f6k, m\u00e1sr\u00e9szt az \u00e9rdekl\u0151d\u0151 fot\u00f3m\u0171v\u00e9szek, s v\u00e9g\u00fcl a hortob\u00e1gyi trad\u00edci\u00f3kkal azonosulni tud\u00f3 k\u00fclf\u00f6ldi alkot\u00f3k ir\u00e1ny\u00e1ba. A form\u00e1lisan \u201ek\u00fclf\u00f6ldieknek\u201d sz\u00e1m\u00edt\u00f3 jugoszl\u00e1viai magyarok (Gyurkovics Hunor, Torok S\u00e1ndor) mellett visszaj\u00e1r\u00f3 vend\u00e9gei vannak az Alkot\u00f3t\u00e1bornak Franciaorsz\u00e1gb\u00f3l, Olaszorsz\u00e1gb\u00f3l \u00e9s nagy \u00f6r\u00f6m\u00fcnkre a kimagasl\u00f3 fest\u00e9szeti-grafikai hagyom\u00e1nyokkal b\u00fcszk\u00e9lkedhet\u0151 Hollandi\u00e1b\u00f3l is: a br\u00e9dai Willy van Beek \u00e9s Ineke Verheggen.<\/p>\n<p>Dr. \u00c9les Csaba<br \/>\nm\u0171v\u00e9szeti \u00edr\u00f3[\/vc_column_text][\/vc_column][\/vc_row]\n<\/div>","protected":false},"excerpt":{"rendered":"<p>[vc_row][vc_column][vc_column_text] Barbizon a magyar puszt\u00e1n A mai Magyarorsz\u00e1g egyik legh\u00edresebb t\u00e1jegys\u00e9ge a Hortob\u00e1gy. K\u00f6z\u00e9p-Eur\u00f3pa legnagyobb \u00f6sszef\u00fcgg\u0151, szikes-f\u00fcves pusztas\u00e1ga a Tisz\u00e1nt\u00falon; a nagym\u00falt\u00fa k\u00e1lvinista v\u00e1ros; Debrecen szomsz\u00e9ds\u00e1g\u00e1ban. Nem eml\u00edtve most gazdas\u00e1gi \u00e9rt\u00e9keit. a Hortob\u00e1gy a r\u00e9g\u00e9szet, a n\u00e9prajztudom\u00e1ny \u00e9s nem utols\u00f3sorban az idegenforgalom kincsesb\u00e1ny\u00e1ja. A vil\u00e1g sok orsz\u00e1g\u00e1b\u00f3l j\u00f6nnek ide turist\u00e1k puszt\u00e1t, Kilenclyuk\u00fa hidat, P\u00e1sztorm\u00fazeumot, Hortob\u00e1gyi Gal\u00e9ri\u00e1t, Patk\u00f3s Gal\u00e9ri\u00e1t n\u00e9zni \u2013 [&hellip;]<\/p>\n","protected":false},"author":4,"featured_media":3369,"parent":10535,"menu_order":0,"comment_status":"closed","ping_status":"closed","template":"","meta":{"footnotes":""},"categories":[13],"tags":[229],"class_list":["post-11183","page","type-page","status-publish","has-post-thumbnail","hentry","category-hirek","tag-hortobagyi_alkototabor_cikk"],"yoast_head":"<!-- This site is optimized with the Yoast SEO plugin v27.0 - https:\/\/yoast.com\/product\/yoast-seo-wordpress\/ -->\n<title>Barbizon a magyar puszt\u00e1n - \u00c9gerh\u00e1zi Imre<\/title>\n<meta name=\"robots\" content=\"index, follow, max-snippet:-1, max-image-preview:large, max-video-preview:-1\" \/>\n<link rel=\"canonical\" href=\"https:\/\/egerhaziimre.hu\/index.php\/eletrajz\/irasok-egerhazi-imrerol\/barbizona-a-magyar-pusztan\/?lang=en\" \/>\n<meta property=\"og:locale\" content=\"hu_HU\" \/>\n<meta property=\"og:type\" content=\"article\" \/>\n<meta property=\"og:title\" content=\"Barbizon a magyar puszt\u00e1n - \u00c9gerh\u00e1zi Imre\" \/>\n<meta property=\"og:description\" content=\"[vc_row][vc_column][vc_column_text] Barbizon a magyar puszt\u00e1n A mai Magyarorsz\u00e1g egyik legh\u00edresebb t\u00e1jegys\u00e9ge a Hortob\u00e1gy. K\u00f6z\u00e9p-Eur\u00f3pa legnagyobb \u00f6sszef\u00fcgg\u0151, szikes-f\u00fcves pusztas\u00e1ga a Tisz\u00e1nt\u00falon; a nagym\u00falt\u00fa k\u00e1lvinista v\u00e1ros; Debrecen szomsz\u00e9ds\u00e1g\u00e1ban. Nem eml\u00edtve most gazdas\u00e1gi \u00e9rt\u00e9keit. a Hortob\u00e1gy a r\u00e9g\u00e9szet, a n\u00e9prajztudom\u00e1ny \u00e9s nem utols\u00f3sorban az idegenforgalom kincsesb\u00e1ny\u00e1ja. A vil\u00e1g sok orsz\u00e1g\u00e1b\u00f3l j\u00f6nnek ide turist\u00e1k puszt\u00e1t, Kilenclyuk\u00fa hidat, P\u00e1sztorm\u00fazeumot, Hortob\u00e1gyi Gal\u00e9ri\u00e1t, Patk\u00f3s Gal\u00e9ri\u00e1t n\u00e9zni \u2013 [&hellip;]\" \/>\n<meta property=\"og:url\" content=\"https:\/\/egerhaziimre.hu\/index.php\/eletrajz\/irasok-egerhazi-imrerol\/barbizona-a-magyar-pusztan\/?lang=en\" \/>\n<meta property=\"og:site_name\" content=\"\u00c9gerh\u00e1zi Imre\" \/>\n<meta property=\"article:modified_time\" content=\"2020-11-22T14:36:56+00:00\" \/>\n<meta property=\"og:image\" content=\"https:\/\/egerhaziimre.hu\/wp-content\/uploads\/2020\/06\/0036_telihortobagy80x100_RGB.jpg\" \/>\n\t<meta property=\"og:image:width\" content=\"2000\" \/>\n\t<meta property=\"og:image:height\" content=\"1603\" \/>\n\t<meta property=\"og:image:type\" content=\"image\/jpeg\" \/>\n<meta name=\"twitter:card\" content=\"summary_large_image\" \/>\n<meta name=\"twitter:label1\" content=\"Becs\u00fclt olvas\u00e1si id\u0151\" \/>\n\t<meta name=\"twitter:data1\" content=\"4 perc\" \/>\n<script type=\"application\/ld+json\" class=\"yoast-schema-graph\">{\"@context\":\"https:\/\/schema.org\",\"@graph\":[{\"@type\":\"WebPage\",\"@id\":\"https:\/\/egerhaziimre.hu\/index.php\/eletrajz\/irasok-egerhazi-imrerol\/barbizona-a-magyar-pusztan\/?lang=en\",\"url\":\"https:\/\/egerhaziimre.hu\/index.php\/eletrajz\/irasok-egerhazi-imrerol\/barbizona-a-magyar-pusztan\/?lang=en\",\"name\":\"Barbizon a magyar puszt\u00e1n - \u00c9gerh\u00e1zi Imre\",\"isPartOf\":{\"@id\":\"https:\/\/egerhaziimre.hu\/#website\"},\"primaryImageOfPage\":{\"@id\":\"https:\/\/egerhaziimre.hu\/index.php\/eletrajz\/irasok-egerhazi-imrerol\/barbizona-a-magyar-pusztan\/?lang=en#primaryimage\"},\"image\":{\"@id\":\"https:\/\/egerhaziimre.hu\/index.php\/eletrajz\/irasok-egerhazi-imrerol\/barbizona-a-magyar-pusztan\/?lang=en#primaryimage\"},\"thumbnailUrl\":\"https:\/\/egerhaziimre.hu\/wp-content\/uploads\/2020\/06\/0036_telihortobagy80x100_RGB.jpg\",\"datePublished\":\"2002-11-20T15:44:54+00:00\",\"dateModified\":\"2020-11-22T14:36:56+00:00\",\"breadcrumb\":{\"@id\":\"https:\/\/egerhaziimre.hu\/index.php\/eletrajz\/irasok-egerhazi-imrerol\/barbizona-a-magyar-pusztan\/?lang=en#breadcrumb\"},\"inLanguage\":\"hu\",\"potentialAction\":[{\"@type\":\"ReadAction\",\"target\":[\"https:\/\/egerhaziimre.hu\/index.php\/eletrajz\/irasok-egerhazi-imrerol\/barbizona-a-magyar-pusztan\/?lang=en\"]}]},{\"@type\":\"ImageObject\",\"inLanguage\":\"hu\",\"@id\":\"https:\/\/egerhaziimre.hu\/index.php\/eletrajz\/irasok-egerhazi-imrerol\/barbizona-a-magyar-pusztan\/?lang=en#primaryimage\",\"url\":\"https:\/\/egerhaziimre.hu\/wp-content\/uploads\/2020\/06\/0036_telihortobagy80x100_RGB.jpg\",\"contentUrl\":\"https:\/\/egerhaziimre.hu\/wp-content\/uploads\/2020\/06\/0036_telihortobagy80x100_RGB.jpg\",\"width\":2000,\"height\":1603,\"caption\":\"olaj, farost 80x100 1984\"},{\"@type\":\"BreadcrumbList\",\"@id\":\"https:\/\/egerhaziimre.hu\/index.php\/eletrajz\/irasok-egerhazi-imrerol\/barbizona-a-magyar-pusztan\/?lang=en#breadcrumb\",\"itemListElement\":[{\"@type\":\"ListItem\",\"position\":1,\"name\":\"Home\",\"item\":\"https:\/\/egerhaziimre.hu\/\"},{\"@type\":\"ListItem\",\"position\":2,\"name\":\"\u00c9letrajz\",\"item\":\"https:\/\/egerhaziimre.hu\/index.php\/eletrajz\/\"},{\"@type\":\"ListItem\",\"position\":3,\"name\":\"Writings about Imre \u00c9gerh\u00e1zi\",\"item\":\"https:\/\/egerhaziimre.hu\/index.php\/eletrajz\/irasok-egerhazi-imrerol\/?lang=en\"},{\"@type\":\"ListItem\",\"position\":4,\"name\":\"Barbizon on the Hungarian plains\"}]},{\"@type\":\"WebSite\",\"@id\":\"https:\/\/egerhaziimre.hu\/#website\",\"url\":\"https:\/\/egerhaziimre.hu\/\",\"name\":\"\u00c9gerh\u00e1zi Imre\",\"description\":\"\",\"potentialAction\":[{\"@type\":\"SearchAction\",\"target\":{\"@type\":\"EntryPoint\",\"urlTemplate\":\"https:\/\/egerhaziimre.hu\/?s={search_term_string}\"},\"query-input\":{\"@type\":\"PropertyValueSpecification\",\"valueRequired\":true,\"valueName\":\"search_term_string\"}}],\"inLanguage\":\"hu\"}]}<\/script>\n<!-- \/ Yoast SEO plugin. -->","yoast_head_json":{"title":"Barbizon a magyar puszt\u00e1n - \u00c9gerh\u00e1zi Imre","robots":{"index":"index","follow":"follow","max-snippet":"max-snippet:-1","max-image-preview":"max-image-preview:large","max-video-preview":"max-video-preview:-1"},"canonical":"https:\/\/egerhaziimre.hu\/index.php\/eletrajz\/irasok-egerhazi-imrerol\/barbizona-a-magyar-pusztan\/?lang=en","og_locale":"hu_HU","og_type":"article","og_title":"Barbizon a magyar puszt\u00e1n - \u00c9gerh\u00e1zi Imre","og_description":"[vc_row][vc_column][vc_column_text] Barbizon a magyar puszt\u00e1n A mai Magyarorsz\u00e1g egyik legh\u00edresebb t\u00e1jegys\u00e9ge a Hortob\u00e1gy. K\u00f6z\u00e9p-Eur\u00f3pa legnagyobb \u00f6sszef\u00fcgg\u0151, szikes-f\u00fcves pusztas\u00e1ga a Tisz\u00e1nt\u00falon; a nagym\u00falt\u00fa k\u00e1lvinista v\u00e1ros; Debrecen szomsz\u00e9ds\u00e1g\u00e1ban. Nem eml\u00edtve most gazdas\u00e1gi \u00e9rt\u00e9keit. a Hortob\u00e1gy a r\u00e9g\u00e9szet, a n\u00e9prajztudom\u00e1ny \u00e9s nem utols\u00f3sorban az idegenforgalom kincsesb\u00e1ny\u00e1ja. A vil\u00e1g sok orsz\u00e1g\u00e1b\u00f3l j\u00f6nnek ide turist\u00e1k puszt\u00e1t, Kilenclyuk\u00fa hidat, P\u00e1sztorm\u00fazeumot, Hortob\u00e1gyi Gal\u00e9ri\u00e1t, Patk\u00f3s Gal\u00e9ri\u00e1t n\u00e9zni \u2013 [&hellip;]","og_url":"https:\/\/egerhaziimre.hu\/index.php\/eletrajz\/irasok-egerhazi-imrerol\/barbizona-a-magyar-pusztan\/?lang=en","og_site_name":"\u00c9gerh\u00e1zi Imre","article_modified_time":"2020-11-22T14:36:56+00:00","og_image":[{"width":2000,"height":1603,"url":"https:\/\/egerhaziimre.hu\/wp-content\/uploads\/2020\/06\/0036_telihortobagy80x100_RGB.jpg","type":"image\/jpeg"}],"twitter_card":"summary_large_image","twitter_misc":{"Becs\u00fclt olvas\u00e1si id\u0151":"4 perc"},"schema":{"@context":"https:\/\/schema.org","@graph":[{"@type":"WebPage","@id":"https:\/\/egerhaziimre.hu\/index.php\/eletrajz\/irasok-egerhazi-imrerol\/barbizona-a-magyar-pusztan\/?lang=en","url":"https:\/\/egerhaziimre.hu\/index.php\/eletrajz\/irasok-egerhazi-imrerol\/barbizona-a-magyar-pusztan\/?lang=en","name":"Barbizon a magyar puszt\u00e1n - \u00c9gerh\u00e1zi Imre","isPartOf":{"@id":"https:\/\/egerhaziimre.hu\/#website"},"primaryImageOfPage":{"@id":"https:\/\/egerhaziimre.hu\/index.php\/eletrajz\/irasok-egerhazi-imrerol\/barbizona-a-magyar-pusztan\/?lang=en#primaryimage"},"image":{"@id":"https:\/\/egerhaziimre.hu\/index.php\/eletrajz\/irasok-egerhazi-imrerol\/barbizona-a-magyar-pusztan\/?lang=en#primaryimage"},"thumbnailUrl":"https:\/\/egerhaziimre.hu\/wp-content\/uploads\/2020\/06\/0036_telihortobagy80x100_RGB.jpg","datePublished":"2002-11-20T15:44:54+00:00","dateModified":"2020-11-22T14:36:56+00:00","breadcrumb":{"@id":"https:\/\/egerhaziimre.hu\/index.php\/eletrajz\/irasok-egerhazi-imrerol\/barbizona-a-magyar-pusztan\/?lang=en#breadcrumb"},"inLanguage":"hu","potentialAction":[{"@type":"ReadAction","target":["https:\/\/egerhaziimre.hu\/index.php\/eletrajz\/irasok-egerhazi-imrerol\/barbizona-a-magyar-pusztan\/?lang=en"]}]},{"@type":"ImageObject","inLanguage":"hu","@id":"https:\/\/egerhaziimre.hu\/index.php\/eletrajz\/irasok-egerhazi-imrerol\/barbizona-a-magyar-pusztan\/?lang=en#primaryimage","url":"https:\/\/egerhaziimre.hu\/wp-content\/uploads\/2020\/06\/0036_telihortobagy80x100_RGB.jpg","contentUrl":"https:\/\/egerhaziimre.hu\/wp-content\/uploads\/2020\/06\/0036_telihortobagy80x100_RGB.jpg","width":2000,"height":1603,"caption":"olaj, farost 80x100 1984"},{"@type":"BreadcrumbList","@id":"https:\/\/egerhaziimre.hu\/index.php\/eletrajz\/irasok-egerhazi-imrerol\/barbizona-a-magyar-pusztan\/?lang=en#breadcrumb","itemListElement":[{"@type":"ListItem","position":1,"name":"Home","item":"https:\/\/egerhaziimre.hu\/"},{"@type":"ListItem","position":2,"name":"\u00c9letrajz","item":"https:\/\/egerhaziimre.hu\/index.php\/eletrajz\/"},{"@type":"ListItem","position":3,"name":"Writings about Imre \u00c9gerh\u00e1zi","item":"https:\/\/egerhaziimre.hu\/index.php\/eletrajz\/irasok-egerhazi-imrerol\/?lang=en"},{"@type":"ListItem","position":4,"name":"Barbizon on the Hungarian plains"}]},{"@type":"WebSite","@id":"https:\/\/egerhaziimre.hu\/#website","url":"https:\/\/egerhaziimre.hu\/","name":"\u00c9gerh\u00e1zi Imre","description":"","potentialAction":[{"@type":"SearchAction","target":{"@type":"EntryPoint","urlTemplate":"https:\/\/egerhaziimre.hu\/?s={search_term_string}"},"query-input":{"@type":"PropertyValueSpecification","valueRequired":true,"valueName":"search_term_string"}}],"inLanguage":"hu"}]}},"jetpack_sharing_enabled":true,"_links":{"self":[{"href":"https:\/\/egerhaziimre.hu\/index.php\/wp-json\/wp\/v2\/pages\/11183","targetHints":{"allow":["GET"]}}],"collection":[{"href":"https:\/\/egerhaziimre.hu\/index.php\/wp-json\/wp\/v2\/pages"}],"about":[{"href":"https:\/\/egerhaziimre.hu\/index.php\/wp-json\/wp\/v2\/types\/page"}],"author":[{"embeddable":true,"href":"https:\/\/egerhaziimre.hu\/index.php\/wp-json\/wp\/v2\/users\/4"}],"replies":[{"embeddable":true,"href":"https:\/\/egerhaziimre.hu\/index.php\/wp-json\/wp\/v2\/comments?post=11183"}],"version-history":[{"count":1,"href":"https:\/\/egerhaziimre.hu\/index.php\/wp-json\/wp\/v2\/pages\/11183\/revisions"}],"predecessor-version":[{"id":11184,"href":"https:\/\/egerhaziimre.hu\/index.php\/wp-json\/wp\/v2\/pages\/11183\/revisions\/11184"}],"up":[{"embeddable":true,"href":"https:\/\/egerhaziimre.hu\/index.php\/wp-json\/wp\/v2\/pages\/10535"}],"wp:featuredmedia":[{"embeddable":true,"href":"https:\/\/egerhaziimre.hu\/index.php\/wp-json\/wp\/v2\/media\/3369"}],"wp:attachment":[{"href":"https:\/\/egerhaziimre.hu\/index.php\/wp-json\/wp\/v2\/media?parent=11183"}],"wp:term":[{"taxonomy":"category","embeddable":true,"href":"https:\/\/egerhaziimre.hu\/index.php\/wp-json\/wp\/v2\/categories?post=11183"},{"taxonomy":"post_tag","embeddable":true,"href":"https:\/\/egerhaziimre.hu\/index.php\/wp-json\/wp\/v2\/tags?post=11183"}],"curies":[{"name":"wp","href":"https:\/\/api.w.org\/{rel}","templated":true}]}}