{"id":11825,"date":"1999-12-11T16:58:16","date_gmt":"1999-12-11T15:58:16","guid":{"rendered":"https:\/\/egerhaziimre.hu\/?page_id=11825"},"modified":"2021-03-11T13:35:07","modified_gmt":"2021-03-11T12:35:07","slug":"hortobagyi-alkototabor-1999-draga-zoli-bacsi","status":"publish","type":"page","link":"https:\/\/egerhaziimre.hu\/index.php\/hortobagyi-alkototabor-1999-draga-zoli-bacsi\/","title":{"rendered":"Hortob\u00e1gyi Alkot\u00f3t\u00e1bor 1999 &#8211; Dr\u00e1ga Zoli b\u00e1csi!"},"content":{"rendered":"<div class=\"wpb-content-wrapper\">[vc_row][vc_column width=&#8221;2\/3&#8243;][vc_column_text]\r\n<h6><strong>Dr\u00e1ga Zoli b\u00e1csi!<\/strong><\/h6>\r\n<p>Azoknak a hazai \u00e9s k\u00fclf\u00f6ldi alkot\u00f3knak a nev\u00e9ben veszek T\u0151led b\u00facs\u00fat, akikkel sok-sok \u00e9ven \u00e1t a Hajd\u00fas\u00e1gi Nemzetk\u00f6zi M\u0171v\u00e9sztelepen \u00e9s a Hortob\u00e1gyi Alkot\u00f3t\u00e1borban egy\u00fctt dolgozt\u00e1l. \u00c9s minden jelenl\u00e9v\u0151 \u00e9s jelen nem l\u00e9v\u0151 alkot\u00f3 nev\u00e9ben.<br \/>Hozz\u00e1m kegyes volt a sors, mert 31 \u00e9ven \u00e1t ny\u00e1ron \u00e9s 18 \u00e9ven \u00e1t t\u00e9len Veled egy\u00fctt festhettem, egy\u00fctt lehettem, megismerhettelek.<br \/>L\u00e1ttalak dolgozni a hajd\u00fab\u00f6sz\u00f6rm\u00e9nyi utc\u00e1kon, zugokban, udvarokban, a sz\u00e9les hat\u00e1rban, tany\u00e1kon, Hortob\u00e1gyon \u00e9s a m\u0171termekben.<br \/>Most is el\u0151ttem vagy, amint a fest\u0151\u00e1llv\u00e1ny el\u0151tt \u00e1llsz \u00e9s dolgozol. Nem t\u00e1ntor\u00edtott semmi, sem a tikkaszt\u00f3 h\u0151s\u00e9g, sem a dermeszt\u0151 hideg. K\u00f6vetkezetes volt\u00e1l. L\u00e1ttam amint ecseteddel \u00edrod a XX. sz\u00e1zad egy szelet\u00e9t, a Hajd\u00fas\u00e1g, a Hortob\u00e1gy kr\u00f3nik\u00e1j\u00e1t.<br \/>Ha valami okn\u00e1l fogva minden elpusztulna, csak a Te k\u00e9peid, rajzaid maradn\u00e1nak fenn, az ut\u00f3kor ezekb\u0151l megtudhatn\u00e1, hogy milyen volt a Hajd\u00fas\u00e1g, Hortob\u00e1gy, Hajd\u00fab\u00f6sz\u00f6rm\u00e9ny, s milyenek voltak az itt \u00e9l\u0151 emberek. Nagyon szerett\u00fcnk T\u00e9ged, tiszta embers\u00e9ged\u00e9rt, seg\u00edt\u0151k\u00e9szs\u00e9ged\u00e9rt. Nek\u00fcnk Te volt\u00e1l a Hortob\u00e1gyi Kol\u00f3ni\u00e1val \u00f6sszek\u00f6t\u0151 kapocs, a kedves \u00f6regbar\u00e1t. El\u0151bb a cs\u00e1rd\u00e1ban, majd k\u00e9s\u0151bb a fogad\u00f3ban sz\u00edvesen hallgattuk visszaeml\u00e9kez\u00e9seidet a m\u0171v\u00e9szett\u00f6rt\u00e9nelemm\u00e9 magasztosult tan\u00e1raidr\u00f3l, volt fest\u0151 bar\u00e1taidr\u00f3l, s az \u00e1ltalad igen szeretett Hortob\u00e1gyr\u00f3l, a vil\u00e1g dolgair\u00f3l. Sokat tanultunk t\u0151led.<br \/>Magatart\u00e1sod, szorgalmad p\u00e9ldak\u00e9p volt a sz\u00e1munkra.<\/p>\r\n<p>\r\n\r\nKEDVES ZOLI B\u00c1TY\u00c1M!<br \/>\u00c9letm\u0171ved befejez\u0151d\u00f6tt. Nincs tov\u00e1bb.<br \/>Most m\u00e1r az ut\u00f3dokon a sor, hogy azt megbecs\u00fclj\u00e9k. Az biztos, hogy mi, akik annyi nyarat, telet egy\u00fctt festett\u00fcnk Veled, soha nem felejt\u00fcnk el.<br \/>Eml\u00e9kedet sz\u00edv\u00fcnkben \u00f6r\u00f6kre meg\u0151rizz\u00fck.<br \/>Ha B\u00f6sz\u00f6rm\u00e9ny utc\u00e1in vagy a Hortob\u00e1gyon j\u00e1runk, fest\u00fcnk, Te mindig vel\u00fcnk leszel, R\u00e1d eml\u00e9kez\u00fcnk.<\/p>\r\n<p>\r\n\r\nNyugodj b\u00e9k\u00e9ben.<\/p>\r\n<p>\r\n\r\nElhangzott MAGHY ZOLT\u00c1N fest\u0151m\u0171v\u00e9sz temet\u00e9s\u00e9n 1999. december 11-\u00e9n, a s\u00edrn\u00e1l.<\/p>\r\n<p>\r\n\r\n\u00c9gerh\u00e1zi Imre<\/p>\r\n[\/vc_column_text][\/vc_column][vc_column width=&#8221;1\/3&#8243;][vc_single_image image=&#8221;11545&#8243; img_size=&#8221;large&#8221; alignment=&#8221;center&#8221; style=&#8221;xtd-shadow&#8211;normal-light&#8221; onclick=&#8221;custom_link&#8221; img_link_target=&#8221;_blank&#8221; link=&#8221;https:\/\/egerhaziimre.hu\/index.php\/_foto\/?id=2359&#8243;][\/vc_column][\/vc_row]<\/div>","protected":false},"excerpt":{"rendered":"<p>[vc_row][vc_column width=&#8221;2\/3&#8243;][vc_column_text] Dr\u00e1ga Zoli b\u00e1csi! KEDVES ZOLI B\u00c1TY\u00c1M!\u00c9letm\u0171ved befejez\u0151d\u00f6tt. Nincs tov\u00e1bb.Most m\u00e1r az ut\u00f3dokon a sor, hogy azt megbecs\u00fclj\u00e9k. Az biztos, hogy mi, akik annyi nyarat, telet egy\u00fctt festett\u00fcnk Veled, soha nem felejt\u00fcnk el.Eml\u00e9kedet sz\u00edv\u00fcnkben \u00f6r\u00f6kre meg\u0151rizz\u00fck.Ha B\u00f6sz\u00f6rm\u00e9ny utc\u00e1in vagy a Hortob\u00e1gyon j\u00e1runk, fest\u00fcnk, Te mindig vel\u00fcnk leszel, R\u00e1d eml\u00e9kez\u00fcnk. Nyugodj b\u00e9k\u00e9ben. Elhangzott MAGHY ZOLT\u00c1N fest\u0151m\u0171v\u00e9sz temet\u00e9s\u00e9n 1999. december 11-\u00e9n, [&hellip;]<\/p>\n","protected":false},"author":4,"featured_media":11551,"parent":0,"menu_order":0,"comment_status":"closed","ping_status":"closed","template":"","meta":{"footnotes":""},"categories":[126],"tags":[29],"class_list":["post-11825","page","type-page","status-publish","has-post-thumbnail","hentry","category-irasok_egerhazi_imretol","tag-29"],"yoast_head":"<!-- This site is optimized with the Yoast SEO plugin v27.3 - https:\/\/yoast.com\/product\/yoast-seo-wordpress\/ -->\n<title>Hortob\u00e1gyi Alkot\u00f3t\u00e1bor 1999 - Dr\u00e1ga Zoli b\u00e1csi! - \u00c9gerh\u00e1zi Imre<\/title>\n<meta name=\"robots\" content=\"index, follow, max-snippet:-1, max-image-preview:large, max-video-preview:-1\" \/>\n<link rel=\"canonical\" href=\"https:\/\/egerhaziimre.hu\/index.php\/hortobagyi-alkototabor-1999-draga-zoli-bacsi\/?lang=en\" \/>\n<meta property=\"og:locale\" content=\"hu_HU\" \/>\n<meta property=\"og:type\" content=\"article\" \/>\n<meta property=\"og:title\" content=\"Hortob\u00e1gyi Alkot\u00f3t\u00e1bor 1999 - Dr\u00e1ga Zoli b\u00e1csi!\" \/>\n<meta property=\"og:description\" content=\"[vc_row][vc_column width=&#8221;2\/3&#8243;][vc_column_text] Dr\u00e1ga Zoli b\u00e1csi! KEDVES ZOLI B\u00c1TY\u00c1M!\u00c9letm\u0171ved befejez\u0151d\u00f6tt. Nincs tov\u00e1bb.Most m\u00e1r az ut\u00f3dokon a sor, hogy azt megbecs\u00fclj\u00e9k. Az biztos, hogy mi, akik annyi nyarat, telet egy\u00fctt festett\u00fcnk Veled, soha nem felejt\u00fcnk el.Eml\u00e9kedet sz\u00edv\u00fcnkben \u00f6r\u00f6kre meg\u0151rizz\u00fck.Ha B\u00f6sz\u00f6rm\u00e9ny utc\u00e1in vagy a Hortob\u00e1gyon j\u00e1runk, fest\u00fcnk, Te mindig vel\u00fcnk leszel, R\u00e1d eml\u00e9kez\u00fcnk. Nyugodj b\u00e9k\u00e9ben. Elhangzott MAGHY ZOLT\u00c1N fest\u0151m\u0171v\u00e9sz temet\u00e9s\u00e9n 1999. december 11-\u00e9n, [&hellip;]\" \/>\n<meta property=\"og:url\" content=\"https:\/\/egerhaziimre.hu\/index.php\/hortobagyi-alkototabor-1999-draga-zoli-bacsi\/?lang=en\" \/>\n<meta property=\"og:site_name\" content=\"\u00c9gerh\u00e1zi Imre\" \/>\n<meta property=\"article:modified_time\" content=\"2021-03-11T12:35:07+00:00\" \/>\n<meta property=\"og:image\" content=\"https:\/\/egerhaziimre.hu\/wp-content\/uploads\/kepek\/2361.jpg\" \/>\n\t<meta property=\"og:image:width\" content=\"1545\" \/>\n\t<meta property=\"og:image:height\" content=\"1024\" \/>\n\t<meta property=\"og:image:type\" content=\"image\/jpeg\" \/>\n<meta name=\"twitter:card\" content=\"summary_large_image\" \/>\n<meta name=\"twitter:title\" content=\"Hortob\u00e1gyi Alkot\u00f3t\u00e1bor 1999 - Dr\u00e1ga Zoli b\u00e1csi!\" \/>\n<meta name=\"twitter:image\" content=\"https:\/\/egerhaziimre.hu\/wp-content\/uploads\/kepek\/2361.jpg\" \/>\n<meta name=\"twitter:label1\" content=\"Becs\u00fclt olvas\u00e1si id\u0151\" \/>\n\t<meta name=\"twitter:data1\" content=\"2 perc\" \/>\n<script type=\"application\/ld+json\" class=\"yoast-schema-graph\">{\"@context\":\"https:\\\/\\\/schema.org\",\"@graph\":[{\"@type\":\"WebPage\",\"@id\":\"https:\\\/\\\/egerhaziimre.hu\\\/index.php\\\/hortobagyi-alkototabor-1999-draga-zoli-bacsi\\\/?lang=en\",\"url\":\"https:\\\/\\\/egerhaziimre.hu\\\/index.php\\\/hortobagyi-alkototabor-1999-draga-zoli-bacsi\\\/?lang=en\",\"name\":\"Hortob\u00e1gyi Alkot\u00f3t\u00e1bor 1999 - Dr\u00e1ga Zoli b\u00e1csi! - \u00c9gerh\u00e1zi Imre\",\"isPartOf\":{\"@id\":\"https:\\\/\\\/egerhaziimre.hu\\\/#website\"},\"primaryImageOfPage\":{\"@id\":\"https:\\\/\\\/egerhaziimre.hu\\\/index.php\\\/hortobagyi-alkototabor-1999-draga-zoli-bacsi\\\/?lang=en#primaryimage\"},\"image\":{\"@id\":\"https:\\\/\\\/egerhaziimre.hu\\\/index.php\\\/hortobagyi-alkototabor-1999-draga-zoli-bacsi\\\/?lang=en#primaryimage\"},\"thumbnailUrl\":\"https:\\\/\\\/egerhaziimre.hu\\\/wp-content\\\/uploads\\\/kepek\\\/2361.jpg\",\"datePublished\":\"1999-12-11T15:58:16+00:00\",\"dateModified\":\"2021-03-11T12:35:07+00:00\",\"breadcrumb\":{\"@id\":\"https:\\\/\\\/egerhaziimre.hu\\\/index.php\\\/hortobagyi-alkototabor-1999-draga-zoli-bacsi\\\/?lang=en#breadcrumb\"},\"inLanguage\":\"hu\",\"potentialAction\":[{\"@type\":\"ReadAction\",\"target\":[\"https:\\\/\\\/egerhaziimre.hu\\\/index.php\\\/hortobagyi-alkototabor-1999-draga-zoli-bacsi\\\/?lang=en\"]}]},{\"@type\":\"ImageObject\",\"inLanguage\":\"hu\",\"@id\":\"https:\\\/\\\/egerhaziimre.hu\\\/index.php\\\/hortobagyi-alkototabor-1999-draga-zoli-bacsi\\\/?lang=en#primaryimage\",\"url\":\"https:\\\/\\\/egerhaziimre.hu\\\/wp-content\\\/uploads\\\/kepek\\\/2361.jpg\",\"contentUrl\":\"https:\\\/\\\/egerhaziimre.hu\\\/wp-content\\\/uploads\\\/kepek\\\/2361.jpg\",\"width\":1545,\"height\":1024,\"caption\":\"Maghy Zolt\u00e1n fest\u0151m\u0171v\u00e9sszel a F\u00fcredi utcai m\u0171teremben, Debrecenben 80-as \u00e9vek eleje\"},{\"@type\":\"BreadcrumbList\",\"@id\":\"https:\\\/\\\/egerhaziimre.hu\\\/index.php\\\/hortobagyi-alkototabor-1999-draga-zoli-bacsi\\\/?lang=en#breadcrumb\",\"itemListElement\":[{\"@type\":\"ListItem\",\"position\":1,\"name\":\"Home\",\"item\":\"https:\\\/\\\/egerhaziimre.hu\\\/\"},{\"@type\":\"ListItem\",\"position\":2,\"name\":\"Hortob\u00e1gyi Alkot\u00f3t\u00e1bor 1999 &#8211; Dear Uncle Zoli!\"}]},{\"@type\":\"WebSite\",\"@id\":\"https:\\\/\\\/egerhaziimre.hu\\\/#website\",\"url\":\"https:\\\/\\\/egerhaziimre.hu\\\/\",\"name\":\"\u00c9gerh\u00e1zi Imre\",\"description\":\"\",\"potentialAction\":[{\"@type\":\"SearchAction\",\"target\":{\"@type\":\"EntryPoint\",\"urlTemplate\":\"https:\\\/\\\/egerhaziimre.hu\\\/?s={search_term_string}\"},\"query-input\":{\"@type\":\"PropertyValueSpecification\",\"valueRequired\":true,\"valueName\":\"search_term_string\"}}],\"inLanguage\":\"hu\"}]}<\/script>\n<!-- \/ Yoast SEO plugin. -->","yoast_head_json":{"title":"Hortob\u00e1gyi Alkot\u00f3t\u00e1bor 1999 - Dr\u00e1ga Zoli b\u00e1csi! - \u00c9gerh\u00e1zi Imre","robots":{"index":"index","follow":"follow","max-snippet":"max-snippet:-1","max-image-preview":"max-image-preview:large","max-video-preview":"max-video-preview:-1"},"canonical":"https:\/\/egerhaziimre.hu\/index.php\/hortobagyi-alkototabor-1999-draga-zoli-bacsi\/?lang=en","og_locale":"hu_HU","og_type":"article","og_title":"Hortob\u00e1gyi Alkot\u00f3t\u00e1bor 1999 - Dr\u00e1ga Zoli b\u00e1csi!","og_description":"[vc_row][vc_column width=&#8221;2\/3&#8243;][vc_column_text] Dr\u00e1ga Zoli b\u00e1csi! KEDVES ZOLI B\u00c1TY\u00c1M!\u00c9letm\u0171ved befejez\u0151d\u00f6tt. Nincs tov\u00e1bb.Most m\u00e1r az ut\u00f3dokon a sor, hogy azt megbecs\u00fclj\u00e9k. Az biztos, hogy mi, akik annyi nyarat, telet egy\u00fctt festett\u00fcnk Veled, soha nem felejt\u00fcnk el.Eml\u00e9kedet sz\u00edv\u00fcnkben \u00f6r\u00f6kre meg\u0151rizz\u00fck.Ha B\u00f6sz\u00f6rm\u00e9ny utc\u00e1in vagy a Hortob\u00e1gyon j\u00e1runk, fest\u00fcnk, Te mindig vel\u00fcnk leszel, R\u00e1d eml\u00e9kez\u00fcnk. Nyugodj b\u00e9k\u00e9ben. Elhangzott MAGHY ZOLT\u00c1N fest\u0151m\u0171v\u00e9sz temet\u00e9s\u00e9n 1999. december 11-\u00e9n, [&hellip;]","og_url":"https:\/\/egerhaziimre.hu\/index.php\/hortobagyi-alkototabor-1999-draga-zoli-bacsi\/?lang=en","og_site_name":"\u00c9gerh\u00e1zi Imre","article_modified_time":"2021-03-11T12:35:07+00:00","og_image":[{"width":1545,"height":1024,"url":"https:\/\/egerhaziimre.hu\/wp-content\/uploads\/kepek\/2361.jpg","type":"image\/jpeg"}],"twitter_card":"summary_large_image","twitter_title":"Hortob\u00e1gyi Alkot\u00f3t\u00e1bor 1999 - Dr\u00e1ga Zoli b\u00e1csi!","twitter_image":"https:\/\/egerhaziimre.hu\/wp-content\/uploads\/kepek\/2361.jpg","twitter_misc":{"Becs\u00fclt olvas\u00e1si id\u0151":"2 perc"},"schema":{"@context":"https:\/\/schema.org","@graph":[{"@type":"WebPage","@id":"https:\/\/egerhaziimre.hu\/index.php\/hortobagyi-alkototabor-1999-draga-zoli-bacsi\/?lang=en","url":"https:\/\/egerhaziimre.hu\/index.php\/hortobagyi-alkototabor-1999-draga-zoli-bacsi\/?lang=en","name":"Hortob\u00e1gyi Alkot\u00f3t\u00e1bor 1999 - Dr\u00e1ga Zoli b\u00e1csi! - \u00c9gerh\u00e1zi Imre","isPartOf":{"@id":"https:\/\/egerhaziimre.hu\/#website"},"primaryImageOfPage":{"@id":"https:\/\/egerhaziimre.hu\/index.php\/hortobagyi-alkototabor-1999-draga-zoli-bacsi\/?lang=en#primaryimage"},"image":{"@id":"https:\/\/egerhaziimre.hu\/index.php\/hortobagyi-alkototabor-1999-draga-zoli-bacsi\/?lang=en#primaryimage"},"thumbnailUrl":"https:\/\/egerhaziimre.hu\/wp-content\/uploads\/kepek\/2361.jpg","datePublished":"1999-12-11T15:58:16+00:00","dateModified":"2021-03-11T12:35:07+00:00","breadcrumb":{"@id":"https:\/\/egerhaziimre.hu\/index.php\/hortobagyi-alkototabor-1999-draga-zoli-bacsi\/?lang=en#breadcrumb"},"inLanguage":"hu","potentialAction":[{"@type":"ReadAction","target":["https:\/\/egerhaziimre.hu\/index.php\/hortobagyi-alkototabor-1999-draga-zoli-bacsi\/?lang=en"]}]},{"@type":"ImageObject","inLanguage":"hu","@id":"https:\/\/egerhaziimre.hu\/index.php\/hortobagyi-alkototabor-1999-draga-zoli-bacsi\/?lang=en#primaryimage","url":"https:\/\/egerhaziimre.hu\/wp-content\/uploads\/kepek\/2361.jpg","contentUrl":"https:\/\/egerhaziimre.hu\/wp-content\/uploads\/kepek\/2361.jpg","width":1545,"height":1024,"caption":"Maghy Zolt\u00e1n fest\u0151m\u0171v\u00e9sszel a F\u00fcredi utcai m\u0171teremben, Debrecenben 80-as \u00e9vek eleje"},{"@type":"BreadcrumbList","@id":"https:\/\/egerhaziimre.hu\/index.php\/hortobagyi-alkototabor-1999-draga-zoli-bacsi\/?lang=en#breadcrumb","itemListElement":[{"@type":"ListItem","position":1,"name":"Home","item":"https:\/\/egerhaziimre.hu\/"},{"@type":"ListItem","position":2,"name":"Hortob\u00e1gyi Alkot\u00f3t\u00e1bor 1999 &#8211; Dear Uncle Zoli!"}]},{"@type":"WebSite","@id":"https:\/\/egerhaziimre.hu\/#website","url":"https:\/\/egerhaziimre.hu\/","name":"\u00c9gerh\u00e1zi Imre","description":"","potentialAction":[{"@type":"SearchAction","target":{"@type":"EntryPoint","urlTemplate":"https:\/\/egerhaziimre.hu\/?s={search_term_string}"},"query-input":{"@type":"PropertyValueSpecification","valueRequired":true,"valueName":"search_term_string"}}],"inLanguage":"hu"}]}},"jetpack_sharing_enabled":true,"_links":{"self":[{"href":"https:\/\/egerhaziimre.hu\/index.php\/wp-json\/wp\/v2\/pages\/11825","targetHints":{"allow":["GET"]}}],"collection":[{"href":"https:\/\/egerhaziimre.hu\/index.php\/wp-json\/wp\/v2\/pages"}],"about":[{"href":"https:\/\/egerhaziimre.hu\/index.php\/wp-json\/wp\/v2\/types\/page"}],"author":[{"embeddable":true,"href":"https:\/\/egerhaziimre.hu\/index.php\/wp-json\/wp\/v2\/users\/4"}],"replies":[{"embeddable":true,"href":"https:\/\/egerhaziimre.hu\/index.php\/wp-json\/wp\/v2\/comments?post=11825"}],"version-history":[{"count":6,"href":"https:\/\/egerhaziimre.hu\/index.php\/wp-json\/wp\/v2\/pages\/11825\/revisions"}],"predecessor-version":[{"id":11869,"href":"https:\/\/egerhaziimre.hu\/index.php\/wp-json\/wp\/v2\/pages\/11825\/revisions\/11869"}],"wp:featuredmedia":[{"embeddable":true,"href":"https:\/\/egerhaziimre.hu\/index.php\/wp-json\/wp\/v2\/media\/11551"}],"wp:attachment":[{"href":"https:\/\/egerhaziimre.hu\/index.php\/wp-json\/wp\/v2\/media?parent=11825"}],"wp:term":[{"taxonomy":"category","embeddable":true,"href":"https:\/\/egerhaziimre.hu\/index.php\/wp-json\/wp\/v2\/categories?post=11825"},{"taxonomy":"post_tag","embeddable":true,"href":"https:\/\/egerhaziimre.hu\/index.php\/wp-json\/wp\/v2\/tags?post=11825"}],"curies":[{"name":"wp","href":"https:\/\/api.w.org\/{rel}","templated":true}]}}