{"id":11870,"date":"1999-03-11T13:33:30","date_gmt":"1999-03-11T12:33:30","guid":{"rendered":"https:\/\/egerhaziimre.hu\/?page_id=11870"},"modified":"2021-03-11T15:10:36","modified_gmt":"2021-03-11T14:10:36","slug":"hortobagyi-alkototabor-1999-in-memorian-margaret-keown","status":"publish","type":"page","link":"https:\/\/egerhaziimre.hu\/index.php\/hortobagyi-alkototabor-1999-in-memorian-margaret-keown\/","title":{"rendered":"Hortob\u00e1gyi Alkot\u00f3t\u00e1bor 1999 &#8211; In memoriam Margaret Keown"},"content":{"rendered":"<div class=\"wpb-content-wrapper\">\n[vc_row][vc_column][vc_column_text]\n<h6>In memoriam Margaret Keown<\/h6>\n<p>Margaret vid\u00e1ms\u00e1g\u00e1val, lobog\u00f3 lend\u00fclet\u00e9vel, a koll\u00e9g\u00e1k \u00e9s a t\u00e1j v\u00e9gtelen szeretet\u00e9vel \u00fagy t\u0171nt fel a Hortob\u00e1gy \u201eeg\u00e9n\u201d, mint egy f\u00e9nyl\u0151 \u00fcst\u00f6k\u00f6s.<br \/>Bels\u0151 t\u0171z \u00e9gette, hajtotta \u2013 az \u00e1ltala is tudott \u2013 az elm\u00fal\u00e1s t\u00fcze. Valami nagyon sz\u00e9pet akart festeni a nagy \u201evizes\u201d puszt\u00e1r\u00f3l. \u00cdg\u00e9rte: j\u00f6v\u0151re a v\u00edzben \u00e1ll\u00f3 lovak helyett majd \u201et\u00e9li d\u00e9lib\u00e1bot\u201d festek. T\u00e1ncos temperamentuma ink\u00e1bb d\u00e9l-amerikai, mint angol volt. Az \u00e9let minden sz\u00e9ps\u00e9g\u00e9\u00e9rt k\u00e9t k\u00e9zzel kapott, s mint egy j\u00f3s\u00e1gos t\u00fcnd\u00e9r, sz\u00e9tosztotta k\u00f6z\u00f6tt\u00fcnk.<br \/>Nagy ritk\u00e1n \u00e9s csak kevesek l\u00e1thatt\u00e1k, amint elkomorodik, s a mindig csillog\u00f3 szem szomor\u00fav\u00e1 v\u00e1lik, \u00e9s ki\u00fcl arc\u00e1ra az elm\u00fal\u00e1s f\u00e1jdalma, f\u00e9lelme.<br \/>\u201e\u00c9letem legszebb eml\u00e9ke a Hortob\u00e1gy \u00e9s a koll\u00e9g\u00e1k szeretete. Gondolatban sokat veletek vagyok\u201d \u00edrta egyik level\u00e9ben.<\/p>\n<p>Emberfeletti er\u0151vel bizakod\u00f3an k\u00fczd\u00f6tt, de 1999. december 18-\u00e1n megadta mag\u00e1t. 24-\u00e9n sz\u00fcl\u0151v\u00e1ros\u00e1ban, Folkestonban helyezt\u00e9k \u00f6r\u00f6k nyugalomba.<br \/>A h\u00f3 m\u00e1r betemette a s\u00edrt, a Hortob\u00e1gyon l\u00e1ba nyom\u00e1t, de k\u00e9pei megmaradnak \u00e9ppen \u00fagy, mint az \u0151 kedves l\u00e9nye a sz\u00edv\u00fcnkben.<br \/>Eml\u00e9k\u00e9t meg\u0151rizz\u00fck. Nyugodj b\u00e9k\u00e9ben.<\/p>\n<p>\u00c9gerh\u00e1zi Imre<\/p>\n[\/vc_column_text][\/vc_column][\/vc_row]\n\n<\/div>","protected":false},"excerpt":{"rendered":"<p>[vc_row][vc_column][vc_column_text] In memoriam Margaret Keown Margaret vid\u00e1ms\u00e1g\u00e1val, lobog\u00f3 lend\u00fclet\u00e9vel, a koll\u00e9g\u00e1k \u00e9s a t\u00e1j v\u00e9gtelen szeretet\u00e9vel \u00fagy t\u0171nt fel a Hortob\u00e1gy \u201eeg\u00e9n\u201d, mint egy f\u00e9nyl\u0151 \u00fcst\u00f6k\u00f6s.Bels\u0151 t\u0171z \u00e9gette, hajtotta \u2013 az \u00e1ltala is tudott \u2013 az elm\u00fal\u00e1s t\u00fcze. Valami nagyon sz\u00e9pet akart festeni a nagy \u201evizes\u201d puszt\u00e1r\u00f3l. \u00cdg\u00e9rte: j\u00f6v\u0151re a v\u00edzben \u00e1ll\u00f3 lovak helyett majd \u201et\u00e9li d\u00e9lib\u00e1bot\u201d festek. T\u00e1ncos temperamentuma [&hellip;]<\/p>\n","protected":false},"author":4,"featured_media":0,"parent":0,"menu_order":0,"comment_status":"closed","ping_status":"closed","template":"","meta":{"footnotes":""},"categories":[126],"tags":[29],"class_list":["post-11870","page","type-page","status-publish","hentry","category-irasok_egerhazi_imretol","tag-29"],"yoast_head":"<!-- This site is optimized with the Yoast SEO plugin v27.4 - https:\/\/yoast.com\/product\/yoast-seo-wordpress\/ -->\n<title>Hortob\u00e1gyi Alkot\u00f3t\u00e1bor 1999 - In memoriam Margaret Keown - \u00c9gerh\u00e1zi Imre<\/title>\n<meta name=\"robots\" content=\"index, follow, max-snippet:-1, max-image-preview:large, max-video-preview:-1\" \/>\n<link rel=\"canonical\" href=\"https:\/\/egerhaziimre.hu\/index.php\/hortobagyi-alkototabor-1999-in-memorian-margaret-keown\/?lang=en\" \/>\n<meta property=\"og:locale\" content=\"hu_HU\" \/>\n<meta property=\"og:type\" content=\"article\" \/>\n<meta property=\"og:title\" content=\"Hortob\u00e1gyi Alkot\u00f3t\u00e1bor 1999 - In memoriam Margaret Keown\" \/>\n<meta property=\"og:description\" content=\"[vc_row][vc_column][vc_column_text] In memoriam Margaret Keown Margaret vid\u00e1ms\u00e1g\u00e1val, lobog\u00f3 lend\u00fclet\u00e9vel, a koll\u00e9g\u00e1k \u00e9s a t\u00e1j v\u00e9gtelen szeretet\u00e9vel \u00fagy t\u0171nt fel a Hortob\u00e1gy \u201eeg\u00e9n\u201d, mint egy f\u00e9nyl\u0151 \u00fcst\u00f6k\u00f6s.Bels\u0151 t\u0171z \u00e9gette, hajtotta \u2013 az \u00e1ltala is tudott \u2013 az elm\u00fal\u00e1s t\u00fcze. Valami nagyon sz\u00e9pet akart festeni a nagy \u201evizes\u201d puszt\u00e1r\u00f3l. \u00cdg\u00e9rte: j\u00f6v\u0151re a v\u00edzben \u00e1ll\u00f3 lovak helyett majd \u201et\u00e9li d\u00e9lib\u00e1bot\u201d festek. T\u00e1ncos temperamentuma [&hellip;]\" \/>\n<meta property=\"og:url\" content=\"https:\/\/egerhaziimre.hu\/index.php\/hortobagyi-alkototabor-1999-in-memorian-margaret-keown\/?lang=en\" \/>\n<meta property=\"og:site_name\" content=\"\u00c9gerh\u00e1zi Imre\" \/>\n<meta property=\"article:modified_time\" content=\"2021-03-11T14:10:36+00:00\" \/>\n<meta name=\"twitter:card\" content=\"summary_large_image\" \/>\n<meta name=\"twitter:title\" content=\"Hortob\u00e1gyi Alkot\u00f3t\u00e1bor 1999 - In memoriam Margaret Keown\" \/>\n<meta name=\"twitter:label1\" content=\"Becs\u00fclt olvas\u00e1si id\u0151\" \/>\n\t<meta name=\"twitter:data1\" content=\"1 perc\" \/>\n<script type=\"application\/ld+json\" class=\"yoast-schema-graph\">{\"@context\":\"https:\\\/\\\/schema.org\",\"@graph\":[{\"@type\":\"WebPage\",\"@id\":\"https:\\\/\\\/egerhaziimre.hu\\\/index.php\\\/hortobagyi-alkototabor-1999-in-memorian-margaret-keown\\\/?lang=en\",\"url\":\"https:\\\/\\\/egerhaziimre.hu\\\/index.php\\\/hortobagyi-alkototabor-1999-in-memorian-margaret-keown\\\/?lang=en\",\"name\":\"Hortob\u00e1gyi Alkot\u00f3t\u00e1bor 1999 - In memoriam Margaret Keown - \u00c9gerh\u00e1zi Imre\",\"isPartOf\":{\"@id\":\"https:\\\/\\\/egerhaziimre.hu\\\/#website\"},\"datePublished\":\"1999-03-11T12:33:30+00:00\",\"dateModified\":\"2021-03-11T14:10:36+00:00\",\"breadcrumb\":{\"@id\":\"https:\\\/\\\/egerhaziimre.hu\\\/index.php\\\/hortobagyi-alkototabor-1999-in-memorian-margaret-keown\\\/?lang=en#breadcrumb\"},\"inLanguage\":\"hu\",\"potentialAction\":[{\"@type\":\"ReadAction\",\"target\":[\"https:\\\/\\\/egerhaziimre.hu\\\/index.php\\\/hortobagyi-alkototabor-1999-in-memorian-margaret-keown\\\/?lang=en\"]}]},{\"@type\":\"BreadcrumbList\",\"@id\":\"https:\\\/\\\/egerhaziimre.hu\\\/index.php\\\/hortobagyi-alkototabor-1999-in-memorian-margaret-keown\\\/?lang=en#breadcrumb\",\"itemListElement\":[{\"@type\":\"ListItem\",\"position\":1,\"name\":\"Home\",\"item\":\"https:\\\/\\\/egerhaziimre.hu\\\/\"},{\"@type\":\"ListItem\",\"position\":2,\"name\":\"Hortob\u00e1gy Creative Camp 1999 &#8211; In memoriam Margaret Keown\"}]},{\"@type\":\"WebSite\",\"@id\":\"https:\\\/\\\/egerhaziimre.hu\\\/#website\",\"url\":\"https:\\\/\\\/egerhaziimre.hu\\\/\",\"name\":\"\u00c9gerh\u00e1zi Imre\",\"description\":\"\",\"potentialAction\":[{\"@type\":\"SearchAction\",\"target\":{\"@type\":\"EntryPoint\",\"urlTemplate\":\"https:\\\/\\\/egerhaziimre.hu\\\/?s={search_term_string}\"},\"query-input\":{\"@type\":\"PropertyValueSpecification\",\"valueRequired\":true,\"valueName\":\"search_term_string\"}}],\"inLanguage\":\"hu\"}]}<\/script>\n<!-- \/ Yoast SEO plugin. -->","yoast_head_json":{"title":"Hortob\u00e1gyi Alkot\u00f3t\u00e1bor 1999 - In memoriam Margaret Keown - \u00c9gerh\u00e1zi Imre","robots":{"index":"index","follow":"follow","max-snippet":"max-snippet:-1","max-image-preview":"max-image-preview:large","max-video-preview":"max-video-preview:-1"},"canonical":"https:\/\/egerhaziimre.hu\/index.php\/hortobagyi-alkototabor-1999-in-memorian-margaret-keown\/?lang=en","og_locale":"hu_HU","og_type":"article","og_title":"Hortob\u00e1gyi Alkot\u00f3t\u00e1bor 1999 - In memoriam Margaret Keown","og_description":"[vc_row][vc_column][vc_column_text] In memoriam Margaret Keown Margaret vid\u00e1ms\u00e1g\u00e1val, lobog\u00f3 lend\u00fclet\u00e9vel, a koll\u00e9g\u00e1k \u00e9s a t\u00e1j v\u00e9gtelen szeretet\u00e9vel \u00fagy t\u0171nt fel a Hortob\u00e1gy \u201eeg\u00e9n\u201d, mint egy f\u00e9nyl\u0151 \u00fcst\u00f6k\u00f6s.Bels\u0151 t\u0171z \u00e9gette, hajtotta \u2013 az \u00e1ltala is tudott \u2013 az elm\u00fal\u00e1s t\u00fcze. Valami nagyon sz\u00e9pet akart festeni a nagy \u201evizes\u201d puszt\u00e1r\u00f3l. \u00cdg\u00e9rte: j\u00f6v\u0151re a v\u00edzben \u00e1ll\u00f3 lovak helyett majd \u201et\u00e9li d\u00e9lib\u00e1bot\u201d festek. T\u00e1ncos temperamentuma [&hellip;]","og_url":"https:\/\/egerhaziimre.hu\/index.php\/hortobagyi-alkototabor-1999-in-memorian-margaret-keown\/?lang=en","og_site_name":"\u00c9gerh\u00e1zi Imre","article_modified_time":"2021-03-11T14:10:36+00:00","twitter_card":"summary_large_image","twitter_title":"Hortob\u00e1gyi Alkot\u00f3t\u00e1bor 1999 - In memoriam Margaret Keown","twitter_misc":{"Becs\u00fclt olvas\u00e1si id\u0151":"1 perc"},"schema":{"@context":"https:\/\/schema.org","@graph":[{"@type":"WebPage","@id":"https:\/\/egerhaziimre.hu\/index.php\/hortobagyi-alkototabor-1999-in-memorian-margaret-keown\/?lang=en","url":"https:\/\/egerhaziimre.hu\/index.php\/hortobagyi-alkototabor-1999-in-memorian-margaret-keown\/?lang=en","name":"Hortob\u00e1gyi Alkot\u00f3t\u00e1bor 1999 - In memoriam Margaret Keown - \u00c9gerh\u00e1zi Imre","isPartOf":{"@id":"https:\/\/egerhaziimre.hu\/#website"},"datePublished":"1999-03-11T12:33:30+00:00","dateModified":"2021-03-11T14:10:36+00:00","breadcrumb":{"@id":"https:\/\/egerhaziimre.hu\/index.php\/hortobagyi-alkototabor-1999-in-memorian-margaret-keown\/?lang=en#breadcrumb"},"inLanguage":"hu","potentialAction":[{"@type":"ReadAction","target":["https:\/\/egerhaziimre.hu\/index.php\/hortobagyi-alkototabor-1999-in-memorian-margaret-keown\/?lang=en"]}]},{"@type":"BreadcrumbList","@id":"https:\/\/egerhaziimre.hu\/index.php\/hortobagyi-alkototabor-1999-in-memorian-margaret-keown\/?lang=en#breadcrumb","itemListElement":[{"@type":"ListItem","position":1,"name":"Home","item":"https:\/\/egerhaziimre.hu\/"},{"@type":"ListItem","position":2,"name":"Hortob\u00e1gy Creative Camp 1999 &#8211; In memoriam Margaret Keown"}]},{"@type":"WebSite","@id":"https:\/\/egerhaziimre.hu\/#website","url":"https:\/\/egerhaziimre.hu\/","name":"\u00c9gerh\u00e1zi Imre","description":"","potentialAction":[{"@type":"SearchAction","target":{"@type":"EntryPoint","urlTemplate":"https:\/\/egerhaziimre.hu\/?s={search_term_string}"},"query-input":{"@type":"PropertyValueSpecification","valueRequired":true,"valueName":"search_term_string"}}],"inLanguage":"hu"}]}},"jetpack_sharing_enabled":true,"_links":{"self":[{"href":"https:\/\/egerhaziimre.hu\/index.php\/wp-json\/wp\/v2\/pages\/11870","targetHints":{"allow":["GET"]}}],"collection":[{"href":"https:\/\/egerhaziimre.hu\/index.php\/wp-json\/wp\/v2\/pages"}],"about":[{"href":"https:\/\/egerhaziimre.hu\/index.php\/wp-json\/wp\/v2\/types\/page"}],"author":[{"embeddable":true,"href":"https:\/\/egerhaziimre.hu\/index.php\/wp-json\/wp\/v2\/users\/4"}],"replies":[{"embeddable":true,"href":"https:\/\/egerhaziimre.hu\/index.php\/wp-json\/wp\/v2\/comments?post=11870"}],"version-history":[{"count":3,"href":"https:\/\/egerhaziimre.hu\/index.php\/wp-json\/wp\/v2\/pages\/11870\/revisions"}],"predecessor-version":[{"id":11873,"href":"https:\/\/egerhaziimre.hu\/index.php\/wp-json\/wp\/v2\/pages\/11870\/revisions\/11873"}],"wp:attachment":[{"href":"https:\/\/egerhaziimre.hu\/index.php\/wp-json\/wp\/v2\/media?parent=11870"}],"wp:term":[{"taxonomy":"category","embeddable":true,"href":"https:\/\/egerhaziimre.hu\/index.php\/wp-json\/wp\/v2\/categories?post=11870"},{"taxonomy":"post_tag","embeddable":true,"href":"https:\/\/egerhaziimre.hu\/index.php\/wp-json\/wp\/v2\/tags?post=11870"}],"curies":[{"name":"wp","href":"https:\/\/api.w.org\/{rel}","templated":true}]}}

Hortobágyi Alkotótábor 1999 &#8211; In memoriam Margaret Keown

<div class="wpb-content-wrapper">
[vc_row][vc_column][vc_column_text]
<h6>In memoriam Margaret Keown</h6>
<p>Margaret vidámságával, lobogó lendületével, a kollégák és a táj végtelen szeretetével úgy tűnt fel a Hortobágy „egén”, mint egy fénylő üstökös.<br />Belső tűz égette, hajtotta – az általa is tudott – az elmúlás tüze. Valami nagyon szépet akart festeni a nagy „vizes” pusztáról. Ígérte: jövőre a vízben álló lovak helyett majd „téli délibábot” festek. Táncos temperamentuma inkább dél-amerikai, mint angol volt. Az élet minden szépségéért két kézzel kapott, s mint egy jóságos tündér, szétosztotta közöttünk.<br />Nagy ritkán és csak kevesek láthatták, amint elkomorodik, s a mindig csillogó szem szomorúvá válik, és kiül arcára az elmúlás fájdalma, félelme.<br />„Életem legszebb emléke a Hortobágy és a kollégák szeretete. Gondolatban sokat veletek vagyok” írta egyik levelében.</p>
<p>Emberfeletti erővel bizakodóan küzdött, de 1999. december 18-án megadta magát. 24-én szülővárosában, Folkestonban helyezték örök nyugalomba.<br />A hó már betemette a sírt, a Hortobágyon lába nyomát, de képei megmaradnak éppen úgy, mint az ő kedves lénye a szívünkben.<br />Emlékét megőrizzük. Nyugodj békében.</p>
<p>Égerházi Imre</p>
[/vc_column_text][/vc_column][/vc_row]

</div>

<p>[vc_row][vc_column][vc_column_text] In memoriam Margaret Keown Margaret vidámságával, lobogó lendületével, a kollégák és a táj végtelen szeretetével úgy tűnt fel a Hortobágy „egén”, mint egy fénylő üstökös.Belső tűz égette, hajtotta – az általa is tudott – az elmúlás tüze. Valami nagyon szépet akart festeni a nagy „vizes” pusztáról. Ígérte: jövőre a vízben álló lovak helyett majd „téli délibábot” festek. Táncos temperamentuma [&hellip;]</p>

<!-- This site is optimized with the Yoast SEO plugin v27.4 - https://yoast.com/product/yoast-seo-wordpress/ -->
<title>Hortobágyi Alkotótábor 1999 - In memoriam Margaret Keown - Égerházi Imre</title>
<meta name="robots" content="index, follow, max-snippet:-1, max-image-preview:large, max-video-preview:-1" />
<link rel="canonical" href="https://egerhaziimre.hu/index.php/hortobagyi-alkototabor-1999-in-memorian-margaret-keown/?lang=en" />
<meta property="og:locale" content="hu_HU" />
<meta property="og:type" content="article" />
<meta property="og:title" content="Hortobágyi Alkotótábor 1999 - In memoriam Margaret Keown" />
<meta property="og:description" content="[vc_row][vc_column][vc_column_text] In memoriam Margaret Keown Margaret vidámságával, lobogó lendületével, a kollégák és a táj végtelen szeretetével úgy tűnt fel a Hortobágy „egén”, mint egy fénylő üstökös.Belső tűz égette, hajtotta – az általa is tudott – az elmúlás tüze. Valami nagyon szépet akart festeni a nagy „vizes” pusztáról. Ígérte: jövőre a vízben álló lovak helyett majd „téli délibábot” festek. Táncos temperamentuma [&hellip;]" />
<meta property="og:url" content="https://egerhaziimre.hu/index.php/hortobagyi-alkototabor-1999-in-memorian-margaret-keown/?lang=en" />
<meta property="og:site_name" content="Égerházi Imre" />
<meta property="article:modified_time" content="2021-03-11T14:10:36+00:00" />
<meta name="twitter:card" content="summary_large_image" />
<meta name="twitter:title" content="Hortobágyi Alkotótábor 1999 - In memoriam Margaret Keown" />
<meta name="twitter:label1" content="Becsült olvasási idő" />
	<meta name="twitter:data1" content="1 perc" />
<script type="application/ld+json" class="yoast-schema-graph">{"@context":"https:\/\/schema.org","@graph":[{"@type":"WebPage","@id":"https:\/\/egerhaziimre.hu\/index.php\/hortobagyi-alkototabor-1999-in-memorian-margaret-keown\/?lang=en","url":"https:\/\/egerhaziimre.hu\/index.php\/hortobagyi-alkototabor-1999-in-memorian-margaret-keown\/?lang=en","name":"Hortobágyi Alkotótábor 1999 - In memoriam Margaret Keown - Égerházi Imre","isPartOf":{"@id":"https:\/\/egerhaziimre.hu\/#website"},"datePublished":"1999-03-11T12:33:30+00:00","dateModified":"2021-03-11T14:10:36+00:00","breadcrumb":{"@id":"https:\/\/egerhaziimre.hu\/index.php\/hortobagyi-alkototabor-1999-in-memorian-margaret-keown\/?lang=en#breadcrumb"},"inLanguage":"hu","potentialAction":[{"@type":"ReadAction","target":["https:\/\/egerhaziimre.hu\/index.php\/hortobagyi-alkototabor-1999-in-memorian-margaret-keown\/?lang=en"]}]},{"@type":"BreadcrumbList","@id":"https:\/\/egerhaziimre.hu\/index.php\/hortobagyi-alkototabor-1999-in-memorian-margaret-keown\/?lang=en#breadcrumb","itemListElement":[{"@type":"ListItem","position":1,"name":"Home","item":"https:\/\/egerhaziimre.hu\/"},{"@type":"ListItem","position":2,"name":"Hortobágy Creative Camp 1999 &#8211; In memoriam Margaret Keown"}]},{"@type":"WebSite","@id":"https:\/\/egerhaziimre.hu\/#website","url":"https:\/\/egerhaziimre.hu\/","name":"Égerházi Imre","description":"","potentialAction":[{"@type":"SearchAction","target":{"@type":"EntryPoint","urlTemplate":"https:\/\/egerhaziimre.hu\/?s={search_term_string}"},"query-input":{"@type":"PropertyValueSpecification","valueRequired":true,"valueName":"search_term_string"}}],"inLanguage":"hu"}]}</script>
<!-- / Yoast SEO plugin. -->

Hortobágyi Alkotótábor 1999 - In memoriam Margaret Keown - Égerházi Imre

Hortobágyi Alkotótábor 1999 - In memoriam Margaret Keown

[vc_row][vc_column][vc_column_text] In memoriam Margaret Keown Margaret vidámságával, lobogó lendületével, a kollégák és a táj végtelen szeretetével úgy tűnt fel a Hortobágy „egén”, mint egy fénylő üstökös.Belső tűz égette, hajtotta – az általa is tudott – az elmúlás tüze. Valami nagyon szépet akart festeni a nagy „vizes” pusztáról. Ígérte: jövőre a vízben álló lovak helyett majd „téli délibábot” festek. Táncos temperamentuma [&hellip;]

Égerházi Imre

Hortobágy Creative Camp 1999 &#8211; In memoriam Margaret Keown
