{"id":12314,"date":"1982-02-20T16:26:12","date_gmt":"1982-02-20T15:26:12","guid":{"rendered":"https:\/\/egerhaziimre.hu\/?page_id=12314"},"modified":"2021-05-05T16:53:40","modified_gmt":"2021-05-05T14:53:40","slug":"hajdu-bihari-naplo-cikk-hortobagyi-alkototabor-kiallitas-megnyito-1982","status":"publish","type":"page","link":"https:\/\/egerhaziimre.hu\/index.php\/eletrajz\/irasok-egerhazi-imrerol\/hajdu-bihari-naplo-cikk-hortobagyi-alkototabor-kiallitas-megnyito-1982\/","title":{"rendered":"Hajdu\u0301 Bihari Naplo\u0301 cikk,  Hortob\u00e1gyi Alkot\u00f3t\u00e1bor ki\u00e1ll\u00edt\u00e1s megnyit\u00f3, 1982"},"content":{"rendered":"<div class=\"wpb-content-wrapper\">[vc_row el_class=&#8221;margin_bottom_0 padding_bottom_0&#8243;][vc_column width=&#8221;2\/3&#8243; el_class=&#8221;margin_bottom_0 padding_bottom_0&#8243;][vc_column_text]<span style=\"font-weight: 400;\">Debrecen (HBN)- A Hortob\u00e1gyi Alkot\u00f3t\u00e1bor jelenlegi form\u00e1j\u00e1ban 1982-t\u0151l fogadja tagjait. Most is sok hazai \u00e9s k\u00fclhoni m\u0171v\u00e9szt l\u00e1t vend\u00e9g\u00fcl a fogad\u00f3, ez\u00fattal is sz\u00e1mos fest\u0151 v\u00e1llalkozott a puszta\u00e9lm\u00e9ny megfogalmaz\u00e1s\u00e1ra. Imm\u00e1r k\u00e9t esztendeje a szomsz\u00e9dos orsz\u00e1gokban \u00e9l\u0151 magyar m\u0171v\u00e9szek is mind nagyobb sz\u00e1mban kapcsol\u00f3dhatnak be a t\u00e1bor munk\u00e1j\u00e1ba.\u00a0<\/span><\/p>\n<p><span style=\"font-weight: 400;\">A k\u00fclhoni \u201ehortob\u00e1gyiak\u201d munk\u00e1ib\u00f3l ki\u00e1ll\u00edt\u00e1st rendeztek a Kereskedelmi Szakszervezetek J\u00f3zsef Attila M\u0171vel\u0151d\u00e9si H\u00e1z\u00e1ban.\u00a0<\/span><\/p>\n<p><span style=\"font-weight: 400;\">A k\u00f6vetkez\u0151 alkot\u00f3kt\u00f3l v\u00e1logattak anyagot: Gilbert Lupfer (Franciaorsz\u00e1g), Reija Remes (Finnorsz\u00e1g), Willy Van Beck, Ineke Verheggen (Hollandia), Gyurkovics Hunor, Torok S\u00e1ndor (Jugoszl\u00e1via), Bronja Weierstahl (N\u00e9metorsz\u00e1g), Antonio Moschioni (Olaszorsz\u00e1g), Ga\u00e1l Andr\u00e1s, Kedei Zolt\u00e1n, M\u00e1rton \u00c1rp\u00e1d, Sz\u00e9p Gy\u00f6rgy (Rom\u00e1nia), Brittmari Wilhelmson, Thomas Aberg, Patrik Instedt, Karin Jacobsson, Kerstin Nilimaa, Lena Roning (Sv\u00e9dorsz\u00e1g), Babinec J\u00f3zsef, F\u00f6ldessy P\u00e9ter, Micska Zolt\u00e1n (Ukrajna), Duncs\u00e1k Attila (Cseh \u00e9s Szlov\u00e1k K\u00f6zt\u00e1rsas\u00e1g).<\/span><\/p>\n<p><span style=\"font-weight: 400;\">A k\u00f6z\u00f6s t\u00e1rlatot Gazda L\u00e1szl\u00f3, a D\u00e9ri M\u00fazeum igazgat\u00f3ja aj\u00e1nlotta az \u00e9rdekl\u0151d\u0151k figyelm\u00e9be, tegnap 16 \u00f3rakor (Piac u. 58. I. emelet), nyitva: febru\u00e1r 29-ig naponta 8 \u00e9s 19 \u00f3ra k\u00f6z\u00f6tt.\u00a0\u00a0\u00a0<\/span><\/p>\n<p><span style=\"font-weight: 400;\">Megnyit\u00f3 id\u0151pontja: 1982. febru\u00e1r\u00a0 20.<\/span>[\/vc_column_text][\/vc_column][vc_column width=&#8221;1\/3&#8243;][vc_single_image image=&#8221;12250&#8243; img_size=&#8221;large&#8221; alignment=&#8221;center&#8221; style=&#8221;xtd-shadow&#8211;normal-light&#8221; onclick=&#8221;img_link_large&#8221; img_link_target=&#8221;_blank&#8221;][\/vc_column][\/vc_row]\n<\/div>","protected":false},"excerpt":{"rendered":"<p>[vc_row el_class=&#8221;margin_bottom_0 padding_bottom_0&#8243;][vc_column width=&#8221;2\/3&#8243; el_class=&#8221;margin_bottom_0 padding_bottom_0&#8243;][vc_column_text]Debrecen (HBN)- A Hortob\u00e1gyi Alkot\u00f3t\u00e1bor jelenlegi form\u00e1j\u00e1ban 1982-t\u0151l fogadja tagjait. Most is sok hazai \u00e9s k\u00fclhoni m\u0171v\u00e9szt l\u00e1t vend\u00e9g\u00fcl a fogad\u00f3, ez\u00fattal is sz\u00e1mos fest\u0151 v\u00e1llalkozott a puszta\u00e9lm\u00e9ny megfogalmaz\u00e1s\u00e1ra. Imm\u00e1r k\u00e9t esztendeje a szomsz\u00e9dos orsz\u00e1gokban \u00e9l\u0151 magyar m\u0171v\u00e9szek is mind nagyobb sz\u00e1mban kapcsol\u00f3dhatnak be a t\u00e1bor munk\u00e1j\u00e1ba.\u00a0 A k\u00fclhoni \u201ehortob\u00e1gyiak\u201d munk\u00e1ib\u00f3l ki\u00e1ll\u00edt\u00e1st rendeztek a Kereskedelmi [&hellip;]<\/p>\n","protected":false},"author":4,"featured_media":12250,"parent":10535,"menu_order":0,"comment_status":"closed","ping_status":"closed","template":"","meta":{"footnotes":""},"categories":[219],"tags":[38,229],"class_list":["post-12314","page","type-page","status-publish","has-post-thumbnail","hentry","category-irasok_egerhazi_imrerol","tag-38","tag-hortobagyi_alkototabor_cikk"],"yoast_head":"<!-- This site is optimized with the Yoast SEO plugin v27.0 - https:\/\/yoast.com\/product\/yoast-seo-wordpress\/ -->\n<title>Hajdu\u0301 Bihari Naplo\u0301 cikk, Hortob\u00e1gyi Alkot\u00f3t\u00e1bor ki\u00e1ll\u00edt\u00e1s megnyit\u00f3, 1982 - \u00c9gerh\u00e1zi Imre<\/title>\n<meta name=\"robots\" content=\"index, follow, max-snippet:-1, max-image-preview:large, max-video-preview:-1\" \/>\n<link rel=\"canonical\" href=\"https:\/\/egerhaziimre.hu\/index.php\/eletrajz\/irasok-egerhazi-imrerol\/hajdu-bihari-naplo-cikk-hortobagyi-alkototabor-kiallitas-megnyito-1982\/?lang=en\" \/>\n<meta property=\"og:locale\" content=\"hu_HU\" \/>\n<meta property=\"og:type\" content=\"article\" \/>\n<meta property=\"og:title\" content=\"Hajdu\u0301 Bihari Naplo\u0301 cikk, Hortob\u00e1gyi Alkot\u00f3t\u00e1bor ki\u00e1ll\u00edt\u00e1s megnyit\u00f3, 1982 - \u00c9gerh\u00e1zi Imre\" \/>\n<meta property=\"og:description\" content=\"[vc_row el_class=&#8221;margin_bottom_0 padding_bottom_0&#8243;][vc_column width=&#8221;2\/3&#8243; el_class=&#8221;margin_bottom_0 padding_bottom_0&#8243;][vc_column_text]Debrecen (HBN)- A Hortob\u00e1gyi Alkot\u00f3t\u00e1bor jelenlegi form\u00e1j\u00e1ban 1982-t\u0151l fogadja tagjait. Most is sok hazai \u00e9s k\u00fclhoni m\u0171v\u00e9szt l\u00e1t vend\u00e9g\u00fcl a fogad\u00f3, ez\u00fattal is sz\u00e1mos fest\u0151 v\u00e1llalkozott a puszta\u00e9lm\u00e9ny megfogalmaz\u00e1s\u00e1ra. Imm\u00e1r k\u00e9t esztendeje a szomsz\u00e9dos orsz\u00e1gokban \u00e9l\u0151 magyar m\u0171v\u00e9szek is mind nagyobb sz\u00e1mban kapcsol\u00f3dhatnak be a t\u00e1bor munk\u00e1j\u00e1ba.\u00a0 A k\u00fclhoni \u201ehortob\u00e1gyiak\u201d munk\u00e1ib\u00f3l ki\u00e1ll\u00edt\u00e1st rendeztek a Kereskedelmi [&hellip;]\" \/>\n<meta property=\"og:url\" content=\"https:\/\/egerhaziimre.hu\/index.php\/eletrajz\/irasok-egerhazi-imrerol\/hajdu-bihari-naplo-cikk-hortobagyi-alkototabor-kiallitas-megnyito-1982\/?lang=en\" \/>\n<meta property=\"og:site_name\" content=\"\u00c9gerh\u00e1zi Imre\" \/>\n<meta property=\"article:modified_time\" content=\"2021-05-05T14:53:40+00:00\" \/>\n<meta property=\"og:image\" content=\"https:\/\/egerhaziimre.hu\/wp-content\/uploads\/kepek\/279.jpg\" \/>\n\t<meta property=\"og:image:width\" content=\"2000\" \/>\n\t<meta property=\"og:image:height\" content=\"1453\" \/>\n\t<meta property=\"og:image:type\" content=\"image\/jpeg\" \/>\n<meta name=\"twitter:card\" content=\"summary_large_image\" \/>\n<meta name=\"twitter:image\" content=\"https:\/\/egerhaziimre.hu\/wp-content\/uploads\/kepek\/279.jpg\" \/>\n<meta name=\"twitter:label1\" content=\"Becs\u00fclt olvas\u00e1si id\u0151\" \/>\n\t<meta name=\"twitter:data1\" content=\"1 perc\" \/>\n<script type=\"application\/ld+json\" class=\"yoast-schema-graph\">{\"@context\":\"https:\/\/schema.org\",\"@graph\":[{\"@type\":\"WebPage\",\"@id\":\"https:\/\/egerhaziimre.hu\/index.php\/eletrajz\/irasok-egerhazi-imrerol\/hajdu-bihari-naplo-cikk-hortobagyi-alkototabor-kiallitas-megnyito-1982\/?lang=en\",\"url\":\"https:\/\/egerhaziimre.hu\/index.php\/eletrajz\/irasok-egerhazi-imrerol\/hajdu-bihari-naplo-cikk-hortobagyi-alkototabor-kiallitas-megnyito-1982\/?lang=en\",\"name\":\"Hajdu\u0301 Bihari Naplo\u0301 cikk, Hortob\u00e1gyi Alkot\u00f3t\u00e1bor ki\u00e1ll\u00edt\u00e1s megnyit\u00f3, 1982 - \u00c9gerh\u00e1zi Imre\",\"isPartOf\":{\"@id\":\"https:\/\/egerhaziimre.hu\/#website\"},\"primaryImageOfPage\":{\"@id\":\"https:\/\/egerhaziimre.hu\/index.php\/eletrajz\/irasok-egerhazi-imrerol\/hajdu-bihari-naplo-cikk-hortobagyi-alkototabor-kiallitas-megnyito-1982\/?lang=en#primaryimage\"},\"image\":{\"@id\":\"https:\/\/egerhaziimre.hu\/index.php\/eletrajz\/irasok-egerhazi-imrerol\/hajdu-bihari-naplo-cikk-hortobagyi-alkototabor-kiallitas-megnyito-1982\/?lang=en#primaryimage\"},\"thumbnailUrl\":\"https:\/\/egerhaziimre.hu\/wp-content\/uploads\/kepek\/279.jpg\",\"datePublished\":\"1982-02-20T15:26:12+00:00\",\"dateModified\":\"2021-05-05T14:53:40+00:00\",\"breadcrumb\":{\"@id\":\"https:\/\/egerhaziimre.hu\/index.php\/eletrajz\/irasok-egerhazi-imrerol\/hajdu-bihari-naplo-cikk-hortobagyi-alkototabor-kiallitas-megnyito-1982\/?lang=en#breadcrumb\"},\"inLanguage\":\"hu\",\"potentialAction\":[{\"@type\":\"ReadAction\",\"target\":[\"https:\/\/egerhaziimre.hu\/index.php\/eletrajz\/irasok-egerhazi-imrerol\/hajdu-bihari-naplo-cikk-hortobagyi-alkototabor-kiallitas-megnyito-1982\/?lang=en\"]}]},{\"@type\":\"ImageObject\",\"inLanguage\":\"hu\",\"@id\":\"https:\/\/egerhaziimre.hu\/index.php\/eletrajz\/irasok-egerhazi-imrerol\/hajdu-bihari-naplo-cikk-hortobagyi-alkototabor-kiallitas-megnyito-1982\/?lang=en#primaryimage\",\"url\":\"https:\/\/egerhaziimre.hu\/wp-content\/uploads\/kepek\/279.jpg\",\"contentUrl\":\"https:\/\/egerhaziimre.hu\/wp-content\/uploads\/kepek\/279.jpg\",\"width\":2000,\"height\":1453,\"caption\":\"H\u00e9zs\u0151 Ferenc, \u00c9gerh\u00e1zi Imre, Bod L\u00e1szl\u00f3, Torok S\u00e1ndor, Maghy Zolt\u00e1n a Hortob\u00e1gyon\"},{\"@type\":\"BreadcrumbList\",\"@id\":\"https:\/\/egerhaziimre.hu\/index.php\/eletrajz\/irasok-egerhazi-imrerol\/hajdu-bihari-naplo-cikk-hortobagyi-alkototabor-kiallitas-megnyito-1982\/?lang=en#breadcrumb\",\"itemListElement\":[{\"@type\":\"ListItem\",\"position\":1,\"name\":\"Home\",\"item\":\"https:\/\/egerhaziimre.hu\/\"},{\"@type\":\"ListItem\",\"position\":2,\"name\":\"\u00c9letrajz\",\"item\":\"https:\/\/egerhaziimre.hu\/index.php\/eletrajz\/\"},{\"@type\":\"ListItem\",\"position\":3,\"name\":\"Writings about Imre \u00c9gerh\u00e1zi\",\"item\":\"https:\/\/egerhaziimre.hu\/index.php\/eletrajz\/irasok-egerhazi-imrerol\/?lang=en\"},{\"@type\":\"ListItem\",\"position\":4,\"name\":\"Hajdu\u0301 Bihari Naplo\u0301 article, Hortob\u00e1gy Creative Camp exhibition opening, 1982\"}]},{\"@type\":\"WebSite\",\"@id\":\"https:\/\/egerhaziimre.hu\/#website\",\"url\":\"https:\/\/egerhaziimre.hu\/\",\"name\":\"\u00c9gerh\u00e1zi Imre\",\"description\":\"\",\"potentialAction\":[{\"@type\":\"SearchAction\",\"target\":{\"@type\":\"EntryPoint\",\"urlTemplate\":\"https:\/\/egerhaziimre.hu\/?s={search_term_string}\"},\"query-input\":{\"@type\":\"PropertyValueSpecification\",\"valueRequired\":true,\"valueName\":\"search_term_string\"}}],\"inLanguage\":\"hu\"}]}<\/script>\n<!-- \/ Yoast SEO plugin. -->","yoast_head_json":{"title":"Hajdu\u0301 Bihari Naplo\u0301 cikk, Hortob\u00e1gyi Alkot\u00f3t\u00e1bor ki\u00e1ll\u00edt\u00e1s megnyit\u00f3, 1982 - \u00c9gerh\u00e1zi Imre","robots":{"index":"index","follow":"follow","max-snippet":"max-snippet:-1","max-image-preview":"max-image-preview:large","max-video-preview":"max-video-preview:-1"},"canonical":"https:\/\/egerhaziimre.hu\/index.php\/eletrajz\/irasok-egerhazi-imrerol\/hajdu-bihari-naplo-cikk-hortobagyi-alkototabor-kiallitas-megnyito-1982\/?lang=en","og_locale":"hu_HU","og_type":"article","og_title":"Hajdu\u0301 Bihari Naplo\u0301 cikk, Hortob\u00e1gyi Alkot\u00f3t\u00e1bor ki\u00e1ll\u00edt\u00e1s megnyit\u00f3, 1982 - \u00c9gerh\u00e1zi Imre","og_description":"[vc_row el_class=&#8221;margin_bottom_0 padding_bottom_0&#8243;][vc_column width=&#8221;2\/3&#8243; el_class=&#8221;margin_bottom_0 padding_bottom_0&#8243;][vc_column_text]Debrecen (HBN)- A Hortob\u00e1gyi Alkot\u00f3t\u00e1bor jelenlegi form\u00e1j\u00e1ban 1982-t\u0151l fogadja tagjait. Most is sok hazai \u00e9s k\u00fclhoni m\u0171v\u00e9szt l\u00e1t vend\u00e9g\u00fcl a fogad\u00f3, ez\u00fattal is sz\u00e1mos fest\u0151 v\u00e1llalkozott a puszta\u00e9lm\u00e9ny megfogalmaz\u00e1s\u00e1ra. Imm\u00e1r k\u00e9t esztendeje a szomsz\u00e9dos orsz\u00e1gokban \u00e9l\u0151 magyar m\u0171v\u00e9szek is mind nagyobb sz\u00e1mban kapcsol\u00f3dhatnak be a t\u00e1bor munk\u00e1j\u00e1ba.\u00a0 A k\u00fclhoni \u201ehortob\u00e1gyiak\u201d munk\u00e1ib\u00f3l ki\u00e1ll\u00edt\u00e1st rendeztek a Kereskedelmi [&hellip;]","og_url":"https:\/\/egerhaziimre.hu\/index.php\/eletrajz\/irasok-egerhazi-imrerol\/hajdu-bihari-naplo-cikk-hortobagyi-alkototabor-kiallitas-megnyito-1982\/?lang=en","og_site_name":"\u00c9gerh\u00e1zi Imre","article_modified_time":"2021-05-05T14:53:40+00:00","og_image":[{"width":2000,"height":1453,"url":"https:\/\/egerhaziimre.hu\/wp-content\/uploads\/kepek\/279.jpg","type":"image\/jpeg"}],"twitter_card":"summary_large_image","twitter_image":"https:\/\/egerhaziimre.hu\/wp-content\/uploads\/kepek\/279.jpg","twitter_misc":{"Becs\u00fclt olvas\u00e1si id\u0151":"1 perc"},"schema":{"@context":"https:\/\/schema.org","@graph":[{"@type":"WebPage","@id":"https:\/\/egerhaziimre.hu\/index.php\/eletrajz\/irasok-egerhazi-imrerol\/hajdu-bihari-naplo-cikk-hortobagyi-alkototabor-kiallitas-megnyito-1982\/?lang=en","url":"https:\/\/egerhaziimre.hu\/index.php\/eletrajz\/irasok-egerhazi-imrerol\/hajdu-bihari-naplo-cikk-hortobagyi-alkototabor-kiallitas-megnyito-1982\/?lang=en","name":"Hajdu\u0301 Bihari Naplo\u0301 cikk, Hortob\u00e1gyi Alkot\u00f3t\u00e1bor ki\u00e1ll\u00edt\u00e1s megnyit\u00f3, 1982 - \u00c9gerh\u00e1zi Imre","isPartOf":{"@id":"https:\/\/egerhaziimre.hu\/#website"},"primaryImageOfPage":{"@id":"https:\/\/egerhaziimre.hu\/index.php\/eletrajz\/irasok-egerhazi-imrerol\/hajdu-bihari-naplo-cikk-hortobagyi-alkototabor-kiallitas-megnyito-1982\/?lang=en#primaryimage"},"image":{"@id":"https:\/\/egerhaziimre.hu\/index.php\/eletrajz\/irasok-egerhazi-imrerol\/hajdu-bihari-naplo-cikk-hortobagyi-alkototabor-kiallitas-megnyito-1982\/?lang=en#primaryimage"},"thumbnailUrl":"https:\/\/egerhaziimre.hu\/wp-content\/uploads\/kepek\/279.jpg","datePublished":"1982-02-20T15:26:12+00:00","dateModified":"2021-05-05T14:53:40+00:00","breadcrumb":{"@id":"https:\/\/egerhaziimre.hu\/index.php\/eletrajz\/irasok-egerhazi-imrerol\/hajdu-bihari-naplo-cikk-hortobagyi-alkototabor-kiallitas-megnyito-1982\/?lang=en#breadcrumb"},"inLanguage":"hu","potentialAction":[{"@type":"ReadAction","target":["https:\/\/egerhaziimre.hu\/index.php\/eletrajz\/irasok-egerhazi-imrerol\/hajdu-bihari-naplo-cikk-hortobagyi-alkototabor-kiallitas-megnyito-1982\/?lang=en"]}]},{"@type":"ImageObject","inLanguage":"hu","@id":"https:\/\/egerhaziimre.hu\/index.php\/eletrajz\/irasok-egerhazi-imrerol\/hajdu-bihari-naplo-cikk-hortobagyi-alkototabor-kiallitas-megnyito-1982\/?lang=en#primaryimage","url":"https:\/\/egerhaziimre.hu\/wp-content\/uploads\/kepek\/279.jpg","contentUrl":"https:\/\/egerhaziimre.hu\/wp-content\/uploads\/kepek\/279.jpg","width":2000,"height":1453,"caption":"H\u00e9zs\u0151 Ferenc, \u00c9gerh\u00e1zi Imre, Bod L\u00e1szl\u00f3, Torok S\u00e1ndor, Maghy Zolt\u00e1n a Hortob\u00e1gyon"},{"@type":"BreadcrumbList","@id":"https:\/\/egerhaziimre.hu\/index.php\/eletrajz\/irasok-egerhazi-imrerol\/hajdu-bihari-naplo-cikk-hortobagyi-alkototabor-kiallitas-megnyito-1982\/?lang=en#breadcrumb","itemListElement":[{"@type":"ListItem","position":1,"name":"Home","item":"https:\/\/egerhaziimre.hu\/"},{"@type":"ListItem","position":2,"name":"\u00c9letrajz","item":"https:\/\/egerhaziimre.hu\/index.php\/eletrajz\/"},{"@type":"ListItem","position":3,"name":"Writings about Imre \u00c9gerh\u00e1zi","item":"https:\/\/egerhaziimre.hu\/index.php\/eletrajz\/irasok-egerhazi-imrerol\/?lang=en"},{"@type":"ListItem","position":4,"name":"Hajdu\u0301 Bihari Naplo\u0301 article, Hortob\u00e1gy Creative Camp exhibition opening, 1982"}]},{"@type":"WebSite","@id":"https:\/\/egerhaziimre.hu\/#website","url":"https:\/\/egerhaziimre.hu\/","name":"\u00c9gerh\u00e1zi Imre","description":"","potentialAction":[{"@type":"SearchAction","target":{"@type":"EntryPoint","urlTemplate":"https:\/\/egerhaziimre.hu\/?s={search_term_string}"},"query-input":{"@type":"PropertyValueSpecification","valueRequired":true,"valueName":"search_term_string"}}],"inLanguage":"hu"}]}},"jetpack_sharing_enabled":true,"_links":{"self":[{"href":"https:\/\/egerhaziimre.hu\/index.php\/wp-json\/wp\/v2\/pages\/12314","targetHints":{"allow":["GET"]}}],"collection":[{"href":"https:\/\/egerhaziimre.hu\/index.php\/wp-json\/wp\/v2\/pages"}],"about":[{"href":"https:\/\/egerhaziimre.hu\/index.php\/wp-json\/wp\/v2\/types\/page"}],"author":[{"embeddable":true,"href":"https:\/\/egerhaziimre.hu\/index.php\/wp-json\/wp\/v2\/users\/4"}],"replies":[{"embeddable":true,"href":"https:\/\/egerhaziimre.hu\/index.php\/wp-json\/wp\/v2\/comments?post=12314"}],"version-history":[{"count":5,"href":"https:\/\/egerhaziimre.hu\/index.php\/wp-json\/wp\/v2\/pages\/12314\/revisions"}],"predecessor-version":[{"id":12319,"href":"https:\/\/egerhaziimre.hu\/index.php\/wp-json\/wp\/v2\/pages\/12314\/revisions\/12319"}],"up":[{"embeddable":true,"href":"https:\/\/egerhaziimre.hu\/index.php\/wp-json\/wp\/v2\/pages\/10535"}],"wp:featuredmedia":[{"embeddable":true,"href":"https:\/\/egerhaziimre.hu\/index.php\/wp-json\/wp\/v2\/media\/12250"}],"wp:attachment":[{"href":"https:\/\/egerhaziimre.hu\/index.php\/wp-json\/wp\/v2\/media?parent=12314"}],"wp:term":[{"taxonomy":"category","embeddable":true,"href":"https:\/\/egerhaziimre.hu\/index.php\/wp-json\/wp\/v2\/categories?post=12314"},{"taxonomy":"post_tag","embeddable":true,"href":"https:\/\/egerhaziimre.hu\/index.php\/wp-json\/wp\/v2\/tags?post=12314"}],"curies":[{"name":"wp","href":"https:\/\/api.w.org\/{rel}","templated":true}]}}