{"id":1235,"date":"2019-08-07T14:42:03","date_gmt":"2019-08-07T12:42:03","guid":{"rendered":"http:\/\/egerhaziimre.magex.hu\/?page_id=1235"},"modified":"2020-09-28T15:58:55","modified_gmt":"2020-09-28T13:58:55","slug":"munkacs-ukrajna","status":"publish","type":"page","link":"https:\/\/egerhaziimre.hu\/index.php\/eletrajz\/muveszeti-szervezo-tevekenyseg\/munkacs-ukrajna\/","title":{"rendered":"Munk\u00e1cs, K\u00e1rp\u00e1talja"},"content":{"rendered":"<div class=\"wpb-content-wrapper\">[vc_row el_class=&#8221;margin_bottom_0 padding_bottom_0&#8243;][vc_column][vc_column_text]\n<p style=\"text-align: center;\"><strong>K\u00e1rp\u00e1taljai Nemzetk\u00f6zi M\u0171v\u00e9sztelep, Szinev\u00e9r, 1990<\/strong><\/p>\n[\/vc_column_text][vc_video link=&#8221;https:\/\/youtu.be\/c17-4VwPuR8&#8243; el_width=&#8221;80&#8243; align=&#8221;center&#8221;][vc_separator][\/vc_column][\/vc_row][vc_row][vc_column][vc_column_text]\n<figure id=\"attachment_7409\" aria-describedby=\"caption-attachment-7409\" style=\"width: 600px\" class=\"wp-caption alignnone\"><img loading=\"lazy\" decoding=\"async\" class=\"size-full wp-image-7409\" src=\"http:\/\/egerhaziimre.magex.hu\/wp-content\/uploads\/kepek\/2136.jpg\" alt=\"\" width=\"600\" height=\"353\" srcset=\"https:\/\/egerhaziimre.hu\/wp-content\/uploads\/kepek\/2136.jpg 600w, https:\/\/egerhaziimre.hu\/wp-content\/uploads\/kepek\/2136-300x177.jpg 300w\" sizes=\"auto, (max-width: 600px) 100vw, 600px\" \/><figcaption id=\"caption-attachment-7409\" class=\"wp-caption-text\">Munk\u00e1cs<\/figcaption><\/figure>\n<figure id=\"attachment_7405\" aria-describedby=\"caption-attachment-7405\" style=\"width: 600px\" class=\"wp-caption alignnone\"><img loading=\"lazy\" decoding=\"async\" class=\"size-full wp-image-7405\" src=\"http:\/\/egerhaziimre.magex.hu\/wp-content\/uploads\/kepek\/2134.jpg\" alt=\"\" width=\"600\" height=\"385\" srcset=\"https:\/\/egerhaziimre.hu\/wp-content\/uploads\/kepek\/2134.jpg 600w, https:\/\/egerhaziimre.hu\/wp-content\/uploads\/kepek\/2134-300x193.jpg 300w\" sizes=\"auto, (max-width: 600px) 100vw, 600px\" \/><figcaption id=\"caption-attachment-7405\" class=\"wp-caption-text\">Munk\u00e1cs<\/figcaption><\/figure>\n<figure id=\"attachment_7407\" aria-describedby=\"caption-attachment-7407\" style=\"width: 600px\" class=\"wp-caption alignnone\"><img loading=\"lazy\" decoding=\"async\" class=\"size-full wp-image-7407\" src=\"http:\/\/egerhaziimre.magex.hu\/wp-content\/uploads\/kepek\/2135.jpg\" alt=\"\" width=\"600\" height=\"401\" srcset=\"https:\/\/egerhaziimre.hu\/wp-content\/uploads\/kepek\/2135.jpg 600w, https:\/\/egerhaziimre.hu\/wp-content\/uploads\/kepek\/2135-300x201.jpg 300w\" sizes=\"auto, (max-width: 600px) 100vw, 600px\" \/><figcaption id=\"caption-attachment-7407\" class=\"wp-caption-text\">K\u00e1rp\u00e1talja<\/figcaption><\/figure>\n<figure id=\"attachment_2814\" aria-describedby=\"caption-attachment-2814\" style=\"width: 660px\" class=\"wp-caption alignnone\"><img loading=\"lazy\" decoding=\"async\" class=\"size-large wp-image-2814\" src=\"http:\/\/egerhaziimre.magex.hu\/wp-content\/uploads\/kepek\/504-1024x820.jpg\" alt=\"K\u00e1rp\u00e1taljai mot\u00edvumok\" width=\"660\" height=\"529\" srcset=\"https:\/\/egerhaziimre.hu\/wp-content\/uploads\/kepek\/504-1024x820.jpg 1024w, https:\/\/egerhaziimre.hu\/wp-content\/uploads\/kepek\/504-750x601.jpg 750w, https:\/\/egerhaziimre.hu\/wp-content\/uploads\/kepek\/504-600x481.jpg 600w, https:\/\/egerhaziimre.hu\/wp-content\/uploads\/kepek\/504-300x240.jpg 300w, https:\/\/egerhaziimre.hu\/wp-content\/uploads\/kepek\/504-768x615.jpg 768w, https:\/\/egerhaziimre.hu\/wp-content\/uploads\/kepek\/504.jpg 2000w\" sizes=\"auto, (max-width: 660px) 100vw, 660px\" \/><figcaption id=\"caption-attachment-2814\" class=\"wp-caption-text\">K\u00e1rp\u00e1taljai mot\u00edvumok olaj, farost, 80&#215;100<br \/>1986<\/figcaption><\/figure>\n<figure id=\"attachment_3954\" aria-describedby=\"caption-attachment-3954\" style=\"width: 660px\" class=\"wp-caption alignnone\"><img loading=\"lazy\" decoding=\"async\" class=\"size-large wp-image-3954\" src=\"https:\/\/egerhaziimre.hu\/wp-content\/uploads\/kepek\/141-1024x746.jpg\" alt=\"\u0150szi t\u00e1j Verhoniv\u00e1ban\" width=\"660\" height=\"481\" srcset=\"https:\/\/egerhaziimre.hu\/wp-content\/uploads\/kepek\/141-1024x746.jpg 1024w, https:\/\/egerhaziimre.hu\/wp-content\/uploads\/kepek\/141-300x219.jpg 300w, https:\/\/egerhaziimre.hu\/wp-content\/uploads\/kepek\/141-768x560.jpg 768w, https:\/\/egerhaziimre.hu\/wp-content\/uploads\/kepek\/141-1536x1120.jpg 1536w, https:\/\/egerhaziimre.hu\/wp-content\/uploads\/kepek\/141.jpg 2000w\" sizes=\"auto, (max-width: 660px) 100vw, 660px\" \/><figcaption id=\"caption-attachment-3954\" class=\"wp-caption-text\">\u0150szi t\u00e1j Verhoniv\u00e1ban<br \/>olaj, farost, 90&#215;122<br \/>1993<\/figcaption><\/figure>\n<figure id=\"attachment_3942\" aria-describedby=\"caption-attachment-3942\" style=\"width: 660px\" class=\"wp-caption alignnone\"><img loading=\"lazy\" decoding=\"async\" class=\"size-large wp-image-3942\" src=\"https:\/\/egerhaziimre.hu\/wp-content\/uploads\/kepek\/137-1024x842.jpg\" alt=\"Verhovinai t\u00e1j\" width=\"660\" height=\"543\" srcset=\"https:\/\/egerhaziimre.hu\/wp-content\/uploads\/kepek\/137-1024x842.jpg 1024w, https:\/\/egerhaziimre.hu\/wp-content\/uploads\/kepek\/137-300x247.jpg 300w, https:\/\/egerhaziimre.hu\/wp-content\/uploads\/kepek\/137-768x631.jpg 768w, https:\/\/egerhaziimre.hu\/wp-content\/uploads\/kepek\/137-1536x1263.jpg 1536w, https:\/\/egerhaziimre.hu\/wp-content\/uploads\/kepek\/137.jpg 2000w\" sizes=\"auto, (max-width: 660px) 100vw, 660px\" \/><figcaption id=\"caption-attachment-3942\" class=\"wp-caption-text\">Verhovinai t\u00e1j<br \/>olaj, farost, 50&#215;60 cm<br \/>1991<\/figcaption><\/figure>\n[\/vc_column_text][\/vc_column][\/vc_row][vc_row][vc_column][vc_separator][vc_btn title=&#8221;Vissza a list\u00e1ra&#8221; shape=&#8221;square&#8221; color=&#8221;orange&#8221; link=&#8221;url:http%3A%2F%2Fegerhaziimre.hu%2Findex.php%2Feletrajz%2Fmuveszeti-szervezo-tevekenyseg%2F|title:%5B%3Ahu%5DM%C5%B1v%C3%A9szeti%20szervez%C5%91%20tev%C3%A9kenys%C3%A9g%5B%3Aen%5DOrganizing%20in%20art%5B%3A%5D&#8221;][\/vc_column][\/vc_row]\n<\/div>","protected":false},"excerpt":{"rendered":"<p>[vc_row el_class=&#8221;margin_bottom_0 padding_bottom_0&#8243;][vc_column][vc_column_text] K\u00e1rp\u00e1taljai Nemzetk\u00f6zi M\u0171v\u00e9sztelep, Szinev\u00e9r, 1990 [\/vc_column_text][vc_video link=&#8221;https:\/\/youtu.be\/c17-4VwPuR8&#8243; el_width=&#8221;80&#8243; align=&#8221;center&#8221;][vc_separator][\/vc_column][\/vc_row][vc_row][vc_column][vc_column_text] [\/vc_column_text][\/vc_column][\/vc_row][vc_row][vc_column][vc_separator][vc_btn title=&#8221;Vissza a list\u00e1ra&#8221; shape=&#8221;square&#8221; color=&#8221;orange&#8221; link=&#8221;url:http%3A%2F%2Fegerhaziimre.hu%2Findex.php%2Feletrajz%2Fmuveszeti-szervezo-tevekenyseg%2F|title:%5B%3Ahu%5DM%C5%B1v%C3%A9szeti%20szervez%C5%91%20tev%C3%A9kenys%C3%A9g%5B%3Aen%5DOrganizing%20in%20art%5B%3A%5D&#8221;][\/vc_column][\/vc_row]<\/p>\n","protected":false},"author":4,"featured_media":7409,"parent":24,"menu_order":0,"comment_status":"closed","ping_status":"closed","template":"","meta":{"footnotes":""},"categories":[11,102],"tags":[118,116],"class_list":["post-1235","page","type-page","status-publish","has-post-thumbnail","hentry","category-eletrajz","category-muvesztelep","tag-munkacs","tag-ukrajna"],"yoast_head":"<!-- This site is optimized with the Yoast SEO plugin v27.0 - https:\/\/yoast.com\/product\/yoast-seo-wordpress\/ -->\n<title>Munk\u00e1cs, K\u00e1rp\u00e1talja - \u00c9gerh\u00e1zi Imre<\/title>\n<meta name=\"robots\" content=\"index, follow, max-snippet:-1, max-image-preview:large, max-video-preview:-1\" \/>\n<link rel=\"canonical\" href=\"https:\/\/egerhaziimre.hu\/index.php\/eletrajz\/muveszeti-szervezo-tevekenyseg\/munkacs-ukrajna\/?lang=en\" \/>\n<meta property=\"og:locale\" content=\"hu_HU\" \/>\n<meta property=\"og:type\" content=\"article\" \/>\n<meta property=\"og:title\" content=\"Munk\u00e1cs, K\u00e1rp\u00e1talja - \u00c9gerh\u00e1zi Imre\" \/>\n<meta property=\"og:description\" content=\"[vc_row el_class=&#8221;margin_bottom_0 padding_bottom_0&#8243;][vc_column][vc_column_text] K\u00e1rp\u00e1taljai Nemzetk\u00f6zi M\u0171v\u00e9sztelep, Szinev\u00e9r, 1990 [\/vc_column_text][vc_video link=&#8221;https:\/\/youtu.be\/c17-4VwPuR8&#8243; el_width=&#8221;80&#8243; align=&#8221;center&#8221;][vc_separator][\/vc_column][\/vc_row][vc_row][vc_column][vc_column_text] [\/vc_column_text][\/vc_column][\/vc_row][vc_row][vc_column][vc_separator][vc_btn title=&#8221;Vissza a list\u00e1ra&#8221; shape=&#8221;square&#8221; color=&#8221;orange&#8221; link=&#8221;url:http%3A%2F%2Fegerhaziimre.hu%2Findex.php%2Feletrajz%2Fmuveszeti-szervezo-tevekenyseg%2F|title:%5B%3Ahu%5DM%C5%B1v%C3%A9szeti%20szervez%C5%91%20tev%C3%A9kenys%C3%A9g%5B%3Aen%5DOrganizing%20in%20art%5B%3A%5D&#8221;][\/vc_column][\/vc_row]\" \/>\n<meta property=\"og:url\" content=\"https:\/\/egerhaziimre.hu\/index.php\/eletrajz\/muveszeti-szervezo-tevekenyseg\/munkacs-ukrajna\/?lang=en\" \/>\n<meta property=\"og:site_name\" content=\"\u00c9gerh\u00e1zi Imre\" \/>\n<meta property=\"article:modified_time\" content=\"2020-09-28T13:58:55+00:00\" \/>\n<meta property=\"og:image\" content=\"https:\/\/egerhaziimre.hu\/wp-content\/uploads\/kepek\/2136.jpg\" \/>\n\t<meta property=\"og:image:width\" content=\"600\" \/>\n\t<meta property=\"og:image:height\" content=\"353\" \/>\n\t<meta property=\"og:image:type\" content=\"image\/jpeg\" \/>\n<meta name=\"twitter:card\" content=\"summary_large_image\" \/>\n<meta name=\"twitter:label1\" content=\"Becs\u00fclt olvas\u00e1si id\u0151\" \/>\n\t<meta name=\"twitter:data1\" content=\"2 perc\" \/>\n<script type=\"application\/ld+json\" class=\"yoast-schema-graph\">{\"@context\":\"https:\/\/schema.org\",\"@graph\":[{\"@type\":\"WebPage\",\"@id\":\"https:\/\/egerhaziimre.hu\/index.php\/eletrajz\/muveszeti-szervezo-tevekenyseg\/munkacs-ukrajna\/?lang=en\",\"url\":\"https:\/\/egerhaziimre.hu\/index.php\/eletrajz\/muveszeti-szervezo-tevekenyseg\/munkacs-ukrajna\/?lang=en\",\"name\":\"Munk\u00e1cs, K\u00e1rp\u00e1talja - \u00c9gerh\u00e1zi Imre\",\"isPartOf\":{\"@id\":\"https:\/\/egerhaziimre.hu\/#website\"},\"primaryImageOfPage\":{\"@id\":\"https:\/\/egerhaziimre.hu\/index.php\/eletrajz\/muveszeti-szervezo-tevekenyseg\/munkacs-ukrajna\/?lang=en#primaryimage\"},\"image\":{\"@id\":\"https:\/\/egerhaziimre.hu\/index.php\/eletrajz\/muveszeti-szervezo-tevekenyseg\/munkacs-ukrajna\/?lang=en#primaryimage\"},\"thumbnailUrl\":\"https:\/\/egerhaziimre.hu\/wp-content\/uploads\/kepek\/2136.jpg\",\"datePublished\":\"2019-08-07T12:42:03+00:00\",\"dateModified\":\"2020-09-28T13:58:55+00:00\",\"breadcrumb\":{\"@id\":\"https:\/\/egerhaziimre.hu\/index.php\/eletrajz\/muveszeti-szervezo-tevekenyseg\/munkacs-ukrajna\/?lang=en#breadcrumb\"},\"inLanguage\":\"hu\",\"potentialAction\":[{\"@type\":\"ReadAction\",\"target\":[\"https:\/\/egerhaziimre.hu\/index.php\/eletrajz\/muveszeti-szervezo-tevekenyseg\/munkacs-ukrajna\/?lang=en\"]}]},{\"@type\":\"ImageObject\",\"inLanguage\":\"hu\",\"@id\":\"https:\/\/egerhaziimre.hu\/index.php\/eletrajz\/muveszeti-szervezo-tevekenyseg\/munkacs-ukrajna\/?lang=en#primaryimage\",\"url\":\"https:\/\/egerhaziimre.hu\/wp-content\/uploads\/kepek\/2136.jpg\",\"contentUrl\":\"https:\/\/egerhaziimre.hu\/wp-content\/uploads\/kepek\/2136.jpg\",\"width\":600,\"height\":353,\"caption\":\"Munk\u00e1cs\"},{\"@type\":\"BreadcrumbList\",\"@id\":\"https:\/\/egerhaziimre.hu\/index.php\/eletrajz\/muveszeti-szervezo-tevekenyseg\/munkacs-ukrajna\/?lang=en#breadcrumb\",\"itemListElement\":[{\"@type\":\"ListItem\",\"position\":1,\"name\":\"Home\",\"item\":\"https:\/\/egerhaziimre.hu\/\"},{\"@type\":\"ListItem\",\"position\":2,\"name\":\"\u00c9letrajz\",\"item\":\"https:\/\/egerhaziimre.hu\/index.php\/eletrajz\/\"},{\"@type\":\"ListItem\",\"position\":3,\"name\":\"Organizing in art\",\"item\":\"https:\/\/egerhaziimre.hu\/index.php\/eletrajz\/muveszeti-szervezo-tevekenyseg\/?lang=en\"},{\"@type\":\"ListItem\",\"position\":4,\"name\":\"Munk\u00e1cs, Ukraine\"}]},{\"@type\":\"WebSite\",\"@id\":\"https:\/\/egerhaziimre.hu\/#website\",\"url\":\"https:\/\/egerhaziimre.hu\/\",\"name\":\"\u00c9gerh\u00e1zi Imre\",\"description\":\"\",\"potentialAction\":[{\"@type\":\"SearchAction\",\"target\":{\"@type\":\"EntryPoint\",\"urlTemplate\":\"https:\/\/egerhaziimre.hu\/?s={search_term_string}\"},\"query-input\":{\"@type\":\"PropertyValueSpecification\",\"valueRequired\":true,\"valueName\":\"search_term_string\"}}],\"inLanguage\":\"hu\"}]}<\/script>\n<!-- \/ Yoast SEO plugin. -->","yoast_head_json":{"title":"Munk\u00e1cs, K\u00e1rp\u00e1talja - \u00c9gerh\u00e1zi Imre","robots":{"index":"index","follow":"follow","max-snippet":"max-snippet:-1","max-image-preview":"max-image-preview:large","max-video-preview":"max-video-preview:-1"},"canonical":"https:\/\/egerhaziimre.hu\/index.php\/eletrajz\/muveszeti-szervezo-tevekenyseg\/munkacs-ukrajna\/?lang=en","og_locale":"hu_HU","og_type":"article","og_title":"Munk\u00e1cs, K\u00e1rp\u00e1talja - \u00c9gerh\u00e1zi Imre","og_description":"[vc_row el_class=&#8221;margin_bottom_0 padding_bottom_0&#8243;][vc_column][vc_column_text] K\u00e1rp\u00e1taljai Nemzetk\u00f6zi M\u0171v\u00e9sztelep, Szinev\u00e9r, 1990 [\/vc_column_text][vc_video link=&#8221;https:\/\/youtu.be\/c17-4VwPuR8&#8243; el_width=&#8221;80&#8243; align=&#8221;center&#8221;][vc_separator][\/vc_column][\/vc_row][vc_row][vc_column][vc_column_text] [\/vc_column_text][\/vc_column][\/vc_row][vc_row][vc_column][vc_separator][vc_btn title=&#8221;Vissza a list\u00e1ra&#8221; shape=&#8221;square&#8221; color=&#8221;orange&#8221; link=&#8221;url:http%3A%2F%2Fegerhaziimre.hu%2Findex.php%2Feletrajz%2Fmuveszeti-szervezo-tevekenyseg%2F|title:%5B%3Ahu%5DM%C5%B1v%C3%A9szeti%20szervez%C5%91%20tev%C3%A9kenys%C3%A9g%5B%3Aen%5DOrganizing%20in%20art%5B%3A%5D&#8221;][\/vc_column][\/vc_row]","og_url":"https:\/\/egerhaziimre.hu\/index.php\/eletrajz\/muveszeti-szervezo-tevekenyseg\/munkacs-ukrajna\/?lang=en","og_site_name":"\u00c9gerh\u00e1zi Imre","article_modified_time":"2020-09-28T13:58:55+00:00","og_image":[{"width":600,"height":353,"url":"https:\/\/egerhaziimre.hu\/wp-content\/uploads\/kepek\/2136.jpg","type":"image\/jpeg"}],"twitter_card":"summary_large_image","twitter_misc":{"Becs\u00fclt olvas\u00e1si id\u0151":"2 perc"},"schema":{"@context":"https:\/\/schema.org","@graph":[{"@type":"WebPage","@id":"https:\/\/egerhaziimre.hu\/index.php\/eletrajz\/muveszeti-szervezo-tevekenyseg\/munkacs-ukrajna\/?lang=en","url":"https:\/\/egerhaziimre.hu\/index.php\/eletrajz\/muveszeti-szervezo-tevekenyseg\/munkacs-ukrajna\/?lang=en","name":"Munk\u00e1cs, K\u00e1rp\u00e1talja - \u00c9gerh\u00e1zi Imre","isPartOf":{"@id":"https:\/\/egerhaziimre.hu\/#website"},"primaryImageOfPage":{"@id":"https:\/\/egerhaziimre.hu\/index.php\/eletrajz\/muveszeti-szervezo-tevekenyseg\/munkacs-ukrajna\/?lang=en#primaryimage"},"image":{"@id":"https:\/\/egerhaziimre.hu\/index.php\/eletrajz\/muveszeti-szervezo-tevekenyseg\/munkacs-ukrajna\/?lang=en#primaryimage"},"thumbnailUrl":"https:\/\/egerhaziimre.hu\/wp-content\/uploads\/kepek\/2136.jpg","datePublished":"2019-08-07T12:42:03+00:00","dateModified":"2020-09-28T13:58:55+00:00","breadcrumb":{"@id":"https:\/\/egerhaziimre.hu\/index.php\/eletrajz\/muveszeti-szervezo-tevekenyseg\/munkacs-ukrajna\/?lang=en#breadcrumb"},"inLanguage":"hu","potentialAction":[{"@type":"ReadAction","target":["https:\/\/egerhaziimre.hu\/index.php\/eletrajz\/muveszeti-szervezo-tevekenyseg\/munkacs-ukrajna\/?lang=en"]}]},{"@type":"ImageObject","inLanguage":"hu","@id":"https:\/\/egerhaziimre.hu\/index.php\/eletrajz\/muveszeti-szervezo-tevekenyseg\/munkacs-ukrajna\/?lang=en#primaryimage","url":"https:\/\/egerhaziimre.hu\/wp-content\/uploads\/kepek\/2136.jpg","contentUrl":"https:\/\/egerhaziimre.hu\/wp-content\/uploads\/kepek\/2136.jpg","width":600,"height":353,"caption":"Munk\u00e1cs"},{"@type":"BreadcrumbList","@id":"https:\/\/egerhaziimre.hu\/index.php\/eletrajz\/muveszeti-szervezo-tevekenyseg\/munkacs-ukrajna\/?lang=en#breadcrumb","itemListElement":[{"@type":"ListItem","position":1,"name":"Home","item":"https:\/\/egerhaziimre.hu\/"},{"@type":"ListItem","position":2,"name":"\u00c9letrajz","item":"https:\/\/egerhaziimre.hu\/index.php\/eletrajz\/"},{"@type":"ListItem","position":3,"name":"Organizing in art","item":"https:\/\/egerhaziimre.hu\/index.php\/eletrajz\/muveszeti-szervezo-tevekenyseg\/?lang=en"},{"@type":"ListItem","position":4,"name":"Munk\u00e1cs, Ukraine"}]},{"@type":"WebSite","@id":"https:\/\/egerhaziimre.hu\/#website","url":"https:\/\/egerhaziimre.hu\/","name":"\u00c9gerh\u00e1zi Imre","description":"","potentialAction":[{"@type":"SearchAction","target":{"@type":"EntryPoint","urlTemplate":"https:\/\/egerhaziimre.hu\/?s={search_term_string}"},"query-input":{"@type":"PropertyValueSpecification","valueRequired":true,"valueName":"search_term_string"}}],"inLanguage":"hu"}]}},"jetpack_sharing_enabled":true,"_links":{"self":[{"href":"https:\/\/egerhaziimre.hu\/index.php\/wp-json\/wp\/v2\/pages\/1235","targetHints":{"allow":["GET"]}}],"collection":[{"href":"https:\/\/egerhaziimre.hu\/index.php\/wp-json\/wp\/v2\/pages"}],"about":[{"href":"https:\/\/egerhaziimre.hu\/index.php\/wp-json\/wp\/v2\/types\/page"}],"author":[{"embeddable":true,"href":"https:\/\/egerhaziimre.hu\/index.php\/wp-json\/wp\/v2\/users\/4"}],"replies":[{"embeddable":true,"href":"https:\/\/egerhaziimre.hu\/index.php\/wp-json\/wp\/v2\/comments?post=1235"}],"version-history":[{"count":15,"href":"https:\/\/egerhaziimre.hu\/index.php\/wp-json\/wp\/v2\/pages\/1235\/revisions"}],"predecessor-version":[{"id":10121,"href":"https:\/\/egerhaziimre.hu\/index.php\/wp-json\/wp\/v2\/pages\/1235\/revisions\/10121"}],"up":[{"embeddable":true,"href":"https:\/\/egerhaziimre.hu\/index.php\/wp-json\/wp\/v2\/pages\/24"}],"wp:featuredmedia":[{"embeddable":true,"href":"https:\/\/egerhaziimre.hu\/index.php\/wp-json\/wp\/v2\/media\/7409"}],"wp:attachment":[{"href":"https:\/\/egerhaziimre.hu\/index.php\/wp-json\/wp\/v2\/media?parent=1235"}],"wp:term":[{"taxonomy":"category","embeddable":true,"href":"https:\/\/egerhaziimre.hu\/index.php\/wp-json\/wp\/v2\/categories?post=1235"},{"taxonomy":"post_tag","embeddable":true,"href":"https:\/\/egerhaziimre.hu\/index.php\/wp-json\/wp\/v2\/tags?post=1235"}],"curies":[{"name":"wp","href":"https:\/\/api.w.org\/{rel}","templated":true}]}}