{"id":12965,"date":"2021-12-23T15:15:06","date_gmt":"2021-12-23T14:15:06","guid":{"rendered":"https:\/\/egerhaziimre.hu\/?page_id=12965"},"modified":"2022-01-03T14:17:53","modified_gmt":"2022-01-03T13:17:53","slug":"ujra-melto-helyen-a-hajduk-i-panno","status":"publish","type":"page","link":"https:\/\/egerhaziimre.hu\/index.php\/archivum\/aktualitasok-hirek\/ujra-melto-helyen-a-hajduk-i-panno\/","title":{"rendered":"\u00dajra m\u00e9lt\u00f3 helyen a Hajd\u00fak I. pann\u00f3"},"content":{"rendered":"<div class=\"wpb-content-wrapper\">[vc_row][vc_column][vc_single_image image=&#8221;12966&#8243; img_size=&#8221;full&#8221; alignment=&#8221;center&#8221; style=&#8221;xtd-shadow&#8211;normal-light&#8221; onclick=&#8221;link_image&#8221;][vc_column_text]\n<p style=\"text-align: center;\">Hajd\u00fak I. pann\u00f3 \u00e1tad\u00e1sa, Cs\u00e1fordi D\u00e9nes Hajd\u00fahadh\u00e1z polg\u00e1rmestere.<br \/>\nFot\u00f3: \u00c9gerh\u00e1zi P\u00e9ter<\/p>\n[\/vc_column_text][vc_separator][vc_empty_space][vc_row_inner][vc_column_inner][vc_column_text]\u00c9vekig h\u00e1nyatott sors jutott \u00c9gerh\u00e1zi Imre 1987-ben festett nagym\u00e9ret\u0171, Hajd\u00fak I. c\u00edm\u0171 pann\u00f3j\u00e1nak, miut\u00e1n elker\u00fclt a hajd\u00fahadh\u00e1zi \u00dajbar\u00e1zda Mgtsz, majd agr\u00e1rsz\u00f6vetkezet t\u00e1rgyal\u00f3term\u00e9b\u0151l. A 6 x 1.85 m\u00e9teres k\u00e9p a Tisz\u00e1nt\u00fali Takar\u00e9k Sz\u00f6vetkezethez ker\u00fclt, de a p\u00e9nzint\u00e9zet 2019-ben aj\u00e1nd\u00e9koz\u00e1si szerz\u0151d\u00e9ssel \u00e1tadta a pann\u00f3 tulajdonjog\u00e1t a hajd\u00fahadh\u00e1zi \u00f6nkorm\u00e1nyzatnak.<\/p>\n<p>A h\u00e1rom r\u00e9szb\u0151l \u00f6sszeillesztett, fel\u00faj\u00edtott festm\u00e9nyt december 10-\u00e9n \u00fcnnep\u00e9lyes keretek k\u00f6z\u00f6tt mutatt\u00e1k be \u00faj hely\u00e9n, a Szederjes Sport- \u00e9s Konferencia K\u00f6zpont K\u00f6z\u00f6ss\u00e9gi \u00c9p\u00fclet\u00e9ben. A v\u00e1rosnapi rendezv\u00e9nysorozat esem\u00e9nyek\u00e9nt Cs\u00e1fordi D\u00e9nes polg\u00e1rmester k\u00f6sz\u00f6nt\u0151je ut\u00e1n Varg\u00e1n\u00e9 S\u0151r\u00e9s Ilona, a F\u00f6ldi J\u00e1nos \u00c1ltal\u00e1nos Iskola igazgat\u00f3ja besz\u00e9lt a nagym\u00e9ret\u0171 alkot\u00e1sr\u00f3l. Elmondta, az anyagi fedezet, illetve t\u00e1mogat\u00e1s megszerz\u00e9s\u00e9nek neh\u00e9zs\u00e9ge miatt h\u00e1rom \u00e9vig tartott a megval\u00f3s\u00edt\u00e1sa. A k\u00e9pen 72 alak \u00e9s arc, 7 n\u00e9pes csoport, illetve jelenet, 6 egykor\u00fa t\u00f6rt\u00e9nelmi t\u00e1rgyi eml\u00e9k l\u00e1that\u00f3. A mozgalmas, sz\u00ednes fel\u00fcleten Bocskai Istv\u00e1n \u00e9s B\u00e1thori G\u00e1bor fejedelem, Sillye G\u00e1bor hajd\u00faker\u00fcleti f\u0151kapit\u00e1ny, az 1849-es forradalmi korm\u00e1nybiztos arcm\u00e1sa, valamint a hajd\u00fak c\u00edmere k\u00f6r\u00e9 rendez\u0151dnek a csoportok \u00e9s jelenetek. Balr\u00f3l jobbra haladva l\u00e1that\u00f3 a hajd\u00fak t\u00f6rt\u00e9nete a letelep\u00edt\u00e9s\u00fckt\u0151l, a hajd\u00faker\u00fcletek megsz\u00fcntet\u00e9s\u00e9ig.<br \/>\nA k\u00f6z\u00f6ss\u00e9gi \u00e9p\u00fclet aul\u00e1j\u00e1ban v\u00e9lhet\u0151en v\u00e9gleges hely\u00e9re ker\u00fclt nagym\u00e9ret\u0171 alkot\u00e1st plexilemez v\u00e9di az esetleges rong\u00e1l\u00e1st\u00f3l.<\/p>\n<p><a href=\"http:\/\/www.hajduhadhaz.hu\/az-egerhazi-panno-atadasa\/\" target=\"_blank\" rel=\"noopener\">Hajd\u00fahadh\u00e1z V\u00e1ros oldal\u00e1n megjelent cikk &gt;&gt;<\/a>[\/vc_column_text][\/vc_column_inner][\/vc_row_inner][vc_single_image image=&#8221;4827&#8243; img_size=&#8221;full&#8221;][vc_empty_space][vc_separator][vc_column_text]\n<h6>Fot\u00f3gal\u00e9ria<\/h6>\n[\/vc_column_text][vc_media_grid style=&#8221;lazy&#8221; items_per_page=&#8221;12&#8243; element_width=&#8221;3&#8243; gap=&#8221;10&#8243; grid_id=&#8221;vc_gid:1641215413726-616b314c-b993-9&#8243; include=&#8221;12971,12972,12973,12974,12975,12981,12340,4856&#8243;][vc_empty_space][vc_video link=&#8221;https:\/\/www.facebook.com\/watch\/?v=462813165483221&#8243;][\/vc_column][\/vc_row]\n<\/div>","protected":false},"excerpt":{"rendered":"<p>\u00c9gerh\u00e1zi Imre 1987-ben festett nagym\u00e9ret\u0171, Hajd\u00fak I. c\u00edm\u0171 h\u00e1rom r\u00e9szb\u0151l \u00f6sszeillesztett, fel\u00faj\u00edtott pann\u00f3j\u00e1t december 10-\u00e9n \u00fcnnep\u00e9lyes keretek k\u00f6z\u00f6tt mutatt\u00e1k be \u00faj hely\u00e9n, a Szederjes Sport- \u00e9s Konferencia K\u00f6zpont K\u00f6z\u00f6ss\u00e9gi \u00c9p\u00fclet\u00e9ben Hajd\u00fahadh\u00e1zon.<\/p>\n","protected":false},"author":4,"featured_media":12966,"parent":28,"menu_order":0,"comment_status":"closed","ping_status":"closed","template":"","meta":{"footnotes":""},"categories":[14,7,13],"tags":[232],"class_list":["post-12965","page","type-page","status-publish","has-post-thumbnail","hentry","category-aktualitasok","category-allando_kiallitasok","category-hirek","tag-232"],"yoast_head":"<!-- This site is optimized with the Yoast SEO plugin v27.0 - https:\/\/yoast.com\/product\/yoast-seo-wordpress\/ -->\n<title>\u00dajra m\u00e9lt\u00f3 helyen a Hajd\u00fak I. pann\u00f3 - \u00c9gerh\u00e1zi Imre<\/title>\n<meta name=\"robots\" content=\"index, follow, max-snippet:-1, max-image-preview:large, max-video-preview:-1\" \/>\n<link rel=\"canonical\" href=\"https:\/\/egerhaziimre.hu\/index.php\/archivum\/aktualitasok-hirek\/ujra-melto-helyen-a-hajduk-i-panno\/\" \/>\n<meta property=\"og:locale\" content=\"hu_HU\" \/>\n<meta property=\"og:type\" content=\"article\" \/>\n<meta property=\"og:title\" content=\"\u00dajra m\u00e9lt\u00f3 helyen a Hajd\u00fak I. pann\u00f3 - \u00c9gerh\u00e1zi Imre\" \/>\n<meta property=\"og:description\" content=\"[:hu]\u00c9gerh\u00e1zi Imre 1987-ben festett nagym\u00e9ret\u0171, Hajd\u00fak I. c\u00edm\u0171 h\u00e1rom r\u00e9szb\u0151l \u00f6sszeillesztett, fel\u00faj\u00edtott pann\u00f3j\u00e1t december 10-\u00e9n \u00fcnnep\u00e9lyes keretek k\u00f6z\u00f6tt mutatt\u00e1k be \u00faj hely\u00e9n, a Szederjes Sport- \u00e9s Konferencia K\u00f6zpont K\u00f6z\u00f6ss\u00e9gi \u00c9p\u00fclet\u00e9ben Hajd\u00fahadh\u00e1zon.[:en]Imre \u00c9gerh\u00e1zi&#039;s Hajd\u00fak I., a large panneau painted in 1987. The renovated painting, composed of three parts, was unveiled on December 10 at a new location in the Community Building of the Szederjes Sports and Conference Center in Hajd\u00fahadh\u00e1z.[:]\" \/>\n<meta property=\"og:url\" content=\"https:\/\/egerhaziimre.hu\/index.php\/archivum\/aktualitasok-hirek\/ujra-melto-helyen-a-hajduk-i-panno\/\" \/>\n<meta property=\"og:site_name\" content=\"\u00c9gerh\u00e1zi Imre\" \/>\n<meta property=\"article:modified_time\" content=\"2022-01-03T13:17:53+00:00\" \/>\n<meta property=\"og:image\" content=\"https:\/\/egerhaziimre.hu\/wp-content\/uploads\/kepek\/2650-scaled.jpg\" \/>\n\t<meta property=\"og:image:width\" content=\"2560\" \/>\n\t<meta property=\"og:image:height\" content=\"1707\" \/>\n\t<meta property=\"og:image:type\" content=\"image\/jpeg\" \/>\n<meta name=\"twitter:card\" content=\"summary_large_image\" \/>\n<meta name=\"twitter:label1\" content=\"Becs\u00fclt olvas\u00e1si id\u0151\" \/>\n\t<meta name=\"twitter:data1\" content=\"2 perc\" \/>\n<script type=\"application\/ld+json\" class=\"yoast-schema-graph\">{\"@context\":\"https:\/\/schema.org\",\"@graph\":[{\"@type\":\"WebPage\",\"@id\":\"https:\/\/egerhaziimre.hu\/index.php\/archivum\/aktualitasok-hirek\/ujra-melto-helyen-a-hajduk-i-panno\/\",\"url\":\"https:\/\/egerhaziimre.hu\/index.php\/archivum\/aktualitasok-hirek\/ujra-melto-helyen-a-hajduk-i-panno\/\",\"name\":\"\u00dajra m\u00e9lt\u00f3 helyen a Hajd\u00fak I. pann\u00f3 - \u00c9gerh\u00e1zi Imre\",\"isPartOf\":{\"@id\":\"https:\/\/egerhaziimre.hu\/#website\"},\"primaryImageOfPage\":{\"@id\":\"https:\/\/egerhaziimre.hu\/index.php\/archivum\/aktualitasok-hirek\/ujra-melto-helyen-a-hajduk-i-panno\/#primaryimage\"},\"image\":{\"@id\":\"https:\/\/egerhaziimre.hu\/index.php\/archivum\/aktualitasok-hirek\/ujra-melto-helyen-a-hajduk-i-panno\/#primaryimage\"},\"thumbnailUrl\":\"https:\/\/egerhaziimre.hu\/wp-content\/uploads\/kepek\/2650-scaled.jpg\",\"datePublished\":\"2021-12-23T14:15:06+00:00\",\"dateModified\":\"2022-01-03T13:17:53+00:00\",\"breadcrumb\":{\"@id\":\"https:\/\/egerhaziimre.hu\/index.php\/archivum\/aktualitasok-hirek\/ujra-melto-helyen-a-hajduk-i-panno\/#breadcrumb\"},\"inLanguage\":\"hu\",\"potentialAction\":[{\"@type\":\"ReadAction\",\"target\":[\"https:\/\/egerhaziimre.hu\/index.php\/archivum\/aktualitasok-hirek\/ujra-melto-helyen-a-hajduk-i-panno\/\"]}]},{\"@type\":\"ImageObject\",\"inLanguage\":\"hu\",\"@id\":\"https:\/\/egerhaziimre.hu\/index.php\/archivum\/aktualitasok-hirek\/ujra-melto-helyen-a-hajduk-i-panno\/#primaryimage\",\"url\":\"https:\/\/egerhaziimre.hu\/wp-content\/uploads\/kepek\/2650-scaled.jpg\",\"contentUrl\":\"https:\/\/egerhaziimre.hu\/wp-content\/uploads\/kepek\/2650-scaled.jpg\",\"width\":2560,\"height\":1707,\"caption\":\"Hajd\u00fak I. pann\u00f3k \u00e1tad\u00e1sa 2021 Cs\u00e1fordi D\u00e9nes polg\u00e1rmester\"},{\"@type\":\"BreadcrumbList\",\"@id\":\"https:\/\/egerhaziimre.hu\/index.php\/archivum\/aktualitasok-hirek\/ujra-melto-helyen-a-hajduk-i-panno\/#breadcrumb\",\"itemListElement\":[{\"@type\":\"ListItem\",\"position\":1,\"name\":\"Home\",\"item\":\"https:\/\/egerhaziimre.hu\/\"},{\"@type\":\"ListItem\",\"position\":2,\"name\":\"Archives\",\"item\":\"https:\/\/egerhaziimre.hu\/index.php\/archivum\/?lang=en\"},{\"@type\":\"ListItem\",\"position\":3,\"name\":\"News\",\"item\":\"https:\/\/egerhaziimre.hu\/index.php\/archivum\/aktualitasok-hirek\/?lang=en\"},{\"@type\":\"ListItem\",\"position\":4,\"name\":\"\u00dajra m\u00e9lt\u00f3 helyen a Hajd\u00fak I. pann\u00f3\"}]},{\"@type\":\"WebSite\",\"@id\":\"https:\/\/egerhaziimre.hu\/#website\",\"url\":\"https:\/\/egerhaziimre.hu\/\",\"name\":\"\u00c9gerh\u00e1zi Imre\",\"description\":\"\",\"potentialAction\":[{\"@type\":\"SearchAction\",\"target\":{\"@type\":\"EntryPoint\",\"urlTemplate\":\"https:\/\/egerhaziimre.hu\/?s={search_term_string}\"},\"query-input\":{\"@type\":\"PropertyValueSpecification\",\"valueRequired\":true,\"valueName\":\"search_term_string\"}}],\"inLanguage\":\"hu\"}]}<\/script>\n<!-- \/ Yoast SEO plugin. -->","yoast_head_json":{"title":"\u00dajra m\u00e9lt\u00f3 helyen a Hajd\u00fak I. pann\u00f3 - \u00c9gerh\u00e1zi Imre","robots":{"index":"index","follow":"follow","max-snippet":"max-snippet:-1","max-image-preview":"max-image-preview:large","max-video-preview":"max-video-preview:-1"},"canonical":"https:\/\/egerhaziimre.hu\/index.php\/archivum\/aktualitasok-hirek\/ujra-melto-helyen-a-hajduk-i-panno\/","og_locale":"hu_HU","og_type":"article","og_title":"\u00dajra m\u00e9lt\u00f3 helyen a Hajd\u00fak I. pann\u00f3 - \u00c9gerh\u00e1zi Imre","og_description":"[:hu]\u00c9gerh\u00e1zi Imre 1987-ben festett nagym\u00e9ret\u0171, Hajd\u00fak I. c\u00edm\u0171 h\u00e1rom r\u00e9szb\u0151l \u00f6sszeillesztett, fel\u00faj\u00edtott pann\u00f3j\u00e1t december 10-\u00e9n \u00fcnnep\u00e9lyes keretek k\u00f6z\u00f6tt mutatt\u00e1k be \u00faj hely\u00e9n, a Szederjes Sport- \u00e9s Konferencia K\u00f6zpont K\u00f6z\u00f6ss\u00e9gi \u00c9p\u00fclet\u00e9ben Hajd\u00fahadh\u00e1zon.[:en]Imre \u00c9gerh\u00e1zi's Hajd\u00fak I., a large panneau painted in 1987. The renovated painting, composed of three parts, was unveiled on December 10 at a new location in the Community Building of the Szederjes Sports and Conference Center in Hajd\u00fahadh\u00e1z.[:]","og_url":"https:\/\/egerhaziimre.hu\/index.php\/archivum\/aktualitasok-hirek\/ujra-melto-helyen-a-hajduk-i-panno\/","og_site_name":"\u00c9gerh\u00e1zi Imre","article_modified_time":"2022-01-03T13:17:53+00:00","og_image":[{"width":2560,"height":1707,"url":"https:\/\/egerhaziimre.hu\/wp-content\/uploads\/kepek\/2650-scaled.jpg","type":"image\/jpeg"}],"twitter_card":"summary_large_image","twitter_misc":{"Becs\u00fclt olvas\u00e1si id\u0151":"2 perc"},"schema":{"@context":"https:\/\/schema.org","@graph":[{"@type":"WebPage","@id":"https:\/\/egerhaziimre.hu\/index.php\/archivum\/aktualitasok-hirek\/ujra-melto-helyen-a-hajduk-i-panno\/","url":"https:\/\/egerhaziimre.hu\/index.php\/archivum\/aktualitasok-hirek\/ujra-melto-helyen-a-hajduk-i-panno\/","name":"\u00dajra m\u00e9lt\u00f3 helyen a Hajd\u00fak I. pann\u00f3 - \u00c9gerh\u00e1zi Imre","isPartOf":{"@id":"https:\/\/egerhaziimre.hu\/#website"},"primaryImageOfPage":{"@id":"https:\/\/egerhaziimre.hu\/index.php\/archivum\/aktualitasok-hirek\/ujra-melto-helyen-a-hajduk-i-panno\/#primaryimage"},"image":{"@id":"https:\/\/egerhaziimre.hu\/index.php\/archivum\/aktualitasok-hirek\/ujra-melto-helyen-a-hajduk-i-panno\/#primaryimage"},"thumbnailUrl":"https:\/\/egerhaziimre.hu\/wp-content\/uploads\/kepek\/2650-scaled.jpg","datePublished":"2021-12-23T14:15:06+00:00","dateModified":"2022-01-03T13:17:53+00:00","breadcrumb":{"@id":"https:\/\/egerhaziimre.hu\/index.php\/archivum\/aktualitasok-hirek\/ujra-melto-helyen-a-hajduk-i-panno\/#breadcrumb"},"inLanguage":"hu","potentialAction":[{"@type":"ReadAction","target":["https:\/\/egerhaziimre.hu\/index.php\/archivum\/aktualitasok-hirek\/ujra-melto-helyen-a-hajduk-i-panno\/"]}]},{"@type":"ImageObject","inLanguage":"hu","@id":"https:\/\/egerhaziimre.hu\/index.php\/archivum\/aktualitasok-hirek\/ujra-melto-helyen-a-hajduk-i-panno\/#primaryimage","url":"https:\/\/egerhaziimre.hu\/wp-content\/uploads\/kepek\/2650-scaled.jpg","contentUrl":"https:\/\/egerhaziimre.hu\/wp-content\/uploads\/kepek\/2650-scaled.jpg","width":2560,"height":1707,"caption":"Hajd\u00fak I. pann\u00f3k \u00e1tad\u00e1sa 2021 Cs\u00e1fordi D\u00e9nes polg\u00e1rmester"},{"@type":"BreadcrumbList","@id":"https:\/\/egerhaziimre.hu\/index.php\/archivum\/aktualitasok-hirek\/ujra-melto-helyen-a-hajduk-i-panno\/#breadcrumb","itemListElement":[{"@type":"ListItem","position":1,"name":"Home","item":"https:\/\/egerhaziimre.hu\/"},{"@type":"ListItem","position":2,"name":"Archives","item":"https:\/\/egerhaziimre.hu\/index.php\/archivum\/?lang=en"},{"@type":"ListItem","position":3,"name":"News","item":"https:\/\/egerhaziimre.hu\/index.php\/archivum\/aktualitasok-hirek\/?lang=en"},{"@type":"ListItem","position":4,"name":"\u00dajra m\u00e9lt\u00f3 helyen a Hajd\u00fak I. pann\u00f3"}]},{"@type":"WebSite","@id":"https:\/\/egerhaziimre.hu\/#website","url":"https:\/\/egerhaziimre.hu\/","name":"\u00c9gerh\u00e1zi Imre","description":"","potentialAction":[{"@type":"SearchAction","target":{"@type":"EntryPoint","urlTemplate":"https:\/\/egerhaziimre.hu\/?s={search_term_string}"},"query-input":{"@type":"PropertyValueSpecification","valueRequired":true,"valueName":"search_term_string"}}],"inLanguage":"hu"}]}},"jetpack_sharing_enabled":true,"_links":{"self":[{"href":"https:\/\/egerhaziimre.hu\/index.php\/wp-json\/wp\/v2\/pages\/12965","targetHints":{"allow":["GET"]}}],"collection":[{"href":"https:\/\/egerhaziimre.hu\/index.php\/wp-json\/wp\/v2\/pages"}],"about":[{"href":"https:\/\/egerhaziimre.hu\/index.php\/wp-json\/wp\/v2\/types\/page"}],"author":[{"embeddable":true,"href":"https:\/\/egerhaziimre.hu\/index.php\/wp-json\/wp\/v2\/users\/4"}],"replies":[{"embeddable":true,"href":"https:\/\/egerhaziimre.hu\/index.php\/wp-json\/wp\/v2\/comments?post=12965"}],"version-history":[{"count":9,"href":"https:\/\/egerhaziimre.hu\/index.php\/wp-json\/wp\/v2\/pages\/12965\/revisions"}],"predecessor-version":[{"id":12970,"href":"https:\/\/egerhaziimre.hu\/index.php\/wp-json\/wp\/v2\/pages\/12965\/revisions\/12970"}],"up":[{"embeddable":true,"href":"https:\/\/egerhaziimre.hu\/index.php\/wp-json\/wp\/v2\/pages\/28"}],"wp:featuredmedia":[{"embeddable":true,"href":"https:\/\/egerhaziimre.hu\/index.php\/wp-json\/wp\/v2\/media\/12966"}],"wp:attachment":[{"href":"https:\/\/egerhaziimre.hu\/index.php\/wp-json\/wp\/v2\/media?parent=12965"}],"wp:term":[{"taxonomy":"category","embeddable":true,"href":"https:\/\/egerhaziimre.hu\/index.php\/wp-json\/wp\/v2\/categories?post=12965"},{"taxonomy":"post_tag","embeddable":true,"href":"https:\/\/egerhaziimre.hu\/index.php\/wp-json\/wp\/v2\/tags?post=12965"}],"curies":[{"name":"wp","href":"https:\/\/api.w.org\/{rel}","templated":true}]}}