{"id":19129,"date":"2024-12-08T15:53:07","date_gmt":"2024-12-08T14:53:07","guid":{"rendered":"https:\/\/egerhaziimre.hu\/?page_id=19129"},"modified":"2025-02-12T09:13:35","modified_gmt":"2025-02-12T08:13:35","slug":"egerhazi-imre-emlekest-a-modemben","status":"publish","type":"page","link":"https:\/\/egerhaziimre.hu\/index.php\/egerhazi-imre-emlekest-a-modemben\/","title":{"rendered":"\u00c9gerh\u00e1zi Imre eml\u00e9kest a Modemben"},"content":{"rendered":"<div class=\"wpb-content-wrapper\">[vc_row][vc_column][vc_single_image image=&#8221;19130&#8243; img_size=&#8221;full&#8221; alignment=&#8221;center&#8221; style=&#8221;xtd-shadow&#8211;normal-light&#8221; onclick=&#8221;link_image&#8221; css=&#8221;&#8221;][vc_empty_space][vc_row_inner][vc_column_inner][vc_column_text css=&#8221;&#8221;]\n<h3><strong>Program:<\/strong><\/h3>\n<p><strong>18:00<\/strong> T\u00e1rlatvezet\u00e9s Feledy Bal\u00e1zzsal | <strong>18:30<\/strong> P\u00f3diumbesz\u00e9lget\u00e9s: \u00c9gerh\u00e1zi Imr\u00e9re eml\u00e9kez\u00fcnk. <strong>R\u00e9sztvev\u0151k:<\/strong> Vel\u00e9nyi Rudolf \u00e9s Kelemen Marcel fest\u0151m\u0171v\u00e9szek, B\u00e9res L\u00e1szl\u00f3, Hajd\u00fahadh\u00e1z polg\u00e1rmestere (1990-2010), moder\u00e1tor: Feledy Bal\u00e1zs \u00e9s \u00c9gerh\u00e1zi Attila | <strong>19:30<\/strong> Djabe zenekar koncertje |<\/p>\n<p>Szeretettel v\u00e1runk minden \u00e9rdekl\u0151d\u0151t 2025. janu\u00e1r 10-\u00e9n 18 \u00f3r\u00e1t\u00f3l az \u00c9gerh\u00e1zi Imre eml\u00e9kestre a MODEM-be!<\/p>\n<p><!--more--><\/p>\n<h3><strong>R\u00e9szletes program:<\/strong><\/h3>\n<p><strong>18:00<\/strong> T\u00e1rlatvezet\u00e9s Feledy Bal\u00e1zs, m\u0171v\u00e9szeti \u00edr\u00f3val a T\u00e1ncolnak a kazlak \u2013 \u00c9gerh\u00e1zi Imre 100 centen\u00e1riumi \u00e9letm\u0171-ki\u00e1ll\u00edt\u00e1son (3. emeleti ki\u00e1ll\u00edt\u00f3t\u00e9r)<br \/>\n<strong>18:30<\/strong> P\u00f3diumbesz\u00e9lget\u00e9s: \u00c9gerh\u00e1zi Imr\u00e9re eml\u00e9kez\u00fcnk. <strong>R\u00e9sztvev\u0151k:<\/strong> Vel\u00e9nyi Rudolf fest\u0151m\u0171v\u00e9sz, Kelemen Marcel fest\u0151m\u0171v\u00e9sz, B\u00e9res L\u00e1szl\u00f3, Hajd\u00fahadh\u00e1z polg\u00e1rmestere (1990-2010), moder\u00e1tor: Feledy Bal\u00e1zs m\u0171v\u00e9szeti \u00edr\u00f3 \u00e9s \u00c9gerh\u00e1zi Attila, a Djabe zenekar vezet\u0151je (MODEM el\u0151t\u00e9r)<br \/>\n<strong>19:30<\/strong> Djabe zenekar 1 \u00f3r\u00e1s koncertje \u00c9gerh\u00e1zi Imre alkot\u00e1sai ihlette zenem\u0171vekb\u0151l (MODEM el\u0151t\u00e9r)<\/p>\n<h3><strong>A t\u00e1rlatr\u00f3l:<\/strong><\/h3>\n<p>\u00c9gerh\u00e1zi Imre (1925-2001) magyar fest\u0151m\u0171v\u00e9sz sz\u00fclet\u00e9s\u00e9nek 100. \u00e9vfordul\u00f3ja alkalm\u00e1b\u00f3l a MODEM Modern \u00e9s Kort\u00e1rs M\u0171v\u00e9szeti K\u00f6zpont centen\u00e1riumi \u00e9letm\u0171-ki\u00e1ll\u00edt\u00e1ssal tiszteleg gazdag munk\u00e1ss\u00e1ga el\u0151tt.<\/p>\n<p>A csendes szeml\u00e9l\u0151d\u00e9s fest\u0151je 1925. szeptember 1-j\u00e9n sz\u00fcletett Hajd\u00fahadh\u00e1zon, a 17. sz\u00e1zadban alkot\u00f3 mez\u0151b\u00e1ndi fresk\u00f3fest\u0151, Egerh\u00e1zi K\u00e9p\u00edr\u00f3 J\u00e1nos k\u00e9sei lesz\u00e1rmazottjak\u00e9nt. Az 1930-as \u00e9vek elej\u00e9n m\u00e9g kisgyermekk\u00e9nt k\u00f6lt\u00f6z\u00f6tt sz\u00fcleivel Debrecenbe, ahol k\u00e9s\u0151bb a k\u00e9pz\u0151m\u0171v\u00e9szeti szabadiskol\u00e1ban tanult \u00e9s mestere Menyh\u00e1rt J\u00f3zsef fest\u0151m\u0171v\u00e9sz volt.<\/p>\n<p>\u00c9gerh\u00e1zi m\u0171v\u00e9szet\u00e9t saj\u00e1t \u00e9let-, t\u00e1j-, k\u00f6z\u00f6ss\u00e9gi-, valamint szem\u00e9lyes \u00e9lm\u00e9nyei form\u00e1lt\u00e1k. Alkot\u00e1saira jellemz\u0151 a term\u00e9szeti objektumok, h\u00e1zak, t\u00e1jak -k\u00fcl\u00f6n\u00f6sk\u00e9ppen az Alf\u00f6ld, a Hortob\u00e1gy \u00e9s Erd\u00e9ly \u2013 alleg\u00f3rikus \u00e1br\u00e1zol\u00e1sa, de a szakralit\u00e1s, a m\u00faland\u00f3s\u00e1g, az elm\u00e9ly\u00fclt szeml\u00e9l\u0151d\u00e9s l\u00e9gk\u00f6re is v\u00e9gigvonul a m\u0171veken. K\u00e9peinek szerkeszt\u00e9si rendj\u00e9t a n\u00e9pm\u0171v\u00e9szet, a szecesszi\u00f3 alak\u00edtotta, sz\u00ednkult\u00far\u00e1j\u00e1ra (k\u00e9k, sz\u00fcrke, barna, k\u00e9sei alkot\u00f3i korszak\u00e1ban: v\u00f6r\u00f6s, okkers\u00e1rga, napsz\u00ednek, k\u00f6nnyebb text\u00far\u00e1k) a posztimpresszionizmus hatott, m\u0171v\u00e9szi magatart\u00e1s\u00e1t az alf\u00f6ldi fest\u00e9szet alak\u00edtotta.<\/p>\n<p>Kezdem\u00e9nyezett \u00e9s k\u00f6zrem\u0171k\u00f6d\u00f6tt a m\u0171v\u00e9sztelepek (Hajd\u00fab\u00f6sz\u00f6rm\u00e9nyi Nemzetk\u00f6zi M\u0171v\u00e9sztelep, Hortob\u00e1gyi Alkot\u00f3t\u00e1bor) \u00e9s alkot\u00f3k\u00f6z\u00f6ss\u00e9gek \u00e9letre h\u00edv\u00e1s\u00e1ban, m\u0171egy\u00fcttesek l\u00e9trehoz\u00e1s\u00e1nak volt szellemi ir\u00e1ny\u00edt\u00f3ja. \u00c9vtizedeken \u00e1t egyed\u00fcl\u00e1ll\u00f3, nyitott m\u0171v\u00e9szeti k\u00f6z\u00f6ss\u00e9geket \u00e9p\u00edtett magyar fest\u0151kb\u0151l, grafikusokb\u00f3l \u00e9s fot\u00f3sokb\u00f3l, akikhez nagy l\u00e9tsz\u00e1mban csatlakoztak m\u0171v\u00e9szek a vil\u00e1g minden t\u00e1j\u00e1r\u00f3l. Ezzel a Hajd\u00fas\u00e1got \u00e9s a Hortob\u00e1gyot bekapcsolta a m\u0171v\u00e9szet nemzetk\u00f6zi v\u00e9rkering\u00e9s\u00e9be.<\/p>\n<p>A ki\u00e1ll\u00edt\u00e1s a gazdag \u00e9letm\u0171 sz\u00e9les spektrum\u00e1nak bemutat\u00e1s\u00e1ra v\u00e1llalkozik: a term\u00e9keny alkot\u00f3i korszakok gy\u00fcm\u00f6lcseit, az \u00e1ltala v\u00e1lasztott jellegzetes t\u00e9m\u00e1kat \u00e9s egyedi technikai megold\u00e1sokat egyar\u00e1nt felvonultatja. K\u00fcl\u00f6n teremben kap helyet a hal\u00e1lk\u00f6zeli \u00e9lm\u00e9nyei alapj\u00e1n l\u00e9trehozott 9 festm\u00e9nyb\u0151l \u00e1ll\u00f3 rendk\u00edv\u00fcli k\u00e9psorozat, amely megsz\u00fclet\u00e9se \u00f3ta el\u0151sz\u00f6r l\u00e1that\u00f3 egyben. A t\u00e1rlat meg\u00e1lmod\u00f3i a ki\u00e1ll\u00edt\u00f3t\u00e9rben l\u00e1that\u00f3 m\u0171t\u00e1rgyak mellett, a hal\u00e1lk\u00f6zeli \u00e9lm\u00e9nyek nyom\u00e1n sz\u00fcletett festm\u00e9nyekb\u0151l k\u00e9sz\u00edtett anim\u00e1ci\u00f3s filmet is bemutatj\u00e1k, valamint \u00c9gerh\u00e1zi Imre el is mes\u00e9li arch\u00edv felv\u00e9teleken az \u00e1t\u00e9lteket.<\/p>\n<p>Ki\u00e1ll\u00edt\u00f3 m\u0171v\u00e9sz: \u00c9gerh\u00e1zi Imre<br \/>\nKur\u00e1tor: Feledy Bal\u00e1zs<\/p>\n<h4><strong><a href=\"https:\/\/modemart.jegy.hu\/program\/egerhazi-imre-emlekest-a-modem-ben-170605\" target=\"_blank\" rel=\"noopener\">Jegyek itt kaphat\u00f3k<\/a><\/strong><\/h4>\n<p>A l\u00e1togat\u00f3k r\u00e9szv\u00e9tel\u00fckkel elfogadj\u00e1k, hogy az esem\u00e9ny sor\u00e1n hang- \u00e9s k\u00e9pfelv\u00e9telek k\u00e9sz\u00fclnek, amelyeket a MODEM fel\u00fcletein prom\u00f3ci\u00f3s c\u00e9llal felhaszn\u00e1lhatunk. A m\u0171sorv\u00e1ltoz\u00e1s jog\u00e1t fenntartjuk.[\/vc_column_text][\/vc_column_inner][\/vc_row_inner][vc_empty_space height=&#8221;15px&#8221;][vc_video link=&#8221;https:\/\/www.youtube.com\/watch?v=NdnUzv81i-g&#8221; align=&#8221;center&#8221; css=&#8221;&#8221;][vc_empty_space height=&#8221;15px&#8221;][vc_single_image image=&#8221;19131&#8243; img_size=&#8221;full&#8221; alignment=&#8221;center&#8221; css=&#8221;&#8221;][vc_single_image image=&#8221;19132&#8243; img_size=&#8221;full&#8221; alignment=&#8221;center&#8221; css=&#8221;&#8221;][vc_empty_space height=&#8221;15px&#8221;][\/vc_column][\/vc_row]\n<\/div>","protected":false},"excerpt":{"rendered":"<p>[vc_row][vc_column][vc_single_image image=&#8221;19130&#8243; img_size=&#8221;full&#8221; alignment=&#8221;center&#8221; style=&#8221;xtd-shadow&#8211;normal-light&#8221; onclick=&#8221;link_image&#8221; css=&#8221;&#8221;][vc_empty_space][vc_row_inner][vc_column_inner][vc_column_text css=&#8221;&#8221;] Program: 18:00 T\u00e1rlatvezet\u00e9s Feledy Bal\u00e1zzsal | 18:30 P\u00f3diumbesz\u00e9lget\u00e9s: \u00c9gerh\u00e1zi Imr\u00e9re eml\u00e9kez\u00fcnk. R\u00e9sztvev\u0151k: Vel\u00e9nyi Rudolf \u00e9s Kelemen Marcel fest\u0151m\u0171v\u00e9szek, B\u00e9res L\u00e1szl\u00f3, Hajd\u00fahadh\u00e1z polg\u00e1rmestere (1990-2010), moder\u00e1tor: Feledy Bal\u00e1zs \u00e9s \u00c9gerh\u00e1zi Attila | 19:30 Djabe zenekar koncertje | Szeretettel v\u00e1runk minden \u00e9rdekl\u0151d\u0151t 2025. janu\u00e1r 10-\u00e9n 18 \u00f3r\u00e1t\u00f3l az \u00c9gerh\u00e1zi Imre eml\u00e9kestre a MODEM-be!<\/p>\n","protected":false},"author":4,"featured_media":19130,"parent":0,"menu_order":0,"comment_status":"closed","ping_status":"closed","template":"","meta":{"footnotes":""},"categories":[6,14,45,13,4],"tags":[],"class_list":["post-19129","page","type-page","status-publish","has-post-thumbnail","hentry","category-aktualis_kiallitasok","category-aktualitasok","category-emlekkiallitasok","category-hirek","category-kiallitasok"],"yoast_head":"<!-- This site is optimized with the Yoast SEO plugin v27.3 - https:\/\/yoast.com\/product\/yoast-seo-wordpress\/ -->\n<title>\u00c9gerh\u00e1zi Imre eml\u00e9kest a Modemben - \u00c9gerh\u00e1zi Imre<\/title>\n<meta name=\"robots\" content=\"index, follow, max-snippet:-1, max-image-preview:large, max-video-preview:-1\" \/>\n<link rel=\"canonical\" href=\"https:\/\/egerhaziimre.hu\/index.php\/egerhazi-imre-emlekest-a-modemben\/\" \/>\n<meta property=\"og:locale\" content=\"hu_HU\" \/>\n<meta property=\"og:type\" content=\"article\" \/>\n<meta property=\"og:title\" content=\"\u00c9gerh\u00e1zi Imre eml\u00e9kest a Modemben - \u00c9gerh\u00e1zi Imre\" \/>\n<meta property=\"og:description\" content=\"[vc_row][vc_column][vc_single_image image=&#8221;19130&#8243; img_size=&#8221;full&#8221; alignment=&#8221;center&#8221; style=&#8221;xtd-shadow&#8211;normal-light&#8221; onclick=&#8221;link_image&#8221; css=&#8221;&#8221;][vc_empty_space][vc_row_inner][vc_column_inner][vc_column_text css=&#8221;&#8221;] Program: 18:00 T\u00e1rlatvezet\u00e9s Feledy Bal\u00e1zzsal | 18:30 P\u00f3diumbesz\u00e9lget\u00e9s: \u00c9gerh\u00e1zi Imr\u00e9re eml\u00e9kez\u00fcnk. R\u00e9sztvev\u0151k: Vel\u00e9nyi Rudolf \u00e9s Kelemen Marcel fest\u0151m\u0171v\u00e9szek, B\u00e9res L\u00e1szl\u00f3, Hajd\u00fahadh\u00e1z polg\u00e1rmestere (1990-2010), moder\u00e1tor: Feledy Bal\u00e1zs \u00e9s \u00c9gerh\u00e1zi Attila | 19:30 Djabe zenekar koncertje | Szeretettel v\u00e1runk minden \u00e9rdekl\u0151d\u0151t 2025. janu\u00e1r 10-\u00e9n 18 \u00f3r\u00e1t\u00f3l az \u00c9gerh\u00e1zi Imre eml\u00e9kestre a MODEM-be!\" \/>\n<meta property=\"og:url\" content=\"https:\/\/egerhaziimre.hu\/index.php\/egerhazi-imre-emlekest-a-modemben\/\" \/>\n<meta property=\"og:site_name\" content=\"\u00c9gerh\u00e1zi Imre\" \/>\n<meta property=\"article:modified_time\" content=\"2025-02-12T08:13:35+00:00\" \/>\n<meta property=\"og:image\" content=\"https:\/\/egerhaziimre.hu\/wp-content\/uploads\/2025\/01\/egerhazi_emlekest_250110_web.jpg\" \/>\n\t<meta property=\"og:image:width\" content=\"2000\" \/>\n\t<meta property=\"og:image:height\" content=\"1047\" \/>\n\t<meta property=\"og:image:type\" content=\"image\/jpeg\" \/>\n<meta name=\"twitter:card\" content=\"summary_large_image\" \/>\n<meta name=\"twitter:image\" content=\"https:\/\/egerhaziimre.hu\/wp-content\/uploads\/2025\/01\/egerhazi_emlekest_250110_web.jpg\" \/>\n<meta name=\"twitter:label1\" content=\"Becs\u00fclt olvas\u00e1si id\u0151\" \/>\n\t<meta name=\"twitter:data1\" content=\"3 perc\" \/>\n<script type=\"application\/ld+json\" class=\"yoast-schema-graph\">{\"@context\":\"https:\\\/\\\/schema.org\",\"@graph\":[{\"@type\":\"WebPage\",\"@id\":\"https:\\\/\\\/egerhaziimre.hu\\\/index.php\\\/egerhazi-imre-emlekest-a-modemben\\\/\",\"url\":\"https:\\\/\\\/egerhaziimre.hu\\\/index.php\\\/egerhazi-imre-emlekest-a-modemben\\\/\",\"name\":\"\u00c9gerh\u00e1zi Imre eml\u00e9kest a Modemben - \u00c9gerh\u00e1zi Imre\",\"isPartOf\":{\"@id\":\"https:\\\/\\\/egerhaziimre.hu\\\/#website\"},\"primaryImageOfPage\":{\"@id\":\"https:\\\/\\\/egerhaziimre.hu\\\/index.php\\\/egerhazi-imre-emlekest-a-modemben\\\/#primaryimage\"},\"image\":{\"@id\":\"https:\\\/\\\/egerhaziimre.hu\\\/index.php\\\/egerhazi-imre-emlekest-a-modemben\\\/#primaryimage\"},\"thumbnailUrl\":\"https:\\\/\\\/egerhaziimre.hu\\\/wp-content\\\/uploads\\\/2025\\\/01\\\/egerhazi_emlekest_250110_web.jpg\",\"datePublished\":\"2024-12-08T14:53:07+00:00\",\"dateModified\":\"2025-02-12T08:13:35+00:00\",\"breadcrumb\":{\"@id\":\"https:\\\/\\\/egerhaziimre.hu\\\/index.php\\\/egerhazi-imre-emlekest-a-modemben\\\/#breadcrumb\"},\"inLanguage\":\"hu\",\"potentialAction\":[{\"@type\":\"ReadAction\",\"target\":[\"https:\\\/\\\/egerhaziimre.hu\\\/index.php\\\/egerhazi-imre-emlekest-a-modemben\\\/\"]}]},{\"@type\":\"ImageObject\",\"inLanguage\":\"hu\",\"@id\":\"https:\\\/\\\/egerhaziimre.hu\\\/index.php\\\/egerhazi-imre-emlekest-a-modemben\\\/#primaryimage\",\"url\":\"https:\\\/\\\/egerhaziimre.hu\\\/wp-content\\\/uploads\\\/2025\\\/01\\\/egerhazi_emlekest_250110_web.jpg\",\"contentUrl\":\"https:\\\/\\\/egerhaziimre.hu\\\/wp-content\\\/uploads\\\/2025\\\/01\\\/egerhazi_emlekest_250110_web.jpg\",\"width\":2000,\"height\":1047},{\"@type\":\"BreadcrumbList\",\"@id\":\"https:\\\/\\\/egerhaziimre.hu\\\/index.php\\\/egerhazi-imre-emlekest-a-modemben\\\/#breadcrumb\",\"itemListElement\":[{\"@type\":\"ListItem\",\"position\":1,\"name\":\"Home\",\"item\":\"https:\\\/\\\/egerhaziimre.hu\\\/\"},{\"@type\":\"ListItem\",\"position\":2,\"name\":\"\u00c9gerh\u00e1zi Imre eml\u00e9kest a Modemben\"}]},{\"@type\":\"WebSite\",\"@id\":\"https:\\\/\\\/egerhaziimre.hu\\\/#website\",\"url\":\"https:\\\/\\\/egerhaziimre.hu\\\/\",\"name\":\"\u00c9gerh\u00e1zi Imre\",\"description\":\"\",\"potentialAction\":[{\"@type\":\"SearchAction\",\"target\":{\"@type\":\"EntryPoint\",\"urlTemplate\":\"https:\\\/\\\/egerhaziimre.hu\\\/?s={search_term_string}\"},\"query-input\":{\"@type\":\"PropertyValueSpecification\",\"valueRequired\":true,\"valueName\":\"search_term_string\"}}],\"inLanguage\":\"hu\"}]}<\/script>\n<!-- \/ Yoast SEO plugin. -->","yoast_head_json":{"title":"\u00c9gerh\u00e1zi Imre eml\u00e9kest a Modemben - \u00c9gerh\u00e1zi Imre","robots":{"index":"index","follow":"follow","max-snippet":"max-snippet:-1","max-image-preview":"max-image-preview:large","max-video-preview":"max-video-preview:-1"},"canonical":"https:\/\/egerhaziimre.hu\/index.php\/egerhazi-imre-emlekest-a-modemben\/","og_locale":"hu_HU","og_type":"article","og_title":"\u00c9gerh\u00e1zi Imre eml\u00e9kest a Modemben - \u00c9gerh\u00e1zi Imre","og_description":"[vc_row][vc_column][vc_single_image image=&#8221;19130&#8243; img_size=&#8221;full&#8221; alignment=&#8221;center&#8221; style=&#8221;xtd-shadow&#8211;normal-light&#8221; onclick=&#8221;link_image&#8221; css=&#8221;&#8221;][vc_empty_space][vc_row_inner][vc_column_inner][vc_column_text css=&#8221;&#8221;] Program: 18:00 T\u00e1rlatvezet\u00e9s Feledy Bal\u00e1zzsal | 18:30 P\u00f3diumbesz\u00e9lget\u00e9s: \u00c9gerh\u00e1zi Imr\u00e9re eml\u00e9kez\u00fcnk. R\u00e9sztvev\u0151k: Vel\u00e9nyi Rudolf \u00e9s Kelemen Marcel fest\u0151m\u0171v\u00e9szek, B\u00e9res L\u00e1szl\u00f3, Hajd\u00fahadh\u00e1z polg\u00e1rmestere (1990-2010), moder\u00e1tor: Feledy Bal\u00e1zs \u00e9s \u00c9gerh\u00e1zi Attila | 19:30 Djabe zenekar koncertje | Szeretettel v\u00e1runk minden \u00e9rdekl\u0151d\u0151t 2025. janu\u00e1r 10-\u00e9n 18 \u00f3r\u00e1t\u00f3l az \u00c9gerh\u00e1zi Imre eml\u00e9kestre a MODEM-be!","og_url":"https:\/\/egerhaziimre.hu\/index.php\/egerhazi-imre-emlekest-a-modemben\/","og_site_name":"\u00c9gerh\u00e1zi Imre","article_modified_time":"2025-02-12T08:13:35+00:00","og_image":[{"width":2000,"height":1047,"url":"https:\/\/egerhaziimre.hu\/wp-content\/uploads\/2025\/01\/egerhazi_emlekest_250110_web.jpg","type":"image\/jpeg"}],"twitter_card":"summary_large_image","twitter_image":"https:\/\/egerhaziimre.hu\/wp-content\/uploads\/2025\/01\/egerhazi_emlekest_250110_web.jpg","twitter_misc":{"Becs\u00fclt olvas\u00e1si id\u0151":"3 perc"},"schema":{"@context":"https:\/\/schema.org","@graph":[{"@type":"WebPage","@id":"https:\/\/egerhaziimre.hu\/index.php\/egerhazi-imre-emlekest-a-modemben\/","url":"https:\/\/egerhaziimre.hu\/index.php\/egerhazi-imre-emlekest-a-modemben\/","name":"\u00c9gerh\u00e1zi Imre eml\u00e9kest a Modemben - \u00c9gerh\u00e1zi Imre","isPartOf":{"@id":"https:\/\/egerhaziimre.hu\/#website"},"primaryImageOfPage":{"@id":"https:\/\/egerhaziimre.hu\/index.php\/egerhazi-imre-emlekest-a-modemben\/#primaryimage"},"image":{"@id":"https:\/\/egerhaziimre.hu\/index.php\/egerhazi-imre-emlekest-a-modemben\/#primaryimage"},"thumbnailUrl":"https:\/\/egerhaziimre.hu\/wp-content\/uploads\/2025\/01\/egerhazi_emlekest_250110_web.jpg","datePublished":"2024-12-08T14:53:07+00:00","dateModified":"2025-02-12T08:13:35+00:00","breadcrumb":{"@id":"https:\/\/egerhaziimre.hu\/index.php\/egerhazi-imre-emlekest-a-modemben\/#breadcrumb"},"inLanguage":"hu","potentialAction":[{"@type":"ReadAction","target":["https:\/\/egerhaziimre.hu\/index.php\/egerhazi-imre-emlekest-a-modemben\/"]}]},{"@type":"ImageObject","inLanguage":"hu","@id":"https:\/\/egerhaziimre.hu\/index.php\/egerhazi-imre-emlekest-a-modemben\/#primaryimage","url":"https:\/\/egerhaziimre.hu\/wp-content\/uploads\/2025\/01\/egerhazi_emlekest_250110_web.jpg","contentUrl":"https:\/\/egerhaziimre.hu\/wp-content\/uploads\/2025\/01\/egerhazi_emlekest_250110_web.jpg","width":2000,"height":1047},{"@type":"BreadcrumbList","@id":"https:\/\/egerhaziimre.hu\/index.php\/egerhazi-imre-emlekest-a-modemben\/#breadcrumb","itemListElement":[{"@type":"ListItem","position":1,"name":"Home","item":"https:\/\/egerhaziimre.hu\/"},{"@type":"ListItem","position":2,"name":"\u00c9gerh\u00e1zi Imre eml\u00e9kest a Modemben"}]},{"@type":"WebSite","@id":"https:\/\/egerhaziimre.hu\/#website","url":"https:\/\/egerhaziimre.hu\/","name":"\u00c9gerh\u00e1zi Imre","description":"","potentialAction":[{"@type":"SearchAction","target":{"@type":"EntryPoint","urlTemplate":"https:\/\/egerhaziimre.hu\/?s={search_term_string}"},"query-input":{"@type":"PropertyValueSpecification","valueRequired":true,"valueName":"search_term_string"}}],"inLanguage":"hu"}]}},"jetpack_sharing_enabled":true,"_links":{"self":[{"href":"https:\/\/egerhaziimre.hu\/index.php\/wp-json\/wp\/v2\/pages\/19129","targetHints":{"allow":["GET"]}}],"collection":[{"href":"https:\/\/egerhaziimre.hu\/index.php\/wp-json\/wp\/v2\/pages"}],"about":[{"href":"https:\/\/egerhaziimre.hu\/index.php\/wp-json\/wp\/v2\/types\/page"}],"author":[{"embeddable":true,"href":"https:\/\/egerhaziimre.hu\/index.php\/wp-json\/wp\/v2\/users\/4"}],"replies":[{"embeddable":true,"href":"https:\/\/egerhaziimre.hu\/index.php\/wp-json\/wp\/v2\/comments?post=19129"}],"version-history":[{"count":8,"href":"https:\/\/egerhaziimre.hu\/index.php\/wp-json\/wp\/v2\/pages\/19129\/revisions"}],"predecessor-version":[{"id":19140,"href":"https:\/\/egerhaziimre.hu\/index.php\/wp-json\/wp\/v2\/pages\/19129\/revisions\/19140"}],"wp:featuredmedia":[{"embeddable":true,"href":"https:\/\/egerhaziimre.hu\/index.php\/wp-json\/wp\/v2\/media\/19130"}],"wp:attachment":[{"href":"https:\/\/egerhaziimre.hu\/index.php\/wp-json\/wp\/v2\/media?parent=19129"}],"wp:term":[{"taxonomy":"category","embeddable":true,"href":"https:\/\/egerhaziimre.hu\/index.php\/wp-json\/wp\/v2\/categories?post=19129"},{"taxonomy":"post_tag","embeddable":true,"href":"https:\/\/egerhaziimre.hu\/index.php\/wp-json\/wp\/v2\/tags?post=19129"}],"curies":[{"name":"wp","href":"https:\/\/api.w.org\/{rel}","templated":true}]}}