{"id":3227,"date":"2019-10-24T15:38:43","date_gmt":"2019-10-24T13:38:43","guid":{"rendered":"http:\/\/egerhaziimre.magex.hu\/?page_id=3227"},"modified":"2024-01-02T10:28:49","modified_gmt":"2024-01-02T09:28:49","slug":"gyergyoszarhegyi-templom","status":"publish","type":"page","link":"https:\/\/egerhaziimre.hu\/index.php\/gyergyoszarhegyi-templom\/","title":{"rendered":"Gyergy\u00f3sz\u00e1rhegyi templom"},"content":{"rendered":"<div class=\"wpb-content-wrapper\">[vc_row][vc_column][vc_custom_heading source=&#8221;post_title&#8221; font_container=&#8221;tag:h2|text_align:center&#8221; use_theme_fonts=&#8221;yes&#8221; el_class=&#8221;mb60 mb30-md&#8221;][vc_empty_space][vc_single_image image=&#8221;2766&#8243; img_size=&#8221;large&#8221; alignment=&#8221;center&#8221; style=&#8221;xtd-shadow&#8211;large-normal&#8221; onclick=&#8221;custom_link&#8221; img_link_target=&#8221;_blank&#8221; link=&#8221;https:\/\/egerhaziimre.hu\/wp-content\/uploads\/kepek\/520.jpg&#8221;][vc_empty_space][vc_column_text]\n<p style=\"text-align: center;\">olaj, farost, 60&#215;72 cm<br \/>\n1993<\/p>\n<p><!--more-->[\/vc_column_text][vc_separator][vc_column_text]\n<h6 style=\"text-align: center;\">Gyergy\u00f3sz\u00e1rhegyi templom<\/h6>\n<p>A Gyergy\u00f3sz\u00e1rhegyi templom c. festm\u00e9ny 1993-ban k\u00e9sz\u00fclt. \u00c9gerh\u00e1zi Imre fest\u00e9szet\u00e9ben kisebb kihagy\u00e1sokkal folyamatosan domin\u00e1ltak az erd\u00e9lyi t\u00e9m\u00e1j\u00fa festm\u00e9nyek. A 70-es \u00e9vek elej\u00e9n els\u0151sorban a gyimesi t\u00e1jakat \u00e9s embereket festette, a 90-es \u00e9vekben ink\u00e1bb a gyergy\u00f3i t\u00e1jak domin\u00e1ltak. Ennek egyik oka, hogy m\u0171v\u00e9szi szervez\u0151 tev\u00e9kenys\u00e9ge sor\u00e1n, mint a hat\u00e1ron t\u00fali magyar m\u0171v\u00e9szek egyik f\u0151 magyarorsz\u00e1gi patr\u00f3nusa, a 80-as \u00e9vek m\u00e1sodik fel\u00e9ben felvette a kapcsolatot a Z\u00f6ld Lajos vezette Gyergy\u00f3sz\u00e1rhegyi Alkot\u00f3t\u00e1borral. \u00c9gerh\u00e1zi Imre h\u00edvott meg el\u0151sz\u00f6r erd\u00e9lyi fest\u0151ket a hajd\u00fab\u00f6sz\u00f6rm\u00e9nyi \u00e9s a hortob\u00e1gyi m\u0171v\u00e9sztelepekre. K\u00e9s\u0151bb \u0151 maga is rendszeresen ell\u00e1togatott a gyergy\u00f3sz\u00e1rhegyi L\u00e1z\u00e1r kast\u00e9lyba, ahol a Gyergy\u00f3sz\u00e1rhegyi Alkot\u00f3t\u00e1bor m\u0171k\u00f6d\u00f6tt \u00e9s m\u0171k\u00f6dik a mai napig is.<\/p>\n<p>A 90-es \u00e9vek elej\u00e9t\u0151l kezd\u0151d\u0151en rengeteg gyergy\u00f3sz\u00e1rhegyi t\u00e9m\u00e1j\u00fa festm\u00e9ny sz\u00fcletett, az \u00e9letm\u0171 kiemelked\u0151 r\u00e9sz\u00e9t k\u00e9pezve. Ebben az id\u0151szakban a vastag, fekete kont\u00farok m\u00e1r teljesen elt\u0171ntek az \u00c9gerh\u00e1zi k\u00e9pekr\u0151l, a sz\u00ednvil\u00e1g is vil\u00e1gosabb \u00e9s vid\u00e1mabb lett. Feh\u00e9r falak, tov\u00e1bb\u00e1 s\u00e1rg\u00e1s, barn\u00e1s, v\u00f6r\u00f6ses sz\u00ednek jellemzik a festm\u00e9nyt.<\/p>\n<p>A gyergy\u00f3sz\u00e1rhegyi m\u0171v\u00e9sztelepr\u0151l \u00e9s \u00c9gerh\u00e1zi Imre r\u00e9szv\u00e9tel\u00e9r\u0151l az al\u00e1bbi linken olvashatunk r\u00e9szletesen: <a href=\"http:\/\/egerhaziimre.hu\/index.php\/eletrajz\/muveszeti-szervezo-tevekenyseg\/gyergyoszarhegy\/\" target=\"_blank\" rel=\"noopener noreferrer\">Gyergy\u00f3sz\u00e1rhegy, Erd\u00e9ly<\/a><\/p>\n<p><a name=\"_GoBack\"><\/a>A festm\u00e9ny \u00c9gerh\u00e1zi Attila tulajdona.[\/vc_column_text][\/vc_column][\/vc_row]\n<\/div>","protected":false},"excerpt":{"rendered":"<p>[vc_row][vc_column][vc_custom_heading source=&#8221;post_title&#8221; font_container=&#8221;tag:h2|text_align:center&#8221; use_theme_fonts=&#8221;yes&#8221; el_class=&#8221;mb60 mb30-md&#8221;][vc_empty_space][vc_single_image image=&#8221;2766&#8243; img_size=&#8221;large&#8221; alignment=&#8221;center&#8221; style=&#8221;xtd-shadow&#8211;large-normal&#8221; onclick=&#8221;custom_link&#8221; img_link_target=&#8221;_blank&#8221; link=&#8221;https:\/\/egerhaziimre.hu\/wp-content\/uploads\/kepek\/520.jpg&#8221;][vc_empty_space][vc_column_text] olaj, farost, 60&#215;72 cm 1993<\/p>\n","protected":false},"author":4,"featured_media":2764,"parent":0,"menu_order":0,"comment_status":"closed","ping_status":"closed","template":"","meta":{"footnotes":""},"categories":[128],"tags":[74,151,152],"class_list":["post-3227","page","type-page","status-publish","has-post-thumbnail","hentry","category-festmenyek","tag-74","tag-kepajanlo","tag-olajfestmeny"],"yoast_head":"<!-- This site is optimized with the Yoast SEO plugin v27.3 - https:\/\/yoast.com\/product\/yoast-seo-wordpress\/ -->\n<title>Gyergy\u00f3sz\u00e1rhegyi templom - \u00c9gerh\u00e1zi Imre<\/title>\n<meta name=\"robots\" content=\"index, follow, max-snippet:-1, max-image-preview:large, max-video-preview:-1\" \/>\n<link rel=\"canonical\" href=\"https:\/\/egerhaziimre.hu\/index.php\/gyergyoszarhegyi-templom\/\" \/>\n<meta property=\"og:locale\" content=\"hu_HU\" \/>\n<meta property=\"og:type\" content=\"article\" \/>\n<meta property=\"og:title\" content=\"\u00c9gerh\u00e1zi Imre\" \/>\n<meta property=\"og:description\" content=\"[vc_row][vc_column][vc_custom_heading source=&#8221;post_title&#8221; font_container=&#8221;tag:h2|text_align:center&#8221; use_theme_fonts=&#8221;yes&#8221; el_class=&#8221;mb60 mb30-md&#8221;][vc_empty_space][vc_single_image image=&#8221;2766&#8243; img_size=&#8221;large&#8221; alignment=&#8221;center&#8221; style=&#8221;xtd-shadow&#8211;large-normal&#8221; onclick=&#8221;custom_link&#8221; img_link_target=&#8221;_blank&#8221; link=&#8221;https:\/\/egerhaziimre.hu\/wp-content\/uploads\/kepek\/520.jpg&#8221;][vc_empty_space][vc_column_text] olaj, farost, 60&#215;72 cm 1993\" \/>\n<meta property=\"og:url\" content=\"https:\/\/egerhaziimre.hu\/index.php\/gyergyoszarhegyi-templom\/\" \/>\n<meta property=\"og:site_name\" content=\"\u00c9gerh\u00e1zi Imre\" \/>\n<meta property=\"article:modified_time\" content=\"2024-01-02T09:28:49+00:00\" \/>\n<meta property=\"og:image\" content=\"https:\/\/egerhaziimre.hu\/wp-content\/uploads\/kepek\/520.jpg\" \/>\n\t<meta property=\"og:image:width\" content=\"2000\" \/>\n\t<meta property=\"og:image:height\" content=\"1667\" \/>\n\t<meta property=\"og:image:type\" content=\"image\/jpeg\" \/>\n<meta name=\"twitter:card\" content=\"summary_large_image\" \/>\n<meta name=\"twitter:title\" content=\"\u00c9gerh\u00e1zi Imre\" \/>\n<meta name=\"twitter:image\" content=\"https:\/\/egerhaziimre.hu\/wp-content\/uploads\/kepek\/520.jpg\" \/>\n<meta name=\"twitter:label1\" content=\"Becs\u00fclt olvas\u00e1si id\u0151\" \/>\n\t<meta name=\"twitter:data1\" content=\"2 perc\" \/>\n<script type=\"application\/ld+json\" class=\"yoast-schema-graph\">{\"@context\":\"https:\\\/\\\/schema.org\",\"@graph\":[{\"@type\":\"WebPage\",\"@id\":\"https:\\\/\\\/egerhaziimre.hu\\\/index.php\\\/gyergyoszarhegyi-templom\\\/\",\"url\":\"https:\\\/\\\/egerhaziimre.hu\\\/index.php\\\/gyergyoszarhegyi-templom\\\/\",\"name\":\"Gyergy\u00f3sz\u00e1rhegyi templom - \u00c9gerh\u00e1zi Imre\",\"isPartOf\":{\"@id\":\"https:\\\/\\\/egerhaziimre.hu\\\/#website\"},\"primaryImageOfPage\":{\"@id\":\"https:\\\/\\\/egerhaziimre.hu\\\/index.php\\\/gyergyoszarhegyi-templom\\\/#primaryimage\"},\"image\":{\"@id\":\"https:\\\/\\\/egerhaziimre.hu\\\/index.php\\\/gyergyoszarhegyi-templom\\\/#primaryimage\"},\"thumbnailUrl\":\"https:\\\/\\\/egerhaziimre.hu\\\/wp-content\\\/uploads\\\/kepek\\\/520_2.jpg\",\"datePublished\":\"2019-10-24T13:38:43+00:00\",\"dateModified\":\"2024-01-02T09:28:49+00:00\",\"breadcrumb\":{\"@id\":\"https:\\\/\\\/egerhaziimre.hu\\\/index.php\\\/gyergyoszarhegyi-templom\\\/#breadcrumb\"},\"inLanguage\":\"hu\",\"potentialAction\":[{\"@type\":\"ReadAction\",\"target\":[\"https:\\\/\\\/egerhaziimre.hu\\\/index.php\\\/gyergyoszarhegyi-templom\\\/\"]}]},{\"@type\":\"ImageObject\",\"inLanguage\":\"hu\",\"@id\":\"https:\\\/\\\/egerhaziimre.hu\\\/index.php\\\/gyergyoszarhegyi-templom\\\/#primaryimage\",\"url\":\"https:\\\/\\\/egerhaziimre.hu\\\/wp-content\\\/uploads\\\/kepek\\\/520_2.jpg\",\"contentUrl\":\"https:\\\/\\\/egerhaziimre.hu\\\/wp-content\\\/uploads\\\/kepek\\\/520_2.jpg\",\"width\":700,\"height\":583,\"caption\":\"kepek - 520_2.jpg\"},{\"@type\":\"BreadcrumbList\",\"@id\":\"https:\\\/\\\/egerhaziimre.hu\\\/index.php\\\/gyergyoszarhegyi-templom\\\/#breadcrumb\",\"itemListElement\":[{\"@type\":\"ListItem\",\"position\":1,\"name\":\"Home\",\"item\":\"https:\\\/\\\/egerhaziimre.hu\\\/\"},{\"@type\":\"ListItem\",\"position\":2,\"name\":\"Gyergy\u00f3sz\u00e1rhegyi templom\"}]},{\"@type\":\"WebSite\",\"@id\":\"https:\\\/\\\/egerhaziimre.hu\\\/#website\",\"url\":\"https:\\\/\\\/egerhaziimre.hu\\\/\",\"name\":\"\u00c9gerh\u00e1zi Imre\",\"description\":\"\",\"potentialAction\":[{\"@type\":\"SearchAction\",\"target\":{\"@type\":\"EntryPoint\",\"urlTemplate\":\"https:\\\/\\\/egerhaziimre.hu\\\/?s={search_term_string}\"},\"query-input\":{\"@type\":\"PropertyValueSpecification\",\"valueRequired\":true,\"valueName\":\"search_term_string\"}}],\"inLanguage\":\"hu\"}]}<\/script>\n<!-- \/ Yoast SEO plugin. -->","yoast_head_json":{"title":"Gyergy\u00f3sz\u00e1rhegyi templom - \u00c9gerh\u00e1zi Imre","robots":{"index":"index","follow":"follow","max-snippet":"max-snippet:-1","max-image-preview":"max-image-preview:large","max-video-preview":"max-video-preview:-1"},"canonical":"https:\/\/egerhaziimre.hu\/index.php\/gyergyoszarhegyi-templom\/","og_locale":"hu_HU","og_type":"article","og_title":"\u00c9gerh\u00e1zi Imre","og_description":"[vc_row][vc_column][vc_custom_heading source=&#8221;post_title&#8221; font_container=&#8221;tag:h2|text_align:center&#8221; use_theme_fonts=&#8221;yes&#8221; el_class=&#8221;mb60 mb30-md&#8221;][vc_empty_space][vc_single_image image=&#8221;2766&#8243; img_size=&#8221;large&#8221; alignment=&#8221;center&#8221; style=&#8221;xtd-shadow&#8211;large-normal&#8221; onclick=&#8221;custom_link&#8221; img_link_target=&#8221;_blank&#8221; link=&#8221;https:\/\/egerhaziimre.hu\/wp-content\/uploads\/kepek\/520.jpg&#8221;][vc_empty_space][vc_column_text] olaj, farost, 60&#215;72 cm 1993","og_url":"https:\/\/egerhaziimre.hu\/index.php\/gyergyoszarhegyi-templom\/","og_site_name":"\u00c9gerh\u00e1zi Imre","article_modified_time":"2024-01-02T09:28:49+00:00","og_image":[{"width":2000,"height":1667,"url":"https:\/\/egerhaziimre.hu\/wp-content\/uploads\/kepek\/520.jpg","type":"image\/jpeg"}],"twitter_card":"summary_large_image","twitter_title":"\u00c9gerh\u00e1zi Imre","twitter_image":"https:\/\/egerhaziimre.hu\/wp-content\/uploads\/kepek\/520.jpg","twitter_misc":{"Becs\u00fclt olvas\u00e1si id\u0151":"2 perc"},"schema":{"@context":"https:\/\/schema.org","@graph":[{"@type":"WebPage","@id":"https:\/\/egerhaziimre.hu\/index.php\/gyergyoszarhegyi-templom\/","url":"https:\/\/egerhaziimre.hu\/index.php\/gyergyoszarhegyi-templom\/","name":"Gyergy\u00f3sz\u00e1rhegyi templom - \u00c9gerh\u00e1zi Imre","isPartOf":{"@id":"https:\/\/egerhaziimre.hu\/#website"},"primaryImageOfPage":{"@id":"https:\/\/egerhaziimre.hu\/index.php\/gyergyoszarhegyi-templom\/#primaryimage"},"image":{"@id":"https:\/\/egerhaziimre.hu\/index.php\/gyergyoszarhegyi-templom\/#primaryimage"},"thumbnailUrl":"https:\/\/egerhaziimre.hu\/wp-content\/uploads\/kepek\/520_2.jpg","datePublished":"2019-10-24T13:38:43+00:00","dateModified":"2024-01-02T09:28:49+00:00","breadcrumb":{"@id":"https:\/\/egerhaziimre.hu\/index.php\/gyergyoszarhegyi-templom\/#breadcrumb"},"inLanguage":"hu","potentialAction":[{"@type":"ReadAction","target":["https:\/\/egerhaziimre.hu\/index.php\/gyergyoszarhegyi-templom\/"]}]},{"@type":"ImageObject","inLanguage":"hu","@id":"https:\/\/egerhaziimre.hu\/index.php\/gyergyoszarhegyi-templom\/#primaryimage","url":"https:\/\/egerhaziimre.hu\/wp-content\/uploads\/kepek\/520_2.jpg","contentUrl":"https:\/\/egerhaziimre.hu\/wp-content\/uploads\/kepek\/520_2.jpg","width":700,"height":583,"caption":"kepek - 520_2.jpg"},{"@type":"BreadcrumbList","@id":"https:\/\/egerhaziimre.hu\/index.php\/gyergyoszarhegyi-templom\/#breadcrumb","itemListElement":[{"@type":"ListItem","position":1,"name":"Home","item":"https:\/\/egerhaziimre.hu\/"},{"@type":"ListItem","position":2,"name":"Gyergy\u00f3sz\u00e1rhegyi templom"}]},{"@type":"WebSite","@id":"https:\/\/egerhaziimre.hu\/#website","url":"https:\/\/egerhaziimre.hu\/","name":"\u00c9gerh\u00e1zi Imre","description":"","potentialAction":[{"@type":"SearchAction","target":{"@type":"EntryPoint","urlTemplate":"https:\/\/egerhaziimre.hu\/?s={search_term_string}"},"query-input":{"@type":"PropertyValueSpecification","valueRequired":true,"valueName":"search_term_string"}}],"inLanguage":"hu"}]}},"jetpack_sharing_enabled":true,"_links":{"self":[{"href":"https:\/\/egerhaziimre.hu\/index.php\/wp-json\/wp\/v2\/pages\/3227","targetHints":{"allow":["GET"]}}],"collection":[{"href":"https:\/\/egerhaziimre.hu\/index.php\/wp-json\/wp\/v2\/pages"}],"about":[{"href":"https:\/\/egerhaziimre.hu\/index.php\/wp-json\/wp\/v2\/types\/page"}],"author":[{"embeddable":true,"href":"https:\/\/egerhaziimre.hu\/index.php\/wp-json\/wp\/v2\/users\/4"}],"replies":[{"embeddable":true,"href":"https:\/\/egerhaziimre.hu\/index.php\/wp-json\/wp\/v2\/comments?post=3227"}],"version-history":[{"count":41,"href":"https:\/\/egerhaziimre.hu\/index.php\/wp-json\/wp\/v2\/pages\/3227\/revisions"}],"predecessor-version":[{"id":16839,"href":"https:\/\/egerhaziimre.hu\/index.php\/wp-json\/wp\/v2\/pages\/3227\/revisions\/16839"}],"wp:featuredmedia":[{"embeddable":true,"href":"https:\/\/egerhaziimre.hu\/index.php\/wp-json\/wp\/v2\/media\/2764"}],"wp:attachment":[{"href":"https:\/\/egerhaziimre.hu\/index.php\/wp-json\/wp\/v2\/media?parent=3227"}],"wp:term":[{"taxonomy":"category","embeddable":true,"href":"https:\/\/egerhaziimre.hu\/index.php\/wp-json\/wp\/v2\/categories?post=3227"},{"taxonomy":"post_tag","embeddable":true,"href":"https:\/\/egerhaziimre.hu\/index.php\/wp-json\/wp\/v2\/tags?post=3227"}],"curies":[{"name":"wp","href":"https:\/\/api.w.org\/{rel}","templated":true}]}}