{"id":3366,"date":"2020-06-11T10:19:08","date_gmt":"2020-06-11T08:19:08","guid":{"rendered":"http:\/\/egerhaziimre.magex.hu\/?page_id=3366"},"modified":"2024-01-02T14:16:09","modified_gmt":"2024-01-02T13:16:09","slug":"krudy-vilaga-1","status":"publish","type":"page","link":"https:\/\/egerhaziimre.hu\/index.php\/eletmu\/krudy-vilaga-1\/","title":{"rendered":"Kr\u00fady vil\u00e1ga I."},"content":{"rendered":"<div class=\"wpb-content-wrapper\">[vc_row][vc_column][vc_custom_heading source=&#8221;post_title&#8221; font_container=&#8221;tag:h2|text_align:center&#8221; use_theme_fonts=&#8221;yes&#8221; el_class=&#8221;mb60 mb30-md&#8221;][vc_empty_space][vc_single_image image=&#8221;3867&#8243; img_size=&#8221;large&#8221; alignment=&#8221;center&#8221; style=&#8221;xtd-shadow&#8211;large-normal&#8221; onclick=&#8221;custom_link&#8221; img_link_target=&#8221;_blank&#8221; link=&#8221;https:\/\/egerhaziimre.hu\/wp-content\/uploads\/kepek\/111.jpg&#8221;][vc_empty_space][vc_column_text]\n<p style=\"text-align: center;\">olaj, farost, 70&#215;80 cm<br \/>\n1978<\/p>\n<p><!--more-->[\/vc_column_text][vc_separator][vc_column_text]\n<h6 style=\"text-align: center;\">Kr\u00fady vil\u00e1ga 1.<\/h6>\n<p>A Kr\u00fady vil\u00e1ga 1. c\u00edm\u0171 festm\u00e9ny 1978-ban k\u00e9sz\u00fclt. \u00c9gerh\u00e1zi Imre sz\u00edvesen vett r\u00e9szt tematikus p\u00e1ly\u00e1zatokon, \u00edgy 1978-ban a Kr\u00fadyval kapcsolatos nemes alkot\u00f3i verseng\u00e9sben. A p\u00e1ly\u00e1zatra k\u00e9t alkot\u00e1s is k\u00e9sz\u00fclt, a m\u00e1sik egy Kr\u00fady reg\u00e9nyhez kapcsol\u00f3dik, a V\u00f6r\u00f6s postakocsihoz.<br \/>\nA festm\u00e9nyre jellemz\u0151 a \u201970-es \u00e9vek v\u00e9g\u00e9nek barn\u00e1s \u00e9s okker t\u00f3nusai, valamint a \u201960-as \u00e9vek v\u00e9g\u00e9t\u0151l haszn\u00e1lt er\u0151teljes fekete kont\u00faroz\u00e1s, amely itt m\u00e1r l\u00e9giesedik \u00e9s a \u201980-as \u00e9vekben k\u00e9s\u0151bb teljesen el is t\u0171nik az \u00c9gerh\u00e1zi festm\u00e9nyekr\u0151l. Az alkot\u00f3 Kr\u00fady reg\u00e9nyeinek jellemz\u0151 figur\u00e1it \u00e9s az \u00edr\u00e1sokban megjelen\u00edtett budai k\u00f6rnyezet elemeit \u00f6tv\u00f6zi egyedi st\u00edlus\u00e1ban.<br \/>\nA Kr\u00fady vil\u00e1ga 1. olajfestm\u00e9ny a \u201970-es \u00e9vek m\u00e1sodik fel\u00e9nek kiemelked\u0151 \u00c9gerh\u00e1zi Imre alkot\u00e1sa, t\u00e9m\u00e1j\u00e1t, szerkeszt\u00e9s\u00e9t \u00e9s min\u0151s\u00e9g\u00e9t tekintve is. Nem v\u00e9letlen, hogy a m\u0171v\u00e9sz bev\u00e1lasztotta abba a 100 festm\u00e9nybe, amelyet sz\u00fcl\u0151v\u00e1ros\u00e1nak, Hajd\u00fahadh\u00e1znak adom\u00e1nyozott azzal a c\u00e9llal, hogy \u00e9letm\u0171v\u00e9t teljes, \u00e1tfog\u00f3 keresztmetszetben tudj\u00e1k k\u00e9s\u0151bb bemutatni.<br \/>\nSajnos a m\u00e1sik Kr\u00fady k\u00e9p, a V\u00f6r\u00f6s postakocsi megsemmis\u00fclt. Eredetileg a debreceni Kr\u00fady \u00e9tterem bej\u00e1rat\u00e1n\u00e1l volt ki\u00e1ll\u00edtva. \u00c9gerh\u00e1zi Imre nagyon sok megb\u00edz\u00e1st kapott debreceni \u00e9ttermek \u00e9s vend\u00e9gl\u00e1t\u00f3helyek dekor\u00e1l\u00e1s\u00e1ra. N\u00e9h\u00e1ny jelent\u0151sebb ezek k\u00f6z\u00fcl: Hotel Aranybika, C\u00edvis Hotel, Hotel D\u00e9lib\u00e1b (Hajd\u00faszoboszl\u00f3), Sumen \u00e9tterem, Klaipeda \u00e9tterem, Ibolya pressz\u00f3, Borsodi s\u00f6r\u00f6z\u0151, stb.<br \/>\nSzerencs\u00e9re az ezekben ki\u00e1ll\u00edtott alkot\u00e1sok meg\u0151rz\u0151dtek az ut\u00f3kor sz\u00e1m\u00e1ra bez\u00e1r\u00e1suk ut\u00e1n is. Sajnos a Kr\u00fady \u00e9tterem \u00e1talak\u00edt\u00e1sakor az \u00faj tulajdonos nem tartotta fontosnak a festm\u00e9ny megment\u00e9s\u00e9t.<\/p>\n<p>A festm\u00e9ny jelenleg Hajd\u00fahadh\u00e1z v\u00e1ros tulajdona \u00e9s az \u00c9gerh\u00e1zi Imre Eml\u00e9kh\u00e1z gy\u0171jtem\u00e9ny\u00e9ben tal\u00e1lhat\u00f3.[\/vc_column_text][\/vc_column][\/vc_row]\n<\/div>","protected":false},"excerpt":{"rendered":"<p>[vc_row][vc_column][vc_custom_heading source=&#8221;post_title&#8221; font_container=&#8221;tag:h2|text_align:center&#8221; use_theme_fonts=&#8221;yes&#8221; el_class=&#8221;mb60 mb30-md&#8221;][vc_empty_space][vc_single_image image=&#8221;3867&#8243; img_size=&#8221;large&#8221; alignment=&#8221;center&#8221; style=&#8221;xtd-shadow&#8211;large-normal&#8221; onclick=&#8221;custom_link&#8221; img_link_target=&#8221;_blank&#8221; link=&#8221;https:\/\/egerhaziimre.hu\/wp-content\/uploads\/kepek\/111.jpg&#8221;][vc_empty_space][vc_column_text] olaj, farost, 70&#215;80 cm 1978<\/p>\n","protected":false},"author":4,"featured_media":3367,"parent":3496,"menu_order":0,"comment_status":"closed","ping_status":"closed","template":"","meta":{"footnotes":""},"categories":[128],"tags":[58,151,152],"class_list":["post-3366","page","type-page","status-publish","has-post-thumbnail","hentry","category-festmenyek","tag-58","tag-kepajanlo","tag-olajfestmeny"],"yoast_head":"<!-- This site is optimized with the Yoast SEO plugin v27.3 - https:\/\/yoast.com\/product\/yoast-seo-wordpress\/ -->\n<title>Kr\u00fady vil\u00e1ga I. - \u00c9gerh\u00e1zi Imre<\/title>\n<meta name=\"robots\" content=\"index, follow, max-snippet:-1, max-image-preview:large, max-video-preview:-1\" \/>\n<link rel=\"canonical\" href=\"https:\/\/egerhaziimre.hu\/index.php\/eletmu\/krudy-vilaga-1\/\" \/>\n<meta property=\"og:locale\" content=\"hu_HU\" \/>\n<meta property=\"og:type\" content=\"article\" \/>\n<meta property=\"og:title\" content=\"\u00c9gerh\u00e1zi Imre\" \/>\n<meta property=\"og:description\" content=\"[vc_row][vc_column][vc_custom_heading source=&#8221;post_title&#8221; font_container=&#8221;tag:h2|text_align:center&#8221; use_theme_fonts=&#8221;yes&#8221; el_class=&#8221;mb60 mb30-md&#8221;][vc_empty_space][vc_single_image image=&#8221;3867&#8243; img_size=&#8221;large&#8221; alignment=&#8221;center&#8221; style=&#8221;xtd-shadow&#8211;large-normal&#8221; onclick=&#8221;custom_link&#8221; img_link_target=&#8221;_blank&#8221; link=&#8221;https:\/\/egerhaziimre.hu\/wp-content\/uploads\/kepek\/111.jpg&#8221;][vc_empty_space][vc_column_text] olaj, farost, 70&#215;80 cm 1978\" \/>\n<meta property=\"og:url\" content=\"https:\/\/egerhaziimre.hu\/index.php\/eletmu\/krudy-vilaga-1\/\" \/>\n<meta property=\"og:site_name\" content=\"\u00c9gerh\u00e1zi Imre\" \/>\n<meta property=\"article:modified_time\" content=\"2024-01-02T13:16:09+00:00\" \/>\n<meta property=\"og:image\" content=\"https:\/\/egerhaziimre.hu\/wp-content\/uploads\/2020\/06\/0020_krudy70x80_RGB.jpg\" \/>\n\t<meta property=\"og:image:width\" content=\"2000\" \/>\n\t<meta property=\"og:image:height\" content=\"1750\" \/>\n\t<meta property=\"og:image:type\" content=\"image\/jpeg\" \/>\n<meta name=\"twitter:card\" content=\"summary_large_image\" \/>\n<meta name=\"twitter:title\" content=\"\u00c9gerh\u00e1zi Imre\" \/>\n<meta name=\"twitter:image\" content=\"https:\/\/egerhaziimre.hu\/wp-content\/uploads\/2020\/06\/0020_krudy70x80_RGB.jpg\" \/>\n<meta name=\"twitter:label1\" content=\"Becs\u00fclt olvas\u00e1si id\u0151\" \/>\n\t<meta name=\"twitter:data1\" content=\"2 perc\" \/>\n<script type=\"application\/ld+json\" class=\"yoast-schema-graph\">{\"@context\":\"https:\\\/\\\/schema.org\",\"@graph\":[{\"@type\":\"WebPage\",\"@id\":\"https:\\\/\\\/egerhaziimre.hu\\\/index.php\\\/eletmu\\\/krudy-vilaga-1\\\/\",\"url\":\"https:\\\/\\\/egerhaziimre.hu\\\/index.php\\\/eletmu\\\/krudy-vilaga-1\\\/\",\"name\":\"Kr\u00fady vil\u00e1ga I. - \u00c9gerh\u00e1zi Imre\",\"isPartOf\":{\"@id\":\"https:\\\/\\\/egerhaziimre.hu\\\/#website\"},\"primaryImageOfPage\":{\"@id\":\"https:\\\/\\\/egerhaziimre.hu\\\/index.php\\\/eletmu\\\/krudy-vilaga-1\\\/#primaryimage\"},\"image\":{\"@id\":\"https:\\\/\\\/egerhaziimre.hu\\\/index.php\\\/eletmu\\\/krudy-vilaga-1\\\/#primaryimage\"},\"thumbnailUrl\":\"https:\\\/\\\/egerhaziimre.hu\\\/wp-content\\\/uploads\\\/2020\\\/06\\\/0020_krudy70x80_RGB.jpg\",\"datePublished\":\"2020-06-11T08:19:08+00:00\",\"dateModified\":\"2024-01-02T13:16:09+00:00\",\"breadcrumb\":{\"@id\":\"https:\\\/\\\/egerhaziimre.hu\\\/index.php\\\/eletmu\\\/krudy-vilaga-1\\\/#breadcrumb\"},\"inLanguage\":\"hu\",\"potentialAction\":[{\"@type\":\"ReadAction\",\"target\":[\"https:\\\/\\\/egerhaziimre.hu\\\/index.php\\\/eletmu\\\/krudy-vilaga-1\\\/\"]}]},{\"@type\":\"ImageObject\",\"inLanguage\":\"hu\",\"@id\":\"https:\\\/\\\/egerhaziimre.hu\\\/index.php\\\/eletmu\\\/krudy-vilaga-1\\\/#primaryimage\",\"url\":\"https:\\\/\\\/egerhaziimre.hu\\\/wp-content\\\/uploads\\\/2020\\\/06\\\/0020_krudy70x80_RGB.jpg\",\"contentUrl\":\"https:\\\/\\\/egerhaziimre.hu\\\/wp-content\\\/uploads\\\/2020\\\/06\\\/0020_krudy70x80_RGB.jpg\",\"width\":2000,\"height\":1750,\"caption\":\"olaj, farost 70x80 1978\"},{\"@type\":\"BreadcrumbList\",\"@id\":\"https:\\\/\\\/egerhaziimre.hu\\\/index.php\\\/eletmu\\\/krudy-vilaga-1\\\/#breadcrumb\",\"itemListElement\":[{\"@type\":\"ListItem\",\"position\":1,\"name\":\"Home\",\"item\":\"https:\\\/\\\/egerhaziimre.hu\\\/\"},{\"@type\":\"ListItem\",\"position\":2,\"name\":\"Life work\",\"item\":\"https:\\\/\\\/egerhaziimre.hu\\\/index.php\\\/eletmu\\\/?lang=en\"},{\"@type\":\"ListItem\",\"position\":3,\"name\":\"Kr\u00fady vil\u00e1ga I.\"}]},{\"@type\":\"WebSite\",\"@id\":\"https:\\\/\\\/egerhaziimre.hu\\\/#website\",\"url\":\"https:\\\/\\\/egerhaziimre.hu\\\/\",\"name\":\"\u00c9gerh\u00e1zi Imre\",\"description\":\"\",\"potentialAction\":[{\"@type\":\"SearchAction\",\"target\":{\"@type\":\"EntryPoint\",\"urlTemplate\":\"https:\\\/\\\/egerhaziimre.hu\\\/?s={search_term_string}\"},\"query-input\":{\"@type\":\"PropertyValueSpecification\",\"valueRequired\":true,\"valueName\":\"search_term_string\"}}],\"inLanguage\":\"hu\"}]}<\/script>\n<!-- \/ Yoast SEO plugin. -->","yoast_head_json":{"title":"Kr\u00fady vil\u00e1ga I. - \u00c9gerh\u00e1zi Imre","robots":{"index":"index","follow":"follow","max-snippet":"max-snippet:-1","max-image-preview":"max-image-preview:large","max-video-preview":"max-video-preview:-1"},"canonical":"https:\/\/egerhaziimre.hu\/index.php\/eletmu\/krudy-vilaga-1\/","og_locale":"hu_HU","og_type":"article","og_title":"\u00c9gerh\u00e1zi Imre","og_description":"[vc_row][vc_column][vc_custom_heading source=&#8221;post_title&#8221; font_container=&#8221;tag:h2|text_align:center&#8221; use_theme_fonts=&#8221;yes&#8221; el_class=&#8221;mb60 mb30-md&#8221;][vc_empty_space][vc_single_image image=&#8221;3867&#8243; img_size=&#8221;large&#8221; alignment=&#8221;center&#8221; style=&#8221;xtd-shadow&#8211;large-normal&#8221; onclick=&#8221;custom_link&#8221; img_link_target=&#8221;_blank&#8221; link=&#8221;https:\/\/egerhaziimre.hu\/wp-content\/uploads\/kepek\/111.jpg&#8221;][vc_empty_space][vc_column_text] olaj, farost, 70&#215;80 cm 1978","og_url":"https:\/\/egerhaziimre.hu\/index.php\/eletmu\/krudy-vilaga-1\/","og_site_name":"\u00c9gerh\u00e1zi Imre","article_modified_time":"2024-01-02T13:16:09+00:00","og_image":[{"width":2000,"height":1750,"url":"https:\/\/egerhaziimre.hu\/wp-content\/uploads\/2020\/06\/0020_krudy70x80_RGB.jpg","type":"image\/jpeg"}],"twitter_card":"summary_large_image","twitter_title":"\u00c9gerh\u00e1zi Imre","twitter_image":"https:\/\/egerhaziimre.hu\/wp-content\/uploads\/2020\/06\/0020_krudy70x80_RGB.jpg","twitter_misc":{"Becs\u00fclt olvas\u00e1si id\u0151":"2 perc"},"schema":{"@context":"https:\/\/schema.org","@graph":[{"@type":"WebPage","@id":"https:\/\/egerhaziimre.hu\/index.php\/eletmu\/krudy-vilaga-1\/","url":"https:\/\/egerhaziimre.hu\/index.php\/eletmu\/krudy-vilaga-1\/","name":"Kr\u00fady vil\u00e1ga I. - \u00c9gerh\u00e1zi Imre","isPartOf":{"@id":"https:\/\/egerhaziimre.hu\/#website"},"primaryImageOfPage":{"@id":"https:\/\/egerhaziimre.hu\/index.php\/eletmu\/krudy-vilaga-1\/#primaryimage"},"image":{"@id":"https:\/\/egerhaziimre.hu\/index.php\/eletmu\/krudy-vilaga-1\/#primaryimage"},"thumbnailUrl":"https:\/\/egerhaziimre.hu\/wp-content\/uploads\/2020\/06\/0020_krudy70x80_RGB.jpg","datePublished":"2020-06-11T08:19:08+00:00","dateModified":"2024-01-02T13:16:09+00:00","breadcrumb":{"@id":"https:\/\/egerhaziimre.hu\/index.php\/eletmu\/krudy-vilaga-1\/#breadcrumb"},"inLanguage":"hu","potentialAction":[{"@type":"ReadAction","target":["https:\/\/egerhaziimre.hu\/index.php\/eletmu\/krudy-vilaga-1\/"]}]},{"@type":"ImageObject","inLanguage":"hu","@id":"https:\/\/egerhaziimre.hu\/index.php\/eletmu\/krudy-vilaga-1\/#primaryimage","url":"https:\/\/egerhaziimre.hu\/wp-content\/uploads\/2020\/06\/0020_krudy70x80_RGB.jpg","contentUrl":"https:\/\/egerhaziimre.hu\/wp-content\/uploads\/2020\/06\/0020_krudy70x80_RGB.jpg","width":2000,"height":1750,"caption":"olaj, farost 70x80 1978"},{"@type":"BreadcrumbList","@id":"https:\/\/egerhaziimre.hu\/index.php\/eletmu\/krudy-vilaga-1\/#breadcrumb","itemListElement":[{"@type":"ListItem","position":1,"name":"Home","item":"https:\/\/egerhaziimre.hu\/"},{"@type":"ListItem","position":2,"name":"Life work","item":"https:\/\/egerhaziimre.hu\/index.php\/eletmu\/?lang=en"},{"@type":"ListItem","position":3,"name":"Kr\u00fady vil\u00e1ga I."}]},{"@type":"WebSite","@id":"https:\/\/egerhaziimre.hu\/#website","url":"https:\/\/egerhaziimre.hu\/","name":"\u00c9gerh\u00e1zi Imre","description":"","potentialAction":[{"@type":"SearchAction","target":{"@type":"EntryPoint","urlTemplate":"https:\/\/egerhaziimre.hu\/?s={search_term_string}"},"query-input":{"@type":"PropertyValueSpecification","valueRequired":true,"valueName":"search_term_string"}}],"inLanguage":"hu"}]}},"jetpack_sharing_enabled":true,"_links":{"self":[{"href":"https:\/\/egerhaziimre.hu\/index.php\/wp-json\/wp\/v2\/pages\/3366","targetHints":{"allow":["GET"]}}],"collection":[{"href":"https:\/\/egerhaziimre.hu\/index.php\/wp-json\/wp\/v2\/pages"}],"about":[{"href":"https:\/\/egerhaziimre.hu\/index.php\/wp-json\/wp\/v2\/types\/page"}],"author":[{"embeddable":true,"href":"https:\/\/egerhaziimre.hu\/index.php\/wp-json\/wp\/v2\/users\/4"}],"replies":[{"embeddable":true,"href":"https:\/\/egerhaziimre.hu\/index.php\/wp-json\/wp\/v2\/comments?post=3366"}],"version-history":[{"count":17,"href":"https:\/\/egerhaziimre.hu\/index.php\/wp-json\/wp\/v2\/pages\/3366\/revisions"}],"predecessor-version":[{"id":16855,"href":"https:\/\/egerhaziimre.hu\/index.php\/wp-json\/wp\/v2\/pages\/3366\/revisions\/16855"}],"up":[{"embeddable":true,"href":"https:\/\/egerhaziimre.hu\/index.php\/wp-json\/wp\/v2\/pages\/3496"}],"wp:featuredmedia":[{"embeddable":true,"href":"https:\/\/egerhaziimre.hu\/index.php\/wp-json\/wp\/v2\/media\/3367"}],"wp:attachment":[{"href":"https:\/\/egerhaziimre.hu\/index.php\/wp-json\/wp\/v2\/media?parent=3366"}],"wp:term":[{"taxonomy":"category","embeddable":true,"href":"https:\/\/egerhaziimre.hu\/index.php\/wp-json\/wp\/v2\/categories?post=3366"},{"taxonomy":"post_tag","embeddable":true,"href":"https:\/\/egerhaziimre.hu\/index.php\/wp-json\/wp\/v2\/tags?post=3366"}],"curies":[{"name":"wp","href":"https:\/\/api.w.org\/{rel}","templated":true}]}}