{"id":36,"date":"2019-07-23T13:25:27","date_gmt":"2019-07-23T13:25:27","guid":{"rendered":"http:\/\/egerhaziimre.magex.hu\/?page_id=36"},"modified":"2020-06-23T09:49:24","modified_gmt":"2020-06-23T07:49:24","slug":"fotoalbum","status":"publish","type":"page","link":"https:\/\/egerhaziimre.hu\/index.php\/fotoalbum\/","title":{"rendered":"Fot\u00f3album"},"content":{"rendered":"<div class=\"wpb-content-wrapper\">[vc_row][vc_column][vc_column_text el_class=&#8221;container&#8221;]\n<p>\u00c9gerh\u00e1zi Imr\u00e9vel kapcsolatban az al\u00e1bbi ablakokban jelzett szempontok szerint kereshet, gy\u0171jthet ki fot\u00f3kat. Minimum egy id\u0151szakra vagy technik\u00e1ra vonatkoz\u00f3 krit\u00e9riumot meg kell jel\u00f6lnie. Ha egy id\u0151szakra vonatkoz\u00f3 \u00f6sszes f\u00e9nyk\u00e9pet szeretn\u00e9 kigy\u0171jteni, a t\u00e9ma rovatot hagyja \u00fcresen. A t\u00e9ma vagy id\u0151szak param\u00e9terek seg\u00edts\u00e9g\u00e9vel tetsz\u0151legesen sz\u0171k\u00edtheti, vari\u00e1lhatja a keres\u00e9st.<\/p>\n[\/vc_column_text][\/vc_column][\/vc_row]\n<\/div>","protected":false},"excerpt":{"rendered":"<p>[vc_row][vc_column][vc_column_text el_class=&#8221;container&#8221;] \u00c9gerh\u00e1zi Imr\u00e9vel kapcsolatban az al\u00e1bbi ablakokban jelzett szempontok szerint kereshet, gy\u0171jthet ki fot\u00f3kat. Minimum egy id\u0151szakra vagy technik\u00e1ra vonatkoz\u00f3 krit\u00e9riumot meg kell jel\u00f6lnie. Ha egy id\u0151szakra vonatkoz\u00f3 \u00f6sszes f\u00e9nyk\u00e9pet szeretn\u00e9 kigy\u0171jteni, a t\u00e9ma rovatot hagyja \u00fcresen. A t\u00e9ma vagy id\u0151szak param\u00e9terek seg\u00edts\u00e9g\u00e9vel tetsz\u0151legesen sz\u0171k\u00edtheti, vari\u00e1lhatja a keres\u00e9st. [\/vc_column_text][\/vc_column][\/vc_row]<\/p>\n","protected":false},"author":4,"featured_media":388,"parent":0,"menu_order":0,"comment_status":"closed","ping_status":"closed","template":"","meta":{"footnotes":""},"categories":[27],"tags":[],"class_list":["post-36","page","type-page","status-publish","has-post-thumbnail","hentry","category-listaoldal"],"yoast_head":"<!-- This site is optimized with the Yoast SEO plugin v27.3 - https:\/\/yoast.com\/product\/yoast-seo-wordpress\/ -->\n<title>Fot\u00f3album - \u00c9gerh\u00e1zi Imre<\/title>\n<meta name=\"robots\" content=\"index, follow, max-snippet:-1, max-image-preview:large, max-video-preview:-1\" \/>\n<link rel=\"canonical\" href=\"https:\/\/egerhaziimre.hu\/index.php\/fotoalbum\/\" \/>\n<meta property=\"og:locale\" content=\"hu_HU\" \/>\n<meta property=\"og:type\" content=\"article\" \/>\n<meta property=\"og:title\" content=\"Fot\u00f3album - \u00c9gerh\u00e1zi Imre\" \/>\n<meta property=\"og:description\" content=\"[vc_row][vc_column][vc_column_text el_class=&#8221;container&#8221;] \u00c9gerh\u00e1zi Imr\u00e9vel kapcsolatban az al\u00e1bbi ablakokban jelzett szempontok szerint kereshet, gy\u0171jthet ki fot\u00f3kat. Minimum egy id\u0151szakra vagy technik\u00e1ra vonatkoz\u00f3 krit\u00e9riumot meg kell jel\u00f6lnie. Ha egy id\u0151szakra vonatkoz\u00f3 \u00f6sszes f\u00e9nyk\u00e9pet szeretn\u00e9 kigy\u0171jteni, a t\u00e9ma rovatot hagyja \u00fcresen. A t\u00e9ma vagy id\u0151szak param\u00e9terek seg\u00edts\u00e9g\u00e9vel tetsz\u0151legesen sz\u0171k\u00edtheti, vari\u00e1lhatja a keres\u00e9st. [\/vc_column_text][\/vc_column][\/vc_row]\" \/>\n<meta property=\"og:url\" content=\"https:\/\/egerhaziimre.hu\/index.php\/fotoalbum\/\" \/>\n<meta property=\"og:site_name\" content=\"\u00c9gerh\u00e1zi Imre\" \/>\n<meta property=\"article:modified_time\" content=\"2020-06-23T07:49:24+00:00\" \/>\n<meta property=\"og:image\" content=\"https:\/\/egerhaziimre.hu\/wp-content\/uploads\/2019\/07\/ei_kiemelt_kep_fotoalbum.jpg\" \/>\n\t<meta property=\"og:image:width\" content=\"1920\" \/>\n\t<meta property=\"og:image:height\" content=\"1080\" \/>\n\t<meta property=\"og:image:type\" content=\"image\/jpeg\" \/>\n<meta name=\"twitter:card\" content=\"summary_large_image\" \/>\n<meta name=\"twitter:label1\" content=\"Becs\u00fclt olvas\u00e1si id\u0151\" \/>\n\t<meta name=\"twitter:data1\" content=\"1 perc\" \/>\n<script type=\"application\/ld+json\" class=\"yoast-schema-graph\">{\"@context\":\"https:\\\/\\\/schema.org\",\"@graph\":[{\"@type\":\"WebPage\",\"@id\":\"https:\\\/\\\/egerhaziimre.hu\\\/index.php\\\/fotoalbum\\\/\",\"url\":\"https:\\\/\\\/egerhaziimre.hu\\\/index.php\\\/fotoalbum\\\/\",\"name\":\"Fot\u00f3album - \u00c9gerh\u00e1zi Imre\",\"isPartOf\":{\"@id\":\"https:\\\/\\\/egerhaziimre.hu\\\/#website\"},\"primaryImageOfPage\":{\"@id\":\"https:\\\/\\\/egerhaziimre.hu\\\/index.php\\\/fotoalbum\\\/#primaryimage\"},\"image\":{\"@id\":\"https:\\\/\\\/egerhaziimre.hu\\\/index.php\\\/fotoalbum\\\/#primaryimage\"},\"thumbnailUrl\":\"https:\\\/\\\/egerhaziimre.hu\\\/wp-content\\\/uploads\\\/2019\\\/07\\\/ei_kiemelt_kep_fotoalbum.jpg\",\"datePublished\":\"2019-07-23T13:25:27+00:00\",\"dateModified\":\"2020-06-23T07:49:24+00:00\",\"breadcrumb\":{\"@id\":\"https:\\\/\\\/egerhaziimre.hu\\\/index.php\\\/fotoalbum\\\/#breadcrumb\"},\"inLanguage\":\"hu\",\"potentialAction\":[{\"@type\":\"ReadAction\",\"target\":[\"https:\\\/\\\/egerhaziimre.hu\\\/index.php\\\/fotoalbum\\\/\"]}]},{\"@type\":\"ImageObject\",\"inLanguage\":\"hu\",\"@id\":\"https:\\\/\\\/egerhaziimre.hu\\\/index.php\\\/fotoalbum\\\/#primaryimage\",\"url\":\"https:\\\/\\\/egerhaziimre.hu\\\/wp-content\\\/uploads\\\/2019\\\/07\\\/ei_kiemelt_kep_fotoalbum.jpg\",\"contentUrl\":\"https:\\\/\\\/egerhaziimre.hu\\\/wp-content\\\/uploads\\\/2019\\\/07\\\/ei_kiemelt_kep_fotoalbum.jpg\",\"width\":1920,\"height\":1080},{\"@type\":\"BreadcrumbList\",\"@id\":\"https:\\\/\\\/egerhaziimre.hu\\\/index.php\\\/fotoalbum\\\/#breadcrumb\",\"itemListElement\":[{\"@type\":\"ListItem\",\"position\":1,\"name\":\"Home\",\"item\":\"https:\\\/\\\/egerhaziimre.hu\\\/\"},{\"@type\":\"ListItem\",\"position\":2,\"name\":\"Fot\u00f3album\"}]},{\"@type\":\"WebSite\",\"@id\":\"https:\\\/\\\/egerhaziimre.hu\\\/#website\",\"url\":\"https:\\\/\\\/egerhaziimre.hu\\\/\",\"name\":\"\u00c9gerh\u00e1zi Imre\",\"description\":\"\",\"potentialAction\":[{\"@type\":\"SearchAction\",\"target\":{\"@type\":\"EntryPoint\",\"urlTemplate\":\"https:\\\/\\\/egerhaziimre.hu\\\/?s={search_term_string}\"},\"query-input\":{\"@type\":\"PropertyValueSpecification\",\"valueRequired\":true,\"valueName\":\"search_term_string\"}}],\"inLanguage\":\"hu\"}]}<\/script>\n<!-- \/ Yoast SEO plugin. -->","yoast_head_json":{"title":"Fot\u00f3album - \u00c9gerh\u00e1zi Imre","robots":{"index":"index","follow":"follow","max-snippet":"max-snippet:-1","max-image-preview":"max-image-preview:large","max-video-preview":"max-video-preview:-1"},"canonical":"https:\/\/egerhaziimre.hu\/index.php\/fotoalbum\/","og_locale":"hu_HU","og_type":"article","og_title":"Fot\u00f3album - \u00c9gerh\u00e1zi Imre","og_description":"[vc_row][vc_column][vc_column_text el_class=&#8221;container&#8221;] \u00c9gerh\u00e1zi Imr\u00e9vel kapcsolatban az al\u00e1bbi ablakokban jelzett szempontok szerint kereshet, gy\u0171jthet ki fot\u00f3kat. Minimum egy id\u0151szakra vagy technik\u00e1ra vonatkoz\u00f3 krit\u00e9riumot meg kell jel\u00f6lnie. Ha egy id\u0151szakra vonatkoz\u00f3 \u00f6sszes f\u00e9nyk\u00e9pet szeretn\u00e9 kigy\u0171jteni, a t\u00e9ma rovatot hagyja \u00fcresen. A t\u00e9ma vagy id\u0151szak param\u00e9terek seg\u00edts\u00e9g\u00e9vel tetsz\u0151legesen sz\u0171k\u00edtheti, vari\u00e1lhatja a keres\u00e9st. [\/vc_column_text][\/vc_column][\/vc_row]","og_url":"https:\/\/egerhaziimre.hu\/index.php\/fotoalbum\/","og_site_name":"\u00c9gerh\u00e1zi Imre","article_modified_time":"2020-06-23T07:49:24+00:00","og_image":[{"width":1920,"height":1080,"url":"https:\/\/egerhaziimre.hu\/wp-content\/uploads\/2019\/07\/ei_kiemelt_kep_fotoalbum.jpg","type":"image\/jpeg"}],"twitter_card":"summary_large_image","twitter_misc":{"Becs\u00fclt olvas\u00e1si id\u0151":"1 perc"},"schema":{"@context":"https:\/\/schema.org","@graph":[{"@type":"WebPage","@id":"https:\/\/egerhaziimre.hu\/index.php\/fotoalbum\/","url":"https:\/\/egerhaziimre.hu\/index.php\/fotoalbum\/","name":"Fot\u00f3album - \u00c9gerh\u00e1zi Imre","isPartOf":{"@id":"https:\/\/egerhaziimre.hu\/#website"},"primaryImageOfPage":{"@id":"https:\/\/egerhaziimre.hu\/index.php\/fotoalbum\/#primaryimage"},"image":{"@id":"https:\/\/egerhaziimre.hu\/index.php\/fotoalbum\/#primaryimage"},"thumbnailUrl":"https:\/\/egerhaziimre.hu\/wp-content\/uploads\/2019\/07\/ei_kiemelt_kep_fotoalbum.jpg","datePublished":"2019-07-23T13:25:27+00:00","dateModified":"2020-06-23T07:49:24+00:00","breadcrumb":{"@id":"https:\/\/egerhaziimre.hu\/index.php\/fotoalbum\/#breadcrumb"},"inLanguage":"hu","potentialAction":[{"@type":"ReadAction","target":["https:\/\/egerhaziimre.hu\/index.php\/fotoalbum\/"]}]},{"@type":"ImageObject","inLanguage":"hu","@id":"https:\/\/egerhaziimre.hu\/index.php\/fotoalbum\/#primaryimage","url":"https:\/\/egerhaziimre.hu\/wp-content\/uploads\/2019\/07\/ei_kiemelt_kep_fotoalbum.jpg","contentUrl":"https:\/\/egerhaziimre.hu\/wp-content\/uploads\/2019\/07\/ei_kiemelt_kep_fotoalbum.jpg","width":1920,"height":1080},{"@type":"BreadcrumbList","@id":"https:\/\/egerhaziimre.hu\/index.php\/fotoalbum\/#breadcrumb","itemListElement":[{"@type":"ListItem","position":1,"name":"Home","item":"https:\/\/egerhaziimre.hu\/"},{"@type":"ListItem","position":2,"name":"Fot\u00f3album"}]},{"@type":"WebSite","@id":"https:\/\/egerhaziimre.hu\/#website","url":"https:\/\/egerhaziimre.hu\/","name":"\u00c9gerh\u00e1zi Imre","description":"","potentialAction":[{"@type":"SearchAction","target":{"@type":"EntryPoint","urlTemplate":"https:\/\/egerhaziimre.hu\/?s={search_term_string}"},"query-input":{"@type":"PropertyValueSpecification","valueRequired":true,"valueName":"search_term_string"}}],"inLanguage":"hu"}]}},"jetpack_sharing_enabled":true,"_links":{"self":[{"href":"https:\/\/egerhaziimre.hu\/index.php\/wp-json\/wp\/v2\/pages\/36","targetHints":{"allow":["GET"]}}],"collection":[{"href":"https:\/\/egerhaziimre.hu\/index.php\/wp-json\/wp\/v2\/pages"}],"about":[{"href":"https:\/\/egerhaziimre.hu\/index.php\/wp-json\/wp\/v2\/types\/page"}],"author":[{"embeddable":true,"href":"https:\/\/egerhaziimre.hu\/index.php\/wp-json\/wp\/v2\/users\/4"}],"replies":[{"embeddable":true,"href":"https:\/\/egerhaziimre.hu\/index.php\/wp-json\/wp\/v2\/comments?post=36"}],"version-history":[{"count":12,"href":"https:\/\/egerhaziimre.hu\/index.php\/wp-json\/wp\/v2\/pages\/36\/revisions"}],"predecessor-version":[{"id":3568,"href":"https:\/\/egerhaziimre.hu\/index.php\/wp-json\/wp\/v2\/pages\/36\/revisions\/3568"}],"wp:featuredmedia":[{"embeddable":true,"href":"https:\/\/egerhaziimre.hu\/index.php\/wp-json\/wp\/v2\/media\/388"}],"wp:attachment":[{"href":"https:\/\/egerhaziimre.hu\/index.php\/wp-json\/wp\/v2\/media?parent=36"}],"wp:term":[{"taxonomy":"category","embeddable":true,"href":"https:\/\/egerhaziimre.hu\/index.php\/wp-json\/wp\/v2\/categories?post=36"},{"taxonomy":"post_tag","embeddable":true,"href":"https:\/\/egerhaziimre.hu\/index.php\/wp-json\/wp\/v2\/tags?post=36"}],"curies":[{"name":"wp","href":"https:\/\/api.w.org\/{rel}","templated":true}]}}