{"id":8167,"date":"1982-09-23T10:32:00","date_gmt":"1982-09-23T08:32:00","guid":{"rendered":"http:\/\/egerhaziimre.magex.hu\/?page_id=8167"},"modified":"2020-10-02T16:32:36","modified_gmt":"2020-10-02T14:32:36","slug":"egerhazi-imre-festomuvesz-kiallitasa-szolnok-aba-novak-terem","status":"publish","type":"page","link":"https:\/\/egerhaziimre.hu\/index.php\/egerhazi-imre-festomuvesz-kiallitasa-szolnok-aba-novak-terem\/","title":{"rendered":"\u00c9gerh\u00e1zi Imre fest\u0151m\u0171v\u00e9sz ki\u00e1ll\u00edt\u00e1sa, Aba-Nov\u00e1k terem, Szolnok, 1982. szeptember 23."},"content":{"rendered":"<div class=\"wpb-content-wrapper\">\n[vc_row][vc_column][vc_tta_tabs style=&#8221;flat&#8221; shape=&#8221;square&#8221; color=&#8221;white&#8221; active_section=&#8221;1&#8243;][vc_tta_section title=&#8221;Megh\u00edv\u00f3&#8221; tab_id=&#8221;1563972373652-e991773e-63f3&#8243;][vc_empty_space][vc_media_grid element_width=&#8221;3&#8243; gap=&#8221;15&#8243; item=&#8221;794&#8243; grid_id=&#8221;vc_gid:1601368239697-934eadcf-5155-0&#8243; include=&#8221;8169,8170,8171,8172,8173,8174&#8243;][\/vc_tta_section][vc_tta_section title=&#8221;Fot\u00f3k&#8221; tab_id=&#8221;1563976083206-75457341-4d66&#8243;][vc_empty_space height=&#8221;16px&#8221;][vc_media_grid element_width=&#8221;3&#8243; gap=&#8221;15&#8243; grid_id=&#8221;vc_gid:1601368239698-5b9b56bb-9865-4&#8243; include=&#8221;8177&#8243;][\/vc_tta_section][vc_tta_section title=&#8221;Plak\u00e1t&#8221; tab_id=&#8221;1596030545057-2e33c51a-d667&#8243;][vc_empty_space height=&#8221;16px&#8221;][vc_media_grid element_width=&#8221;3&#8243; gap=&#8221;15&#8243; item=&#8221;794&#8243; grid_id=&#8221;vc_gid:1601368239700-aab01109-0c7e-4&#8243; include=&#8221;8176&#8243;][\/vc_tta_section][vc_tta_section title=&#8221;Cikkek, dokumentumok&#8221; tab_id=&#8221;1563976098032-09d543f8-ecc7&#8243;][vc_empty_space][vc_row_inner][vc_column_inner width=&#8221;3\/4&#8243;][vc_column_text]\n<h6><b>\u00c9gerh\u00e1zi &#8211; k\u00e9pek Szolnokon<\/b><\/h6>\n<p>(Cikk az 1982. szeptember 26-\u00e1n megjelent Hajd\u00fa-Bihari Napl\u00f3b\u00f3l)<\/p>\n<p>Hajd\u00fa-bihari k\u00e9pz\u0151m\u0171v\u00e9sz ki\u00e1ll\u00edt\u00e1sa l\u00e1that\u00f3 megyeszomsz\u00e9dunk sz\u00e9khely\u00e9n. \u00c9gerh\u00e1zi Imre fest\u0151m\u0171v\u00e9sz ki\u00e1ll\u00edt\u00e1s\u00e1nak \u00fcnnep\u00e9lyes megnyit\u00f3ja szeptember 23-\u00e1n, cs\u00fct\u00f6rt\u00f6k\u00f6n volt a K\u00e9pcsarnok szolnoki Aba-Nov\u00e1k term\u00e9ben. Az okt\u00f3ber 9-ig tart\u00f3 t\u00e1rlatot Patakv\u00f6lgyi Rudolf, Hajd\u00fab\u00f6sz\u00f6rm\u00e9ny tan\u00e1cs\u00e1nak eln\u00f6ke nyitotta meg, \u00fagyis mint a b\u00f6sz\u00f6rm\u00e9nyi nemzetk\u00f6zi m\u0171v\u00e9sztelep szervez\u0151bizotts\u00e1g\u00e1nak eln\u00f6ke.<\/p>\n<p>\u00c9gerh\u00e1zi Imre, a hajd\u00fahadh\u00e1zi sz\u00fclet\u00e9s\u0171 fest\u0151m\u0171v\u00e9sz alap\u00edt\u00f3 \u00e9s \u00e1lland\u00f3 tagja a hajd\u00fas\u00e1gi nemzetk\u00f6zi m\u0171v\u00e9sztelepnek, ahol 1970-ben k\u00fcl\u00f6nd\u00edjat, 1974-ben \u00e9s az id\u00e9n pedig K\u00e1pl\u00e1r Mikl\u00f3s-d\u00edjat kapott. K\u00e9pei megtal\u00e1lhat\u00f3k hazai \u00e9s k\u00fclf\u00f6ldi m\u00fazeumokban, k\u00f6zint\u00e9zm\u00e9nyekben, valamint gy\u0171jt\u0151kn\u00e9l \u00e9s mag\u00e1nszem\u00e9lyekn\u00e9l.[\/vc_column_text][\/vc_column_inner][vc_column_inner width=&#8221;1\/4&#8243;][vc_single_image image=&#8221;8179&#8243; img_size=&#8221;large&#8221; alignment=&#8221;right&#8221; onclick=&#8221;link_image&#8221;][\/vc_column_inner][\/vc_row_inner][\/vc_tta_section][vc_tta_section title=&#8221;Festm\u00e9nyek&#8221; tab_id=&#8221;1563976114809-c5244b6a-d4ef&#8221;][vc_empty_space height=&#8221;16px&#8221;][vc_basic_grid post_type=&#8221;page&#8221; max_items=&#8221;-1&#8243; element_width=&#8221;3&#8243; order=&#8221;ASC&#8221; item=&#8221;7963&#8243; grid_id=&#8221;vc_gid:1601368239703-9077d6a6-fc19-9&#8243; taxonomies=&#8221;185&#8243;][\/vc_tta_section][vc_tta_section title=&#8221;Audi\u00f3 \u00e9s vide\u00f3&#8221; tab_id=&#8221;1591966468912-e90cb6d5-98c0&#8243;][vc_empty_space height=&#8221;16px&#8221;][vc_column_text]<strong>Interj\u00fa \u00c9gerh\u00e1zi Imr\u00e9vel, Magyar R\u00e1di\u00f3, 1982<\/strong>[\/vc_column_text][vc_video link=&#8221;&#8221; el_width=&#8221;80&#8243; align=&#8221;center&#8221;][vc_separator][vc_column_text]<strong>\u00c9gerh\u00e1zi Imre ki\u00e1ll\u00edt\u00e1sa, Szolnok, K\u00e9pcsarnok, ABA-Nov\u00e1k terem, 1982<\/strong>[\/vc_column_text][vc_video link=&#8221;&#8221; el_width=&#8221;80&#8243; align=&#8221;center&#8221;][\/vc_tta_section][\/vc_tta_tabs][\/vc_column][\/vc_row][vc_row][vc_column][vc_separator][vc_btn title=&#8221;Vissza a ki\u00e1ll\u00edt\u00e1sok list\u00e1j\u00e1ra&#8221; shape=&#8221;square&#8221; color=&#8221;orange&#8221; align=&#8221;center&#8221; i_icon_fontawesome=&#8221;fas fa-angle-double-left&#8221; add_icon=&#8221;true&#8221; link=&#8221;url:http%3A%2F%2Fegerhaziimre.hu%2Findex.php%2Fkiallitasok-list%2F|title:%5B%3Ahu%5DKi%C3%A1ll%C3%ADt%C3%A1sok%5B%3Aen%5DExhibitions%5B%3A%5D&#8221; el_class=&#8221;mb60 mb30-md&#8221;][\/vc_column][\/vc_row]\n\n<\/div>","protected":false},"excerpt":{"rendered":"<p>[vc_row][vc_column][vc_tta_tabs style=&#8221;flat&#8221; shape=&#8221;square&#8221; color=&#8221;white&#8221; active_section=&#8221;1&#8243;][vc_tta_section title=&#8221;Megh\u00edv\u00f3&#8221; tab_id=&#8221;1563972373652-e991773e-63f3&#8243;][vc_empty_space][vc_media_grid element_width=&#8221;3&#8243; gap=&#8221;15&#8243; item=&#8221;794&#8243; grid_id=&#8221;vc_gid:1601368239697-934eadcf-5155-0&#8243; include=&#8221;8169,8170,8171,8172,8173,8174&#8243;][\/vc_tta_section][vc_tta_section title=&#8221;Fot\u00f3k&#8221; tab_id=&#8221;1563976083206-75457341-4d66&#8243;][vc_empty_space height=&#8221;16px&#8221;][vc_media_grid element_width=&#8221;3&#8243; gap=&#8221;15&#8243; grid_id=&#8221;vc_gid:1601368239698-5b9b56bb-9865-4&#8243; include=&#8221;8177&#8243;][\/vc_tta_section][vc_tta_section title=&#8221;Plak\u00e1t&#8221; tab_id=&#8221;1596030545057-2e33c51a-d667&#8243;][vc_empty_space height=&#8221;16px&#8221;][vc_media_grid element_width=&#8221;3&#8243; gap=&#8221;15&#8243; item=&#8221;794&#8243; grid_id=&#8221;vc_gid:1601368239700-aab01109-0c7e-4&#8243; include=&#8221;8176&#8243;][\/vc_tta_section][vc_tta_section title=&#8221;Cikkek, dokumentumok&#8221; tab_id=&#8221;1563976098032-09d543f8-ecc7&#8243;][vc_empty_space][vc_row_inner][vc_column_inner width=&#8221;3\/4&#8243;][vc_column_text] \u00c9gerh\u00e1zi &#8211; k\u00e9pek Szolnokon (Cikk az 1982. szeptember 26-\u00e1n megjelent Hajd\u00fa-Bihari Napl\u00f3b\u00f3l) Hajd\u00fa-bihari k\u00e9pz\u0151m\u0171v\u00e9sz ki\u00e1ll\u00edt\u00e1sa l\u00e1that\u00f3 megyeszomsz\u00e9dunk sz\u00e9khely\u00e9n. \u00c9gerh\u00e1zi Imre fest\u0151m\u0171v\u00e9sz ki\u00e1ll\u00edt\u00e1s\u00e1nak \u00fcnnep\u00e9lyes megnyit\u00f3ja szeptember 23-\u00e1n, cs\u00fct\u00f6rt\u00f6k\u00f6n volt a [&hellip;]<\/p>\n","protected":false},"author":4,"featured_media":3948,"parent":0,"menu_order":0,"comment_status":"closed","ping_status":"closed","template":"","meta":{"footnotes":""},"categories":[8,10,4],"tags":[38,41],"class_list":["post-8167","page","type-page","status-publish","has-post-thumbnail","hentry","category-egyeni_kiallitasok","category-feldolgozott_kiallitasok","category-kiallitasok","tag-38","tag-szolnok"],"yoast_head":"<!-- This site is optimized with the Yoast SEO plugin v27.0 - https:\/\/yoast.com\/product\/yoast-seo-wordpress\/ -->\n<title>\u00c9gerh\u00e1zi Imre fest\u0151m\u0171v\u00e9sz ki\u00e1ll\u00edt\u00e1sa, Aba-Nov\u00e1k terem, Szolnok, 1982. szeptember 23. - \u00c9gerh\u00e1zi Imre<\/title>\n<meta name=\"robots\" content=\"index, follow, max-snippet:-1, max-image-preview:large, max-video-preview:-1\" \/>\n<link rel=\"canonical\" href=\"https:\/\/egerhaziimre.hu\/index.php\/egerhazi-imre-festomuvesz-kiallitasa-szolnok-aba-novak-terem\/?lang=en\" \/>\n<meta property=\"og:locale\" content=\"hu_HU\" \/>\n<meta property=\"og:type\" content=\"article\" \/>\n<meta property=\"og:title\" content=\"\u00c9gerh\u00e1zi Imre fest\u0151m\u0171v\u00e9sz ki\u00e1ll\u00edt\u00e1sa, Aba-Nov\u00e1k terem, Szolnok, 1982. szeptember 23. - \u00c9gerh\u00e1zi Imre\" \/>\n<meta property=\"og:description\" content=\"[vc_row][vc_column][vc_tta_tabs style=&#8221;flat&#8221; shape=&#8221;square&#8221; color=&#8221;white&#8221; active_section=&#8221;1&#8243;][vc_tta_section title=&#8221;Megh\u00edv\u00f3&#8221; tab_id=&#8221;1563972373652-e991773e-63f3&#8243;][vc_empty_space][vc_media_grid element_width=&#8221;3&#8243; gap=&#8221;15&#8243; item=&#8221;794&#8243; grid_id=&#8221;vc_gid:1601368239697-934eadcf-5155-0&#8243; include=&#8221;8169,8170,8171,8172,8173,8174&#8243;][\/vc_tta_section][vc_tta_section title=&#8221;Fot\u00f3k&#8221; tab_id=&#8221;1563976083206-75457341-4d66&#8243;][vc_empty_space height=&#8221;16px&#8221;][vc_media_grid element_width=&#8221;3&#8243; gap=&#8221;15&#8243; grid_id=&#8221;vc_gid:1601368239698-5b9b56bb-9865-4&#8243; include=&#8221;8177&#8243;][\/vc_tta_section][vc_tta_section title=&#8221;Plak\u00e1t&#8221; tab_id=&#8221;1596030545057-2e33c51a-d667&#8243;][vc_empty_space height=&#8221;16px&#8221;][vc_media_grid element_width=&#8221;3&#8243; gap=&#8221;15&#8243; item=&#8221;794&#8243; grid_id=&#8221;vc_gid:1601368239700-aab01109-0c7e-4&#8243; include=&#8221;8176&#8243;][\/vc_tta_section][vc_tta_section title=&#8221;Cikkek, dokumentumok&#8221; tab_id=&#8221;1563976098032-09d543f8-ecc7&#8243;][vc_empty_space][vc_row_inner][vc_column_inner width=&#8221;3\/4&#8243;][vc_column_text] \u00c9gerh\u00e1zi &#8211; k\u00e9pek Szolnokon (Cikk az 1982. szeptember 26-\u00e1n megjelent Hajd\u00fa-Bihari Napl\u00f3b\u00f3l) Hajd\u00fa-bihari k\u00e9pz\u0151m\u0171v\u00e9sz ki\u00e1ll\u00edt\u00e1sa l\u00e1that\u00f3 megyeszomsz\u00e9dunk sz\u00e9khely\u00e9n. \u00c9gerh\u00e1zi Imre fest\u0151m\u0171v\u00e9sz ki\u00e1ll\u00edt\u00e1s\u00e1nak \u00fcnnep\u00e9lyes megnyit\u00f3ja szeptember 23-\u00e1n, cs\u00fct\u00f6rt\u00f6k\u00f6n volt a [&hellip;]\" \/>\n<meta property=\"og:url\" content=\"https:\/\/egerhaziimre.hu\/index.php\/egerhazi-imre-festomuvesz-kiallitasa-szolnok-aba-novak-terem\/?lang=en\" \/>\n<meta property=\"og:site_name\" content=\"\u00c9gerh\u00e1zi Imre\" \/>\n<meta property=\"article:modified_time\" content=\"2020-10-02T14:32:36+00:00\" \/>\n<meta property=\"og:image\" content=\"https:\/\/egerhaziimre.hu\/wp-content\/uploads\/kepek\/139.jpg\" \/>\n\t<meta property=\"og:image:width\" content=\"2000\" \/>\n\t<meta property=\"og:image:height\" content=\"1470\" \/>\n\t<meta property=\"og:image:type\" content=\"image\/jpeg\" \/>\n<meta name=\"twitter:card\" content=\"summary_large_image\" \/>\n<meta name=\"twitter:label1\" content=\"Becs\u00fclt olvas\u00e1si id\u0151\" \/>\n\t<meta name=\"twitter:data1\" content=\"5 perc\" \/>\n<script type=\"application\/ld+json\" class=\"yoast-schema-graph\">{\"@context\":\"https:\/\/schema.org\",\"@graph\":[{\"@type\":\"WebPage\",\"@id\":\"https:\/\/egerhaziimre.hu\/index.php\/egerhazi-imre-festomuvesz-kiallitasa-szolnok-aba-novak-terem\/?lang=en\",\"url\":\"https:\/\/egerhaziimre.hu\/index.php\/egerhazi-imre-festomuvesz-kiallitasa-szolnok-aba-novak-terem\/?lang=en\",\"name\":\"\u00c9gerh\u00e1zi Imre fest\u0151m\u0171v\u00e9sz ki\u00e1ll\u00edt\u00e1sa, Aba-Nov\u00e1k terem, Szolnok, 1982. szeptember 23. - \u00c9gerh\u00e1zi Imre\",\"isPartOf\":{\"@id\":\"https:\/\/egerhaziimre.hu\/#website\"},\"primaryImageOfPage\":{\"@id\":\"https:\/\/egerhaziimre.hu\/index.php\/egerhazi-imre-festomuvesz-kiallitasa-szolnok-aba-novak-terem\/?lang=en#primaryimage\"},\"image\":{\"@id\":\"https:\/\/egerhaziimre.hu\/index.php\/egerhazi-imre-festomuvesz-kiallitasa-szolnok-aba-novak-terem\/?lang=en#primaryimage\"},\"thumbnailUrl\":\"https:\/\/egerhaziimre.hu\/wp-content\/uploads\/kepek\/139.jpg\",\"datePublished\":\"1982-09-23T08:32:00+00:00\",\"dateModified\":\"2020-10-02T14:32:36+00:00\",\"breadcrumb\":{\"@id\":\"https:\/\/egerhaziimre.hu\/index.php\/egerhazi-imre-festomuvesz-kiallitasa-szolnok-aba-novak-terem\/?lang=en#breadcrumb\"},\"inLanguage\":\"hu\",\"potentialAction\":[{\"@type\":\"ReadAction\",\"target\":[\"https:\/\/egerhaziimre.hu\/index.php\/egerhazi-imre-festomuvesz-kiallitasa-szolnok-aba-novak-terem\/?lang=en\"]}]},{\"@type\":\"ImageObject\",\"inLanguage\":\"hu\",\"@id\":\"https:\/\/egerhaziimre.hu\/index.php\/egerhazi-imre-festomuvesz-kiallitasa-szolnok-aba-novak-terem\/?lang=en#primaryimage\",\"url\":\"https:\/\/egerhaziimre.hu\/wp-content\/uploads\/kepek\/139.jpg\",\"contentUrl\":\"https:\/\/egerhaziimre.hu\/wp-content\/uploads\/kepek\/139.jpg\",\"width\":2000,\"height\":1470,\"caption\":\"olaj, farost, 60x80 cm 1980\"},{\"@type\":\"BreadcrumbList\",\"@id\":\"https:\/\/egerhaziimre.hu\/index.php\/egerhazi-imre-festomuvesz-kiallitasa-szolnok-aba-novak-terem\/?lang=en#breadcrumb\",\"itemListElement\":[{\"@type\":\"ListItem\",\"position\":1,\"name\":\"Home\",\"item\":\"https:\/\/egerhaziimre.hu\/\"},{\"@type\":\"ListItem\",\"position\":2,\"name\":\"Exhibition Of Imre \u00c9gerh\u00e1zi, Aba-Nov\u00e1k Hall, Szolnok, September 26, 1982\"}]},{\"@type\":\"WebSite\",\"@id\":\"https:\/\/egerhaziimre.hu\/#website\",\"url\":\"https:\/\/egerhaziimre.hu\/\",\"name\":\"\u00c9gerh\u00e1zi Imre\",\"description\":\"\",\"potentialAction\":[{\"@type\":\"SearchAction\",\"target\":{\"@type\":\"EntryPoint\",\"urlTemplate\":\"https:\/\/egerhaziimre.hu\/?s={search_term_string}\"},\"query-input\":{\"@type\":\"PropertyValueSpecification\",\"valueRequired\":true,\"valueName\":\"search_term_string\"}}],\"inLanguage\":\"hu\"}]}<\/script>\n<!-- \/ Yoast SEO plugin. -->","yoast_head_json":{"title":"\u00c9gerh\u00e1zi Imre fest\u0151m\u0171v\u00e9sz ki\u00e1ll\u00edt\u00e1sa, Aba-Nov\u00e1k terem, Szolnok, 1982. szeptember 23. - \u00c9gerh\u00e1zi Imre","robots":{"index":"index","follow":"follow","max-snippet":"max-snippet:-1","max-image-preview":"max-image-preview:large","max-video-preview":"max-video-preview:-1"},"canonical":"https:\/\/egerhaziimre.hu\/index.php\/egerhazi-imre-festomuvesz-kiallitasa-szolnok-aba-novak-terem\/?lang=en","og_locale":"hu_HU","og_type":"article","og_title":"\u00c9gerh\u00e1zi Imre fest\u0151m\u0171v\u00e9sz ki\u00e1ll\u00edt\u00e1sa, Aba-Nov\u00e1k terem, Szolnok, 1982. szeptember 23. - \u00c9gerh\u00e1zi Imre","og_description":"[vc_row][vc_column][vc_tta_tabs style=&#8221;flat&#8221; shape=&#8221;square&#8221; color=&#8221;white&#8221; active_section=&#8221;1&#8243;][vc_tta_section title=&#8221;Megh\u00edv\u00f3&#8221; tab_id=&#8221;1563972373652-e991773e-63f3&#8243;][vc_empty_space][vc_media_grid element_width=&#8221;3&#8243; gap=&#8221;15&#8243; item=&#8221;794&#8243; grid_id=&#8221;vc_gid:1601368239697-934eadcf-5155-0&#8243; include=&#8221;8169,8170,8171,8172,8173,8174&#8243;][\/vc_tta_section][vc_tta_section title=&#8221;Fot\u00f3k&#8221; tab_id=&#8221;1563976083206-75457341-4d66&#8243;][vc_empty_space height=&#8221;16px&#8221;][vc_media_grid element_width=&#8221;3&#8243; gap=&#8221;15&#8243; grid_id=&#8221;vc_gid:1601368239698-5b9b56bb-9865-4&#8243; include=&#8221;8177&#8243;][\/vc_tta_section][vc_tta_section title=&#8221;Plak\u00e1t&#8221; tab_id=&#8221;1596030545057-2e33c51a-d667&#8243;][vc_empty_space height=&#8221;16px&#8221;][vc_media_grid element_width=&#8221;3&#8243; gap=&#8221;15&#8243; item=&#8221;794&#8243; grid_id=&#8221;vc_gid:1601368239700-aab01109-0c7e-4&#8243; include=&#8221;8176&#8243;][\/vc_tta_section][vc_tta_section title=&#8221;Cikkek, dokumentumok&#8221; tab_id=&#8221;1563976098032-09d543f8-ecc7&#8243;][vc_empty_space][vc_row_inner][vc_column_inner width=&#8221;3\/4&#8243;][vc_column_text] \u00c9gerh\u00e1zi &#8211; k\u00e9pek Szolnokon (Cikk az 1982. szeptember 26-\u00e1n megjelent Hajd\u00fa-Bihari Napl\u00f3b\u00f3l) Hajd\u00fa-bihari k\u00e9pz\u0151m\u0171v\u00e9sz ki\u00e1ll\u00edt\u00e1sa l\u00e1that\u00f3 megyeszomsz\u00e9dunk sz\u00e9khely\u00e9n. \u00c9gerh\u00e1zi Imre fest\u0151m\u0171v\u00e9sz ki\u00e1ll\u00edt\u00e1s\u00e1nak \u00fcnnep\u00e9lyes megnyit\u00f3ja szeptember 23-\u00e1n, cs\u00fct\u00f6rt\u00f6k\u00f6n volt a [&hellip;]","og_url":"https:\/\/egerhaziimre.hu\/index.php\/egerhazi-imre-festomuvesz-kiallitasa-szolnok-aba-novak-terem\/?lang=en","og_site_name":"\u00c9gerh\u00e1zi Imre","article_modified_time":"2020-10-02T14:32:36+00:00","og_image":[{"width":2000,"height":1470,"url":"https:\/\/egerhaziimre.hu\/wp-content\/uploads\/kepek\/139.jpg","type":"image\/jpeg"}],"twitter_card":"summary_large_image","twitter_misc":{"Becs\u00fclt olvas\u00e1si id\u0151":"5 perc"},"schema":{"@context":"https:\/\/schema.org","@graph":[{"@type":"WebPage","@id":"https:\/\/egerhaziimre.hu\/index.php\/egerhazi-imre-festomuvesz-kiallitasa-szolnok-aba-novak-terem\/?lang=en","url":"https:\/\/egerhaziimre.hu\/index.php\/egerhazi-imre-festomuvesz-kiallitasa-szolnok-aba-novak-terem\/?lang=en","name":"\u00c9gerh\u00e1zi Imre fest\u0151m\u0171v\u00e9sz ki\u00e1ll\u00edt\u00e1sa, Aba-Nov\u00e1k terem, Szolnok, 1982. szeptember 23. - \u00c9gerh\u00e1zi Imre","isPartOf":{"@id":"https:\/\/egerhaziimre.hu\/#website"},"primaryImageOfPage":{"@id":"https:\/\/egerhaziimre.hu\/index.php\/egerhazi-imre-festomuvesz-kiallitasa-szolnok-aba-novak-terem\/?lang=en#primaryimage"},"image":{"@id":"https:\/\/egerhaziimre.hu\/index.php\/egerhazi-imre-festomuvesz-kiallitasa-szolnok-aba-novak-terem\/?lang=en#primaryimage"},"thumbnailUrl":"https:\/\/egerhaziimre.hu\/wp-content\/uploads\/kepek\/139.jpg","datePublished":"1982-09-23T08:32:00+00:00","dateModified":"2020-10-02T14:32:36+00:00","breadcrumb":{"@id":"https:\/\/egerhaziimre.hu\/index.php\/egerhazi-imre-festomuvesz-kiallitasa-szolnok-aba-novak-terem\/?lang=en#breadcrumb"},"inLanguage":"hu","potentialAction":[{"@type":"ReadAction","target":["https:\/\/egerhaziimre.hu\/index.php\/egerhazi-imre-festomuvesz-kiallitasa-szolnok-aba-novak-terem\/?lang=en"]}]},{"@type":"ImageObject","inLanguage":"hu","@id":"https:\/\/egerhaziimre.hu\/index.php\/egerhazi-imre-festomuvesz-kiallitasa-szolnok-aba-novak-terem\/?lang=en#primaryimage","url":"https:\/\/egerhaziimre.hu\/wp-content\/uploads\/kepek\/139.jpg","contentUrl":"https:\/\/egerhaziimre.hu\/wp-content\/uploads\/kepek\/139.jpg","width":2000,"height":1470,"caption":"olaj, farost, 60x80 cm 1980"},{"@type":"BreadcrumbList","@id":"https:\/\/egerhaziimre.hu\/index.php\/egerhazi-imre-festomuvesz-kiallitasa-szolnok-aba-novak-terem\/?lang=en#breadcrumb","itemListElement":[{"@type":"ListItem","position":1,"name":"Home","item":"https:\/\/egerhaziimre.hu\/"},{"@type":"ListItem","position":2,"name":"Exhibition Of Imre \u00c9gerh\u00e1zi, Aba-Nov\u00e1k Hall, Szolnok, September 26, 1982"}]},{"@type":"WebSite","@id":"https:\/\/egerhaziimre.hu\/#website","url":"https:\/\/egerhaziimre.hu\/","name":"\u00c9gerh\u00e1zi Imre","description":"","potentialAction":[{"@type":"SearchAction","target":{"@type":"EntryPoint","urlTemplate":"https:\/\/egerhaziimre.hu\/?s={search_term_string}"},"query-input":{"@type":"PropertyValueSpecification","valueRequired":true,"valueName":"search_term_string"}}],"inLanguage":"hu"}]}},"jetpack_sharing_enabled":true,"_links":{"self":[{"href":"https:\/\/egerhaziimre.hu\/index.php\/wp-json\/wp\/v2\/pages\/8167","targetHints":{"allow":["GET"]}}],"collection":[{"href":"https:\/\/egerhaziimre.hu\/index.php\/wp-json\/wp\/v2\/pages"}],"about":[{"href":"https:\/\/egerhaziimre.hu\/index.php\/wp-json\/wp\/v2\/types\/page"}],"author":[{"embeddable":true,"href":"https:\/\/egerhaziimre.hu\/index.php\/wp-json\/wp\/v2\/users\/4"}],"replies":[{"embeddable":true,"href":"https:\/\/egerhaziimre.hu\/index.php\/wp-json\/wp\/v2\/comments?post=8167"}],"version-history":[{"count":17,"href":"https:\/\/egerhaziimre.hu\/index.php\/wp-json\/wp\/v2\/pages\/8167\/revisions"}],"predecessor-version":[{"id":10490,"href":"https:\/\/egerhaziimre.hu\/index.php\/wp-json\/wp\/v2\/pages\/8167\/revisions\/10490"}],"wp:featuredmedia":[{"embeddable":true,"href":"https:\/\/egerhaziimre.hu\/index.php\/wp-json\/wp\/v2\/media\/3948"}],"wp:attachment":[{"href":"https:\/\/egerhaziimre.hu\/index.php\/wp-json\/wp\/v2\/media?parent=8167"}],"wp:term":[{"taxonomy":"category","embeddable":true,"href":"https:\/\/egerhaziimre.hu\/index.php\/wp-json\/wp\/v2\/categories?post=8167"},{"taxonomy":"post_tag","embeddable":true,"href":"https:\/\/egerhaziimre.hu\/index.php\/wp-json\/wp\/v2\/tags?post=8167"}],"curies":[{"name":"wp","href":"https:\/\/api.w.org\/{rel}","templated":true}]}}