{"id":8834,"date":"1999-08-28T10:48:41","date_gmt":"1999-08-28T08:48:41","guid":{"rendered":"http:\/\/egerhaziimre.magex.hu\/?page_id=8834"},"modified":"2020-09-28T11:55:31","modified_gmt":"2020-09-28T09:55:31","slug":"medgyesi-muzeum-kiallitas-kepek-1999","status":"publish","type":"page","link":"https:\/\/egerhaziimre.hu\/index.php\/archivum\/audiovizualis-archivum\/medgyesi-muzeum-kiallitas-kepek-1999\/","title":{"rendered":"Medgyessi Ferenc M\u00fazeumban ki\u00e1ll\u00edtott k\u00e9pek, 1999"},"content":{"rendered":"<div class=\"wpb-content-wrapper\">[vc_row][vc_column][vc_column_text]\n<p>\u00c9gerh\u00e1zi Imre 9 \u00e9ves volt, mikor bek\u00f6lt\u00f6ztek Hajd\u00fahadh\u00e1zr\u00f3l Debrecenbe.<br \/>\nDebrecenben n\u0151tt fel, v\u00e1lt \u00e9rett fest\u0151v\u00e9, de mindig is k\u00f6t\u0151d\u00f6tt a Hajd\u00fas\u00e1ghoz \u00e9s Hajd\u00fahadh\u00e1zhoz is. A 90-es \u00e9vekben Hadh\u00e1zt\u00f3l kapott alkot\u00f3h\u00e1zat, melyet \u00e9letm\u0171ve k\u00f6zel 100 alkot\u00e1s\u00e1nak a v\u00e1ros r\u00e9sz\u00e9re t\u00f6rt\u00e9nt adom\u00e1nyoz\u00e1s\u00e1val h\u00e1l\u00e1lt meg a m\u0171v\u00e9sz. K\u00e9s\u0151bb a v\u00e1ros d\u00edszpolg\u00e1ra lett.<br \/>\nA fentiekkel egy\u00fctt m\u00e9gis azt kell mondanunk, hogy \u00c9gerh\u00e1zi Imre debreceni fest\u0151nek sz\u00e1m\u00edt. Az itteni k\u00e9pz\u0151m\u0171v\u00e9szeti szabadiskol\u00e1ban tanult, mesterei debreceniek voltak, a helyi m\u0171v\u00e9szeti \u00e9s t\u00e1rsadalmi \u00e9lethez k\u00f6t\u0151d\u00f6tt ezer sz\u00e1lon.<br \/>\nS\u0171r\u0171n l\u00e1togatta a D\u00e9ri M\u00fazeum \u00e1lland\u00f3 \u00e9s id\u0151szakos ki\u00e1ll\u00edt\u00e1sait. K\u00fcl\u00f6n\u00f6sen sokat \u00fcld\u00f6g\u00e9lt Munk\u00e1csi Mih\u00e1ly Ecce Homo c\u00edm\u0171 alkot\u00e1sa, k\u00e9s\u0151bb a teljes tril\u00f3gia el\u0151tt. Annyira \u00f6r\u00fclt, hogy egy\u00fctt vannak a k\u00e9pek, hogy egyszer engem is elvitt spont\u00e1n egy d\u00e9lut\u00e1n megcsod\u00e1lni a hatalmas alkot\u00e1sokat.<br \/>\nNem v\u00e9letlen, hogy teljes \u00e9letm\u0171v\u00e9t bemutat\u00f3 anyagot adom\u00e1nyozott kedvenc m\u00fazeuma sz\u00e1m\u00e1ra. A t\u00f6bb mint sz\u00e1z munka \u00e1tfogja a teljes \u00e9letm\u0171v\u00e9t 1994-ig \u00e9s minden technikai megold\u00e1s\u00e1b\u00f3l tal\u00e1lunk k\u00e9peket. Rajzok, akvarellek, monot\u00edpi\u00e1k, lin\u00f3metszetek \u00e9s olaj t\u00e1blak\u00e9pek alkotj\u00e1k a gy\u0171jtem\u00e9nyt.<br \/>\nAz aj\u00e1nd\u00e9koz\u00e1st a teljes anyagot bemutat\u00f3 t\u00e1rlat megnyit\u00f3j\u00e1n jelentett\u00e9k be. A ki\u00e1ll\u00edt\u00e1sra a D\u00e9ri M\u00fazeumhoz tartoz\u00f3 Medgyessy Eml\u00e9km\u00fazeumban ker\u00fclt megrendez\u00e9sre. Az esem\u00e9nyr\u0151l az orsz\u00e1gos \u00e9s helyi m\u00e9diumok is kiemelten tud\u00f3s\u00edtottak, \u00c9gerh\u00e1zi Imr\u00e9t a 20. sz\u00e1zad v\u00e9g\u00e9nek egyik vezet\u0151 alf\u00f6ldi mesterek\u00e9nt eml\u00edtve.<br \/>\nA ki\u00e1ll\u00edt\u00e1s j\u00f3l dokument\u00e1lt sz\u00f6veg-, fot\u00f3- \u00e9s vide\u00f3anyagot tekintve is. L\u00e9pjen be a m\u0171v\u00e9sz csod\u00e1latos vil\u00e1g\u00e1ba!<\/p>\n<p>Budapest, 2020. j\u00falius 30.<br \/>\n\u00c9gerh\u00e1zi Attila<\/p>\n[\/vc_column_text][vc_separator][vc_video link=&#8221;https:\/\/youtu.be\/DN9qqPwHF9U&#8221; el_width=&#8221;80&#8243; align=&#8221;center&#8221;][\/vc_column][\/vc_row]\n<\/div>","protected":false},"excerpt":{"rendered":"<p>[vc_row][vc_column][vc_column_text] \u00c9gerh\u00e1zi Imre 9 \u00e9ves volt, mikor bek\u00f6lt\u00f6ztek Hajd\u00fahadh\u00e1zr\u00f3l Debrecenbe. Debrecenben n\u0151tt fel, v\u00e1lt \u00e9rett fest\u0151v\u00e9, de mindig is k\u00f6t\u0151d\u00f6tt a Hajd\u00fas\u00e1ghoz \u00e9s Hajd\u00fahadh\u00e1zhoz is. A 90-es \u00e9vekben Hadh\u00e1zt\u00f3l kapott alkot\u00f3h\u00e1zat, melyet \u00e9letm\u0171ve k\u00f6zel 100 alkot\u00e1s\u00e1nak a v\u00e1ros r\u00e9sz\u00e9re t\u00f6rt\u00e9nt adom\u00e1nyoz\u00e1s\u00e1val h\u00e1l\u00e1lt meg a m\u0171v\u00e9sz. K\u00e9s\u0151bb a v\u00e1ros d\u00edszpolg\u00e1ra lett. A fentiekkel egy\u00fctt m\u00e9gis azt kell mondanunk, hogy \u00c9gerh\u00e1zi Imre [&hellip;]<\/p>\n","protected":false},"author":4,"featured_media":8831,"parent":41,"menu_order":0,"comment_status":"closed","ping_status":"closed","template":"","meta":{"footnotes":""},"categories":[53],"tags":[29,33,19],"class_list":["post-8834","page","type-page","status-publish","has-post-thumbnail","hentry","category-video","tag-29","tag-debrecen","tag-video"],"yoast_head":"<!-- This site is optimized with the Yoast SEO plugin v27.3 - https:\/\/yoast.com\/product\/yoast-seo-wordpress\/ -->\n<title>Medgyessi Ferenc M\u00fazeumban ki\u00e1ll\u00edtott k\u00e9pek, 1999 - \u00c9gerh\u00e1zi Imre<\/title>\n<meta name=\"robots\" content=\"index, follow, max-snippet:-1, max-image-preview:large, max-video-preview:-1\" \/>\n<link rel=\"canonical\" href=\"https:\/\/egerhaziimre.hu\/index.php\/archivum\/audiovizualis-archivum\/medgyesi-muzeum-kiallitas-kepek-1999\/?lang=en\" \/>\n<meta property=\"og:locale\" content=\"hu_HU\" \/>\n<meta property=\"og:type\" content=\"article\" \/>\n<meta property=\"og:title\" content=\"Medgyessi Ferenc M\u00fazeumban ki\u00e1ll\u00edtott k\u00e9pek, 1999 - \u00c9gerh\u00e1zi Imre\" \/>\n<meta property=\"og:description\" content=\"[vc_row][vc_column][vc_column_text] \u00c9gerh\u00e1zi Imre 9 \u00e9ves volt, mikor bek\u00f6lt\u00f6ztek Hajd\u00fahadh\u00e1zr\u00f3l Debrecenbe. Debrecenben n\u0151tt fel, v\u00e1lt \u00e9rett fest\u0151v\u00e9, de mindig is k\u00f6t\u0151d\u00f6tt a Hajd\u00fas\u00e1ghoz \u00e9s Hajd\u00fahadh\u00e1zhoz is. A 90-es \u00e9vekben Hadh\u00e1zt\u00f3l kapott alkot\u00f3h\u00e1zat, melyet \u00e9letm\u0171ve k\u00f6zel 100 alkot\u00e1s\u00e1nak a v\u00e1ros r\u00e9sz\u00e9re t\u00f6rt\u00e9nt adom\u00e1nyoz\u00e1s\u00e1val h\u00e1l\u00e1lt meg a m\u0171v\u00e9sz. K\u00e9s\u0151bb a v\u00e1ros d\u00edszpolg\u00e1ra lett. A fentiekkel egy\u00fctt m\u00e9gis azt kell mondanunk, hogy \u00c9gerh\u00e1zi Imre [&hellip;]\" \/>\n<meta property=\"og:url\" content=\"https:\/\/egerhaziimre.hu\/index.php\/archivum\/audiovizualis-archivum\/medgyesi-muzeum-kiallitas-kepek-1999\/?lang=en\" \/>\n<meta property=\"og:site_name\" content=\"\u00c9gerh\u00e1zi Imre\" \/>\n<meta property=\"article:modified_time\" content=\"2020-09-28T09:55:31+00:00\" \/>\n<meta property=\"og:image\" content=\"https:\/\/egerhaziimre.hu\/wp-content\/uploads\/2020\/08\/video_1999_04_debrecen_02_tiny.jpg\" \/>\n\t<meta property=\"og:image:width\" content=\"1920\" \/>\n\t<meta property=\"og:image:height\" content=\"1080\" \/>\n\t<meta property=\"og:image:type\" content=\"image\/jpeg\" \/>\n<meta name=\"twitter:card\" content=\"summary_large_image\" \/>\n<meta name=\"twitter:label1\" content=\"Becs\u00fclt olvas\u00e1si id\u0151\" \/>\n\t<meta name=\"twitter:data1\" content=\"4 perc\" \/>\n<script type=\"application\/ld+json\" class=\"yoast-schema-graph\">{\"@context\":\"https:\\\/\\\/schema.org\",\"@graph\":[{\"@type\":\"WebPage\",\"@id\":\"https:\\\/\\\/egerhaziimre.hu\\\/index.php\\\/archivum\\\/audiovizualis-archivum\\\/medgyesi-muzeum-kiallitas-kepek-1999\\\/?lang=en\",\"url\":\"https:\\\/\\\/egerhaziimre.hu\\\/index.php\\\/archivum\\\/audiovizualis-archivum\\\/medgyesi-muzeum-kiallitas-kepek-1999\\\/?lang=en\",\"name\":\"Medgyessi Ferenc M\u00fazeumban ki\u00e1ll\u00edtott k\u00e9pek, 1999 - \u00c9gerh\u00e1zi Imre\",\"isPartOf\":{\"@id\":\"https:\\\/\\\/egerhaziimre.hu\\\/#website\"},\"primaryImageOfPage\":{\"@id\":\"https:\\\/\\\/egerhaziimre.hu\\\/index.php\\\/archivum\\\/audiovizualis-archivum\\\/medgyesi-muzeum-kiallitas-kepek-1999\\\/?lang=en#primaryimage\"},\"image\":{\"@id\":\"https:\\\/\\\/egerhaziimre.hu\\\/index.php\\\/archivum\\\/audiovizualis-archivum\\\/medgyesi-muzeum-kiallitas-kepek-1999\\\/?lang=en#primaryimage\"},\"thumbnailUrl\":\"https:\\\/\\\/egerhaziimre.hu\\\/wp-content\\\/uploads\\\/2020\\\/08\\\/video_1999_04_debrecen_02_tiny.jpg\",\"datePublished\":\"1999-08-28T08:48:41+00:00\",\"dateModified\":\"2020-09-28T09:55:31+00:00\",\"breadcrumb\":{\"@id\":\"https:\\\/\\\/egerhaziimre.hu\\\/index.php\\\/archivum\\\/audiovizualis-archivum\\\/medgyesi-muzeum-kiallitas-kepek-1999\\\/?lang=en#breadcrumb\"},\"inLanguage\":\"hu\",\"potentialAction\":[{\"@type\":\"ReadAction\",\"target\":[\"https:\\\/\\\/egerhaziimre.hu\\\/index.php\\\/archivum\\\/audiovizualis-archivum\\\/medgyesi-muzeum-kiallitas-kepek-1999\\\/?lang=en\"]}]},{\"@type\":\"ImageObject\",\"inLanguage\":\"hu\",\"@id\":\"https:\\\/\\\/egerhaziimre.hu\\\/index.php\\\/archivum\\\/audiovizualis-archivum\\\/medgyesi-muzeum-kiallitas-kepek-1999\\\/?lang=en#primaryimage\",\"url\":\"https:\\\/\\\/egerhaziimre.hu\\\/wp-content\\\/uploads\\\/2020\\\/08\\\/video_1999_04_debrecen_02_tiny.jpg\",\"contentUrl\":\"https:\\\/\\\/egerhaziimre.hu\\\/wp-content\\\/uploads\\\/2020\\\/08\\\/video_1999_04_debrecen_02_tiny.jpg\",\"width\":1920,\"height\":1080},{\"@type\":\"BreadcrumbList\",\"@id\":\"https:\\\/\\\/egerhaziimre.hu\\\/index.php\\\/archivum\\\/audiovizualis-archivum\\\/medgyesi-muzeum-kiallitas-kepek-1999\\\/?lang=en#breadcrumb\",\"itemListElement\":[{\"@type\":\"ListItem\",\"position\":1,\"name\":\"Home\",\"item\":\"https:\\\/\\\/egerhaziimre.hu\\\/\"},{\"@type\":\"ListItem\",\"position\":2,\"name\":\"Archives\",\"item\":\"https:\\\/\\\/egerhaziimre.hu\\\/index.php\\\/archivum\\\/?lang=en\"},{\"@type\":\"ListItem\",\"position\":3,\"name\":\"Audiovisual archives\",\"item\":\"https:\\\/\\\/egerhaziimre.hu\\\/index.php\\\/archivum\\\/audiovizualis-archivum\\\/?lang=en\"},{\"@type\":\"ListItem\",\"position\":4,\"name\":\"Medgyessi Ferenc M\u00fazeumban ki\u00e1ll\u00edtott k\u00e9pek, 1999\"}]},{\"@type\":\"WebSite\",\"@id\":\"https:\\\/\\\/egerhaziimre.hu\\\/#website\",\"url\":\"https:\\\/\\\/egerhaziimre.hu\\\/\",\"name\":\"\u00c9gerh\u00e1zi Imre\",\"description\":\"\",\"potentialAction\":[{\"@type\":\"SearchAction\",\"target\":{\"@type\":\"EntryPoint\",\"urlTemplate\":\"https:\\\/\\\/egerhaziimre.hu\\\/?s={search_term_string}\"},\"query-input\":{\"@type\":\"PropertyValueSpecification\",\"valueRequired\":true,\"valueName\":\"search_term_string\"}}],\"inLanguage\":\"hu\"}]}<\/script>\n<!-- \/ Yoast SEO plugin. -->","yoast_head_json":{"title":"Medgyessi Ferenc M\u00fazeumban ki\u00e1ll\u00edtott k\u00e9pek, 1999 - \u00c9gerh\u00e1zi Imre","robots":{"index":"index","follow":"follow","max-snippet":"max-snippet:-1","max-image-preview":"max-image-preview:large","max-video-preview":"max-video-preview:-1"},"canonical":"https:\/\/egerhaziimre.hu\/index.php\/archivum\/audiovizualis-archivum\/medgyesi-muzeum-kiallitas-kepek-1999\/?lang=en","og_locale":"hu_HU","og_type":"article","og_title":"Medgyessi Ferenc M\u00fazeumban ki\u00e1ll\u00edtott k\u00e9pek, 1999 - \u00c9gerh\u00e1zi Imre","og_description":"[vc_row][vc_column][vc_column_text] \u00c9gerh\u00e1zi Imre 9 \u00e9ves volt, mikor bek\u00f6lt\u00f6ztek Hajd\u00fahadh\u00e1zr\u00f3l Debrecenbe. Debrecenben n\u0151tt fel, v\u00e1lt \u00e9rett fest\u0151v\u00e9, de mindig is k\u00f6t\u0151d\u00f6tt a Hajd\u00fas\u00e1ghoz \u00e9s Hajd\u00fahadh\u00e1zhoz is. A 90-es \u00e9vekben Hadh\u00e1zt\u00f3l kapott alkot\u00f3h\u00e1zat, melyet \u00e9letm\u0171ve k\u00f6zel 100 alkot\u00e1s\u00e1nak a v\u00e1ros r\u00e9sz\u00e9re t\u00f6rt\u00e9nt adom\u00e1nyoz\u00e1s\u00e1val h\u00e1l\u00e1lt meg a m\u0171v\u00e9sz. K\u00e9s\u0151bb a v\u00e1ros d\u00edszpolg\u00e1ra lett. A fentiekkel egy\u00fctt m\u00e9gis azt kell mondanunk, hogy \u00c9gerh\u00e1zi Imre [&hellip;]","og_url":"https:\/\/egerhaziimre.hu\/index.php\/archivum\/audiovizualis-archivum\/medgyesi-muzeum-kiallitas-kepek-1999\/?lang=en","og_site_name":"\u00c9gerh\u00e1zi Imre","article_modified_time":"2020-09-28T09:55:31+00:00","og_image":[{"width":1920,"height":1080,"url":"https:\/\/egerhaziimre.hu\/wp-content\/uploads\/2020\/08\/video_1999_04_debrecen_02_tiny.jpg","type":"image\/jpeg"}],"twitter_card":"summary_large_image","twitter_misc":{"Becs\u00fclt olvas\u00e1si id\u0151":"4 perc"},"schema":{"@context":"https:\/\/schema.org","@graph":[{"@type":"WebPage","@id":"https:\/\/egerhaziimre.hu\/index.php\/archivum\/audiovizualis-archivum\/medgyesi-muzeum-kiallitas-kepek-1999\/?lang=en","url":"https:\/\/egerhaziimre.hu\/index.php\/archivum\/audiovizualis-archivum\/medgyesi-muzeum-kiallitas-kepek-1999\/?lang=en","name":"Medgyessi Ferenc M\u00fazeumban ki\u00e1ll\u00edtott k\u00e9pek, 1999 - \u00c9gerh\u00e1zi Imre","isPartOf":{"@id":"https:\/\/egerhaziimre.hu\/#website"},"primaryImageOfPage":{"@id":"https:\/\/egerhaziimre.hu\/index.php\/archivum\/audiovizualis-archivum\/medgyesi-muzeum-kiallitas-kepek-1999\/?lang=en#primaryimage"},"image":{"@id":"https:\/\/egerhaziimre.hu\/index.php\/archivum\/audiovizualis-archivum\/medgyesi-muzeum-kiallitas-kepek-1999\/?lang=en#primaryimage"},"thumbnailUrl":"https:\/\/egerhaziimre.hu\/wp-content\/uploads\/2020\/08\/video_1999_04_debrecen_02_tiny.jpg","datePublished":"1999-08-28T08:48:41+00:00","dateModified":"2020-09-28T09:55:31+00:00","breadcrumb":{"@id":"https:\/\/egerhaziimre.hu\/index.php\/archivum\/audiovizualis-archivum\/medgyesi-muzeum-kiallitas-kepek-1999\/?lang=en#breadcrumb"},"inLanguage":"hu","potentialAction":[{"@type":"ReadAction","target":["https:\/\/egerhaziimre.hu\/index.php\/archivum\/audiovizualis-archivum\/medgyesi-muzeum-kiallitas-kepek-1999\/?lang=en"]}]},{"@type":"ImageObject","inLanguage":"hu","@id":"https:\/\/egerhaziimre.hu\/index.php\/archivum\/audiovizualis-archivum\/medgyesi-muzeum-kiallitas-kepek-1999\/?lang=en#primaryimage","url":"https:\/\/egerhaziimre.hu\/wp-content\/uploads\/2020\/08\/video_1999_04_debrecen_02_tiny.jpg","contentUrl":"https:\/\/egerhaziimre.hu\/wp-content\/uploads\/2020\/08\/video_1999_04_debrecen_02_tiny.jpg","width":1920,"height":1080},{"@type":"BreadcrumbList","@id":"https:\/\/egerhaziimre.hu\/index.php\/archivum\/audiovizualis-archivum\/medgyesi-muzeum-kiallitas-kepek-1999\/?lang=en#breadcrumb","itemListElement":[{"@type":"ListItem","position":1,"name":"Home","item":"https:\/\/egerhaziimre.hu\/"},{"@type":"ListItem","position":2,"name":"Archives","item":"https:\/\/egerhaziimre.hu\/index.php\/archivum\/?lang=en"},{"@type":"ListItem","position":3,"name":"Audiovisual archives","item":"https:\/\/egerhaziimre.hu\/index.php\/archivum\/audiovizualis-archivum\/?lang=en"},{"@type":"ListItem","position":4,"name":"Medgyessi Ferenc M\u00fazeumban ki\u00e1ll\u00edtott k\u00e9pek, 1999"}]},{"@type":"WebSite","@id":"https:\/\/egerhaziimre.hu\/#website","url":"https:\/\/egerhaziimre.hu\/","name":"\u00c9gerh\u00e1zi Imre","description":"","potentialAction":[{"@type":"SearchAction","target":{"@type":"EntryPoint","urlTemplate":"https:\/\/egerhaziimre.hu\/?s={search_term_string}"},"query-input":{"@type":"PropertyValueSpecification","valueRequired":true,"valueName":"search_term_string"}}],"inLanguage":"hu"}]}},"jetpack_sharing_enabled":true,"_links":{"self":[{"href":"https:\/\/egerhaziimre.hu\/index.php\/wp-json\/wp\/v2\/pages\/8834","targetHints":{"allow":["GET"]}}],"collection":[{"href":"https:\/\/egerhaziimre.hu\/index.php\/wp-json\/wp\/v2\/pages"}],"about":[{"href":"https:\/\/egerhaziimre.hu\/index.php\/wp-json\/wp\/v2\/types\/page"}],"author":[{"embeddable":true,"href":"https:\/\/egerhaziimre.hu\/index.php\/wp-json\/wp\/v2\/users\/4"}],"replies":[{"embeddable":true,"href":"https:\/\/egerhaziimre.hu\/index.php\/wp-json\/wp\/v2\/comments?post=8834"}],"version-history":[{"count":4,"href":"https:\/\/egerhaziimre.hu\/index.php\/wp-json\/wp\/v2\/pages\/8834\/revisions"}],"predecessor-version":[{"id":9734,"href":"https:\/\/egerhaziimre.hu\/index.php\/wp-json\/wp\/v2\/pages\/8834\/revisions\/9734"}],"up":[{"embeddable":true,"href":"https:\/\/egerhaziimre.hu\/index.php\/wp-json\/wp\/v2\/pages\/41"}],"wp:featuredmedia":[{"embeddable":true,"href":"https:\/\/egerhaziimre.hu\/index.php\/wp-json\/wp\/v2\/media\/8831"}],"wp:attachment":[{"href":"https:\/\/egerhaziimre.hu\/index.php\/wp-json\/wp\/v2\/media?parent=8834"}],"wp:term":[{"taxonomy":"category","embeddable":true,"href":"https:\/\/egerhaziimre.hu\/index.php\/wp-json\/wp\/v2\/categories?post=8834"},{"taxonomy":"post_tag","embeddable":true,"href":"https:\/\/egerhaziimre.hu\/index.php\/wp-json\/wp\/v2\/tags?post=8834"}],"curies":[{"name":"wp","href":"https:\/\/api.w.org\/{rel}","templated":true}]}}