{"id":9282,"date":"1988-09-08T13:18:45","date_gmt":"1988-09-08T11:18:45","guid":{"rendered":"http:\/\/egerhaziimre.magex.hu\/?page_id=9282"},"modified":"2020-11-22T15:26:32","modified_gmt":"2020-11-22T14:26:32","slug":"hortobagyi-alkototabor-francia-kapcsolat-1988","status":"publish","type":"page","link":"https:\/\/egerhaziimre.hu\/index.php\/archivum\/audiovizualis-archivum\/hortobagyi-alkototabor-francia-kapcsolat-1988\/","title":{"rendered":"Hortob\u00e1gyi Alkot\u00f3t\u00e1bor &#8211; Francia kapcsolat &#8211; Nagy L\u00e1szl\u00f3 J\u00e1nos filmje, 1988"},"content":{"rendered":"<div class=\"wpb-content-wrapper\">[vc_row][vc_column][vc_column_text]Az \u00c9gerh\u00e1zi Imre vezette Hortob\u00e1gyi Alkot\u00f3t\u00e1bor gy\u00fcm\u00f6lcs\u00f6z\u0151 kapcsolatokat \u00e1polt a francia m\u0171v\u00e9szekkel \u00e9s int\u00e9zm\u00e9nyekkel. Ennek az egy\u00fcttm\u0171k\u00f6d\u00e9snek a keret\u00e9ben l\u00e1togatott el a t\u00e1bor nemzetk\u00f6zi t\u00e1rsas\u00e1ga Franciaorsz\u00e1gba. Az \u00fatra elk\u00eds\u00e9rte \u0151ket Nagy L\u00e1szl\u00f3 J\u00e1nos debreceni amat\u0151r filmes tan\u00e1r.[\/vc_column_text][vc_separator][vc_video link=&#8221;https:\/\/www.youtube.com\/watch?v=3lY3HDb_dLY&#8221; el_width=&#8221;80&#8243; align=&#8221;center&#8221;][vc_separator][vc_column_text]\n<h6>Nagy L\u00e1szl\u00f3 J\u00e1nos<\/h6>\n<p><strong>R\u00f6vid ismertet\u0151<\/strong><\/p>\n<p>Nagy L\u00e1szl\u00f3 J\u00e1nos debreceni tan\u00e1r \u00e9s ismert amat\u0151r filmes \u00c9gerh\u00e1zi Imre j\u00f3 bar\u00e1tja volt, akivel t\u00f6bb k\u00f6z\u00f6s tanulm\u00e1ny\u00faton is r\u00e9szt vettek, k\u00e9sz\u00edtettek k\u00f6z\u00f6sen filmeket \u00e9s hangfelv\u00e9teleket is.<\/p>\n<p>1973-ban egy\u00fctt utaztak el Erd\u00e9lybe a Cs\u00e1ng\u00f3 Fesztiv\u00e1lra, melyr\u0151l 8mm-es filmfelv\u00e9teleket, hangfelv\u00e9telt \u00e9s rengeteg di\u00e1t k\u00e9sz\u00edtettek. A Gyimesben rendezett els\u0151 Cs\u00e1ng\u00f3 Fesztiv\u00e1l c\u00edme a Bar\u00e1ts\u00e1g H\u00farj\u00e1n elnevez\u00e9st kapta. A debreceni alkot\u00f3k az erd\u00e9lyi magyar kult\u00fara nem mindennapi esem\u00e9ny\u00e9t \u00f6r\u00f6k\u00edtett\u00e9k meg, igencsak zord \u00e9s a rom\u00e1n hat\u00f3s\u00e1gok miatt bar\u00e1ts\u00e1gtalan k\u00f6r\u00fclm\u00e9nyek k\u00f6z\u00f6tt.<\/p>\n<p>Nagy L\u00e1szl\u00f3 J\u00e1nos 1974-ben \u00c9gerh\u00e1zi Imr\u00e9r\u0151l egy remek portr\u00e9filmet forgatott, bemutatva a fest\u0151t \u00e9s az embert. A film premierj\u00e9re Debrecenben az Apoll\u00f3 moziban ker\u00fclt sort, t\u00f6bb m\u00e1s Nagy L\u00e1szl\u00f3 J\u00e1nos kisfilmmel egy\u00fctt.<br \/>\nKapcsolatuk ezut\u00e1n is szoros maradt, Nagy L\u00e1szl\u00f3 J\u00e1nos \u00c9gerh\u00e1zi Imre t\u00f6bb ki\u00e1ll\u00edt\u00e1s\u00e1nak is megnyit\u00f3ja volt.<\/p>\n<p>1986-ban Nagy L\u00e1szl\u00f3 J\u00e1nos filmet k\u00e9sz\u00edtett az \u00c9gerh\u00e1zi Imre vezette Hortob\u00e1gyi alkot\u00f3t\u00e1borr\u00f3l, 1988-ben pedig a telep franciaorsz\u00e1gi tanulm\u00e1nyi \u00fatj\u00e1r\u00f3l.[\/vc_column_text][\/vc_column][\/vc_row]\n<\/div>","protected":false},"excerpt":{"rendered":"<p>[vc_row][vc_column][vc_column_text]Az \u00c9gerh\u00e1zi Imre vezette Hortob\u00e1gyi Alkot\u00f3t\u00e1bor gy\u00fcm\u00f6lcs\u00f6z\u0151 kapcsolatokat \u00e1polt a francia m\u0171v\u00e9szekkel \u00e9s int\u00e9zm\u00e9nyekkel. Ennek az egy\u00fcttm\u0171k\u00f6d\u00e9snek a keret\u00e9ben l\u00e1togatott el a t\u00e1bor nemzetk\u00f6zi t\u00e1rsas\u00e1ga Franciaorsz\u00e1gba. Az \u00fatra elk\u00eds\u00e9rte \u0151ket Nagy L\u00e1szl\u00f3 J\u00e1nos debreceni amat\u0151r filmes tan\u00e1r.[\/vc_column_text][vc_separator][vc_video link=&#8221;https:\/\/www.youtube.com\/watch?v=3lY3HDb_dLY&#8221; el_width=&#8221;80&#8243; align=&#8221;center&#8221;][vc_separator][vc_column_text] Nagy L\u00e1szl\u00f3 J\u00e1nos R\u00f6vid ismertet\u0151 Nagy L\u00e1szl\u00f3 J\u00e1nos debreceni tan\u00e1r \u00e9s ismert amat\u0151r filmes \u00c9gerh\u00e1zi Imre j\u00f3 bar\u00e1tja volt, akivel [&hellip;]<\/p>\n","protected":false},"author":4,"featured_media":9283,"parent":41,"menu_order":0,"comment_status":"closed","ping_status":"closed","template":"","meta":{"footnotes":""},"categories":[53],"tags":[65,227,205,228],"class_list":["post-9282","page","type-page","status-publish","has-post-thumbnail","hentry","category-video","tag-65","tag-1988_francia_kapcsolat_video","tag-hortobagyi-alkototabor","tag-hortobagyi_alkototabor_video"],"yoast_head":"<!-- This site is optimized with the Yoast SEO plugin v27.0 - https:\/\/yoast.com\/product\/yoast-seo-wordpress\/ -->\n<title>Hortob\u00e1gyi Alkot\u00f3t\u00e1bor - Francia kapcsolat - Nagy L\u00e1szl\u00f3 J\u00e1nos filmje, 1988 - \u00c9gerh\u00e1zi Imre<\/title>\n<meta name=\"robots\" content=\"index, follow, max-snippet:-1, max-image-preview:large, max-video-preview:-1\" \/>\n<link rel=\"canonical\" href=\"https:\/\/egerhaziimre.hu\/index.php\/archivum\/audiovizualis-archivum\/hortobagyi-alkototabor-francia-kapcsolat-1988\/?lang=en\" \/>\n<meta property=\"og:locale\" content=\"hu_HU\" \/>\n<meta property=\"og:type\" content=\"article\" \/>\n<meta property=\"og:title\" content=\"Hortob\u00e1gyi Alkot\u00f3t\u00e1bor - Francia kapcsolat - Nagy L\u00e1szl\u00f3 J\u00e1nos filmje, 1988 - \u00c9gerh\u00e1zi Imre\" \/>\n<meta property=\"og:description\" content=\"[vc_row][vc_column][vc_column_text]Az \u00c9gerh\u00e1zi Imre vezette Hortob\u00e1gyi Alkot\u00f3t\u00e1bor gy\u00fcm\u00f6lcs\u00f6z\u0151 kapcsolatokat \u00e1polt a francia m\u0171v\u00e9szekkel \u00e9s int\u00e9zm\u00e9nyekkel. Ennek az egy\u00fcttm\u0171k\u00f6d\u00e9snek a keret\u00e9ben l\u00e1togatott el a t\u00e1bor nemzetk\u00f6zi t\u00e1rsas\u00e1ga Franciaorsz\u00e1gba. Az \u00fatra elk\u00eds\u00e9rte \u0151ket Nagy L\u00e1szl\u00f3 J\u00e1nos debreceni amat\u0151r filmes tan\u00e1r.[\/vc_column_text][vc_separator][vc_video link=&#8221;https:\/\/www.youtube.com\/watch?v=3lY3HDb_dLY&#8221; el_width=&#8221;80&#8243; align=&#8221;center&#8221;][vc_separator][vc_column_text] Nagy L\u00e1szl\u00f3 J\u00e1nos R\u00f6vid ismertet\u0151 Nagy L\u00e1szl\u00f3 J\u00e1nos debreceni tan\u00e1r \u00e9s ismert amat\u0151r filmes \u00c9gerh\u00e1zi Imre j\u00f3 bar\u00e1tja volt, akivel [&hellip;]\" \/>\n<meta property=\"og:url\" content=\"https:\/\/egerhaziimre.hu\/index.php\/archivum\/audiovizualis-archivum\/hortobagyi-alkototabor-francia-kapcsolat-1988\/?lang=en\" \/>\n<meta property=\"og:site_name\" content=\"\u00c9gerh\u00e1zi Imre\" \/>\n<meta property=\"article:modified_time\" content=\"2020-11-22T14:26:32+00:00\" \/>\n<meta property=\"og:image\" content=\"https:\/\/egerhaziimre.hu\/wp-content\/uploads\/2020\/09\/francia_kapcsolat.png\" \/>\n\t<meta property=\"og:image:width\" content=\"2322\" \/>\n\t<meta property=\"og:image:height\" content=\"1306\" \/>\n\t<meta property=\"og:image:type\" content=\"image\/png\" \/>\n<meta name=\"twitter:card\" content=\"summary_large_image\" \/>\n<meta name=\"twitter:label1\" content=\"Becs\u00fclt olvas\u00e1si id\u0151\" \/>\n\t<meta name=\"twitter:data1\" content=\"2 perc\" \/>\n<script type=\"application\/ld+json\" class=\"yoast-schema-graph\">{\"@context\":\"https:\/\/schema.org\",\"@graph\":[{\"@type\":\"WebPage\",\"@id\":\"https:\/\/egerhaziimre.hu\/index.php\/archivum\/audiovizualis-archivum\/hortobagyi-alkototabor-francia-kapcsolat-1988\/?lang=en\",\"url\":\"https:\/\/egerhaziimre.hu\/index.php\/archivum\/audiovizualis-archivum\/hortobagyi-alkototabor-francia-kapcsolat-1988\/?lang=en\",\"name\":\"Hortob\u00e1gyi Alkot\u00f3t\u00e1bor - Francia kapcsolat - Nagy L\u00e1szl\u00f3 J\u00e1nos filmje, 1988 - \u00c9gerh\u00e1zi Imre\",\"isPartOf\":{\"@id\":\"https:\/\/egerhaziimre.hu\/#website\"},\"primaryImageOfPage\":{\"@id\":\"https:\/\/egerhaziimre.hu\/index.php\/archivum\/audiovizualis-archivum\/hortobagyi-alkototabor-francia-kapcsolat-1988\/?lang=en#primaryimage\"},\"image\":{\"@id\":\"https:\/\/egerhaziimre.hu\/index.php\/archivum\/audiovizualis-archivum\/hortobagyi-alkototabor-francia-kapcsolat-1988\/?lang=en#primaryimage\"},\"thumbnailUrl\":\"https:\/\/egerhaziimre.hu\/wp-content\/uploads\/2020\/09\/francia_kapcsolat.png\",\"datePublished\":\"1988-09-08T11:18:45+00:00\",\"dateModified\":\"2020-11-22T14:26:32+00:00\",\"breadcrumb\":{\"@id\":\"https:\/\/egerhaziimre.hu\/index.php\/archivum\/audiovizualis-archivum\/hortobagyi-alkototabor-francia-kapcsolat-1988\/?lang=en#breadcrumb\"},\"inLanguage\":\"hu\",\"potentialAction\":[{\"@type\":\"ReadAction\",\"target\":[\"https:\/\/egerhaziimre.hu\/index.php\/archivum\/audiovizualis-archivum\/hortobagyi-alkototabor-francia-kapcsolat-1988\/?lang=en\"]}]},{\"@type\":\"ImageObject\",\"inLanguage\":\"hu\",\"@id\":\"https:\/\/egerhaziimre.hu\/index.php\/archivum\/audiovizualis-archivum\/hortobagyi-alkototabor-francia-kapcsolat-1988\/?lang=en#primaryimage\",\"url\":\"https:\/\/egerhaziimre.hu\/wp-content\/uploads\/2020\/09\/francia_kapcsolat.png\",\"contentUrl\":\"https:\/\/egerhaziimre.hu\/wp-content\/uploads\/2020\/09\/francia_kapcsolat.png\",\"width\":2322,\"height\":1306},{\"@type\":\"BreadcrumbList\",\"@id\":\"https:\/\/egerhaziimre.hu\/index.php\/archivum\/audiovizualis-archivum\/hortobagyi-alkototabor-francia-kapcsolat-1988\/?lang=en#breadcrumb\",\"itemListElement\":[{\"@type\":\"ListItem\",\"position\":1,\"name\":\"Home\",\"item\":\"https:\/\/egerhaziimre.hu\/\"},{\"@type\":\"ListItem\",\"position\":2,\"name\":\"Archives\",\"item\":\"https:\/\/egerhaziimre.hu\/index.php\/archivum\/?lang=en\"},{\"@type\":\"ListItem\",\"position\":3,\"name\":\"Audiovisual archives\",\"item\":\"https:\/\/egerhaziimre.hu\/index.php\/archivum\/audiovizualis-archivum\/?lang=en\"},{\"@type\":\"ListItem\",\"position\":4,\"name\":\"Hortob\u00e1gyi Alkot\u00f3t\u00e1bor &#8211; Francia kapcsolat &#8211; Nagy L\u00e1szl\u00f3 J\u00e1nos filmje, 1988\"}]},{\"@type\":\"WebSite\",\"@id\":\"https:\/\/egerhaziimre.hu\/#website\",\"url\":\"https:\/\/egerhaziimre.hu\/\",\"name\":\"\u00c9gerh\u00e1zi Imre\",\"description\":\"\",\"potentialAction\":[{\"@type\":\"SearchAction\",\"target\":{\"@type\":\"EntryPoint\",\"urlTemplate\":\"https:\/\/egerhaziimre.hu\/?s={search_term_string}\"},\"query-input\":{\"@type\":\"PropertyValueSpecification\",\"valueRequired\":true,\"valueName\":\"search_term_string\"}}],\"inLanguage\":\"hu\"}]}<\/script>\n<!-- \/ Yoast SEO plugin. -->","yoast_head_json":{"title":"Hortob\u00e1gyi Alkot\u00f3t\u00e1bor - Francia kapcsolat - Nagy L\u00e1szl\u00f3 J\u00e1nos filmje, 1988 - \u00c9gerh\u00e1zi Imre","robots":{"index":"index","follow":"follow","max-snippet":"max-snippet:-1","max-image-preview":"max-image-preview:large","max-video-preview":"max-video-preview:-1"},"canonical":"https:\/\/egerhaziimre.hu\/index.php\/archivum\/audiovizualis-archivum\/hortobagyi-alkototabor-francia-kapcsolat-1988\/?lang=en","og_locale":"hu_HU","og_type":"article","og_title":"Hortob\u00e1gyi Alkot\u00f3t\u00e1bor - Francia kapcsolat - Nagy L\u00e1szl\u00f3 J\u00e1nos filmje, 1988 - \u00c9gerh\u00e1zi Imre","og_description":"[vc_row][vc_column][vc_column_text]Az \u00c9gerh\u00e1zi Imre vezette Hortob\u00e1gyi Alkot\u00f3t\u00e1bor gy\u00fcm\u00f6lcs\u00f6z\u0151 kapcsolatokat \u00e1polt a francia m\u0171v\u00e9szekkel \u00e9s int\u00e9zm\u00e9nyekkel. Ennek az egy\u00fcttm\u0171k\u00f6d\u00e9snek a keret\u00e9ben l\u00e1togatott el a t\u00e1bor nemzetk\u00f6zi t\u00e1rsas\u00e1ga Franciaorsz\u00e1gba. Az \u00fatra elk\u00eds\u00e9rte \u0151ket Nagy L\u00e1szl\u00f3 J\u00e1nos debreceni amat\u0151r filmes tan\u00e1r.[\/vc_column_text][vc_separator][vc_video link=&#8221;https:\/\/www.youtube.com\/watch?v=3lY3HDb_dLY&#8221; el_width=&#8221;80&#8243; align=&#8221;center&#8221;][vc_separator][vc_column_text] Nagy L\u00e1szl\u00f3 J\u00e1nos R\u00f6vid ismertet\u0151 Nagy L\u00e1szl\u00f3 J\u00e1nos debreceni tan\u00e1r \u00e9s ismert amat\u0151r filmes \u00c9gerh\u00e1zi Imre j\u00f3 bar\u00e1tja volt, akivel [&hellip;]","og_url":"https:\/\/egerhaziimre.hu\/index.php\/archivum\/audiovizualis-archivum\/hortobagyi-alkototabor-francia-kapcsolat-1988\/?lang=en","og_site_name":"\u00c9gerh\u00e1zi Imre","article_modified_time":"2020-11-22T14:26:32+00:00","og_image":[{"width":2322,"height":1306,"url":"https:\/\/egerhaziimre.hu\/wp-content\/uploads\/2020\/09\/francia_kapcsolat.png","type":"image\/png"}],"twitter_card":"summary_large_image","twitter_misc":{"Becs\u00fclt olvas\u00e1si id\u0151":"2 perc"},"schema":{"@context":"https:\/\/schema.org","@graph":[{"@type":"WebPage","@id":"https:\/\/egerhaziimre.hu\/index.php\/archivum\/audiovizualis-archivum\/hortobagyi-alkototabor-francia-kapcsolat-1988\/?lang=en","url":"https:\/\/egerhaziimre.hu\/index.php\/archivum\/audiovizualis-archivum\/hortobagyi-alkototabor-francia-kapcsolat-1988\/?lang=en","name":"Hortob\u00e1gyi Alkot\u00f3t\u00e1bor - Francia kapcsolat - Nagy L\u00e1szl\u00f3 J\u00e1nos filmje, 1988 - \u00c9gerh\u00e1zi Imre","isPartOf":{"@id":"https:\/\/egerhaziimre.hu\/#website"},"primaryImageOfPage":{"@id":"https:\/\/egerhaziimre.hu\/index.php\/archivum\/audiovizualis-archivum\/hortobagyi-alkototabor-francia-kapcsolat-1988\/?lang=en#primaryimage"},"image":{"@id":"https:\/\/egerhaziimre.hu\/index.php\/archivum\/audiovizualis-archivum\/hortobagyi-alkototabor-francia-kapcsolat-1988\/?lang=en#primaryimage"},"thumbnailUrl":"https:\/\/egerhaziimre.hu\/wp-content\/uploads\/2020\/09\/francia_kapcsolat.png","datePublished":"1988-09-08T11:18:45+00:00","dateModified":"2020-11-22T14:26:32+00:00","breadcrumb":{"@id":"https:\/\/egerhaziimre.hu\/index.php\/archivum\/audiovizualis-archivum\/hortobagyi-alkototabor-francia-kapcsolat-1988\/?lang=en#breadcrumb"},"inLanguage":"hu","potentialAction":[{"@type":"ReadAction","target":["https:\/\/egerhaziimre.hu\/index.php\/archivum\/audiovizualis-archivum\/hortobagyi-alkototabor-francia-kapcsolat-1988\/?lang=en"]}]},{"@type":"ImageObject","inLanguage":"hu","@id":"https:\/\/egerhaziimre.hu\/index.php\/archivum\/audiovizualis-archivum\/hortobagyi-alkototabor-francia-kapcsolat-1988\/?lang=en#primaryimage","url":"https:\/\/egerhaziimre.hu\/wp-content\/uploads\/2020\/09\/francia_kapcsolat.png","contentUrl":"https:\/\/egerhaziimre.hu\/wp-content\/uploads\/2020\/09\/francia_kapcsolat.png","width":2322,"height":1306},{"@type":"BreadcrumbList","@id":"https:\/\/egerhaziimre.hu\/index.php\/archivum\/audiovizualis-archivum\/hortobagyi-alkototabor-francia-kapcsolat-1988\/?lang=en#breadcrumb","itemListElement":[{"@type":"ListItem","position":1,"name":"Home","item":"https:\/\/egerhaziimre.hu\/"},{"@type":"ListItem","position":2,"name":"Archives","item":"https:\/\/egerhaziimre.hu\/index.php\/archivum\/?lang=en"},{"@type":"ListItem","position":3,"name":"Audiovisual archives","item":"https:\/\/egerhaziimre.hu\/index.php\/archivum\/audiovizualis-archivum\/?lang=en"},{"@type":"ListItem","position":4,"name":"Hortob\u00e1gyi Alkot\u00f3t\u00e1bor &#8211; Francia kapcsolat &#8211; Nagy L\u00e1szl\u00f3 J\u00e1nos filmje, 1988"}]},{"@type":"WebSite","@id":"https:\/\/egerhaziimre.hu\/#website","url":"https:\/\/egerhaziimre.hu\/","name":"\u00c9gerh\u00e1zi Imre","description":"","potentialAction":[{"@type":"SearchAction","target":{"@type":"EntryPoint","urlTemplate":"https:\/\/egerhaziimre.hu\/?s={search_term_string}"},"query-input":{"@type":"PropertyValueSpecification","valueRequired":true,"valueName":"search_term_string"}}],"inLanguage":"hu"}]}},"jetpack_sharing_enabled":true,"_links":{"self":[{"href":"https:\/\/egerhaziimre.hu\/index.php\/wp-json\/wp\/v2\/pages\/9282","targetHints":{"allow":["GET"]}}],"collection":[{"href":"https:\/\/egerhaziimre.hu\/index.php\/wp-json\/wp\/v2\/pages"}],"about":[{"href":"https:\/\/egerhaziimre.hu\/index.php\/wp-json\/wp\/v2\/types\/page"}],"author":[{"embeddable":true,"href":"https:\/\/egerhaziimre.hu\/index.php\/wp-json\/wp\/v2\/users\/4"}],"replies":[{"embeddable":true,"href":"https:\/\/egerhaziimre.hu\/index.php\/wp-json\/wp\/v2\/comments?post=9282"}],"version-history":[{"count":4,"href":"https:\/\/egerhaziimre.hu\/index.php\/wp-json\/wp\/v2\/pages\/9282\/revisions"}],"predecessor-version":[{"id":11227,"href":"https:\/\/egerhaziimre.hu\/index.php\/wp-json\/wp\/v2\/pages\/9282\/revisions\/11227"}],"up":[{"embeddable":true,"href":"https:\/\/egerhaziimre.hu\/index.php\/wp-json\/wp\/v2\/pages\/41"}],"wp:featuredmedia":[{"embeddable":true,"href":"https:\/\/egerhaziimre.hu\/index.php\/wp-json\/wp\/v2\/media\/9283"}],"wp:attachment":[{"href":"https:\/\/egerhaziimre.hu\/index.php\/wp-json\/wp\/v2\/media?parent=9282"}],"wp:term":[{"taxonomy":"category","embeddable":true,"href":"https:\/\/egerhaziimre.hu\/index.php\/wp-json\/wp\/v2\/categories?post=9282"},{"taxonomy":"post_tag","embeddable":true,"href":"https:\/\/egerhaziimre.hu\/index.php\/wp-json\/wp\/v2\/tags?post=9282"}],"curies":[{"name":"wp","href":"https:\/\/api.w.org\/{rel}","templated":true}]}}