{"id":976,"date":"2019-08-05T14:35:27","date_gmt":"2019-08-05T12:35:27","guid":{"rendered":"http:\/\/egerhaziimre.magex.hu\/?page_id=976"},"modified":"2020-08-27T12:21:54","modified_gmt":"2020-08-27T10:21:54","slug":"benyei-jozsef-hajdu-bihari-naplo-1965-jun-20","status":"publish","type":"page","link":"https:\/\/egerhaziimre.hu\/index.php\/dijak-elismeresek\/benyei-jozsef-hajdu-bihari-naplo-1965-jun-20\/","title":{"rendered":"B\u00e9nyei J\u00f3zsef, Hajd\u00fa-Bihari Napl\u00f3, 1965. j\u00fan. 20."},"content":{"rendered":"<div class=\"wpb-content-wrapper\">\r\n<blockquote class=\"wp-block-quote is-layout-flow wp-block-quote-is-layout-flow\">\r\n<p>&#8222;&#8230;M\u0171v\u00e9szet\u00e9ben k\u00f6zponti helyre ker\u00fclt az ember, finom portr\u00e9i, figur\u00e1lis kompoz\u00edci\u00f3i arr\u00f3l tan\u00faskodnak, hogy megtal\u00e1lta az utat az ember \u0151szinte, igaz \u00e1br\u00e1zol\u00e1s\u00e1hoz, az ember gondolatainak, \u00e9rzelmeinek \u00e1tt\u00e9teles kifejez\u00e9s\u00e9hez.&#8221;<\/p>\r\n<cite>B\u00e9nyei J\u00f3zsef<br \/>Hajd\u00fa-Bihari Napl\u00f3, 1965. j\u00fan. 20.<\/cite><\/blockquote>\r\n<\/div>","protected":false},"excerpt":{"rendered":"<p>&#8222;&#8230;M\u0171v\u00e9szet\u00e9ben k\u00f6zponti helyre ker\u00fclt az ember, finom portr\u00e9i, figur\u00e1lis kompoz\u00edci\u00f3i arr\u00f3l tan\u00faskodnak, hogy megtal\u00e1lta az utat az ember \u0151szinte, igaz \u00e1br\u00e1zol\u00e1s\u00e1hoz, az ember gondolatainak, \u00e9rzelmeinek \u00e1tt\u00e9teles kifejez\u00e9s\u00e9hez.&#8221; B\u00e9nyei J\u00f3zsefHajd\u00fa-Bihari Napl\u00f3, 1965. j\u00fan. 20.<\/p>\n","protected":false},"author":4,"featured_media":0,"parent":31,"menu_order":0,"comment_status":"closed","ping_status":"closed","template":"","meta":{"footnotes":""},"categories":[84],"tags":[87],"class_list":["post-976","page","type-page","status-publish","hentry","category-kritikak_meltatasok","tag-87"],"yoast_head":"<!-- This site is optimized with the Yoast SEO plugin v27.3 - https:\/\/yoast.com\/product\/yoast-seo-wordpress\/ -->\n<title>B\u00e9nyei J\u00f3zsef, Hajd\u00fa-Bihari Napl\u00f3, 1965. j\u00fan. 20. - \u00c9gerh\u00e1zi Imre<\/title>\n<meta name=\"robots\" content=\"index, follow, max-snippet:-1, max-image-preview:large, max-video-preview:-1\" \/>\n<link rel=\"canonical\" href=\"https:\/\/egerhaziimre.hu\/index.php\/dijak-elismeresek\/benyei-jozsef-hajdu-bihari-naplo-1965-jun-20\/?lang=en\" \/>\n<meta property=\"og:locale\" content=\"hu_HU\" \/>\n<meta property=\"og:type\" content=\"article\" \/>\n<meta property=\"og:title\" content=\"B\u00e9nyei J\u00f3zsef, Hajd\u00fa-Bihari Napl\u00f3, 1965. j\u00fan. 20. - \u00c9gerh\u00e1zi Imre\" \/>\n<meta property=\"og:description\" content=\"&#8222;&#8230;M\u0171v\u00e9szet\u00e9ben k\u00f6zponti helyre ker\u00fclt az ember, finom portr\u00e9i, figur\u00e1lis kompoz\u00edci\u00f3i arr\u00f3l tan\u00faskodnak, hogy megtal\u00e1lta az utat az ember \u0151szinte, igaz \u00e1br\u00e1zol\u00e1s\u00e1hoz, az ember gondolatainak, \u00e9rzelmeinek \u00e1tt\u00e9teles kifejez\u00e9s\u00e9hez.&#8221; B\u00e9nyei J\u00f3zsefHajd\u00fa-Bihari Napl\u00f3, 1965. j\u00fan. 20.\" \/>\n<meta property=\"og:url\" content=\"https:\/\/egerhaziimre.hu\/index.php\/dijak-elismeresek\/benyei-jozsef-hajdu-bihari-naplo-1965-jun-20\/?lang=en\" \/>\n<meta property=\"og:site_name\" content=\"\u00c9gerh\u00e1zi Imre\" \/>\n<meta property=\"article:modified_time\" content=\"2020-08-27T10:21:54+00:00\" \/>\n<meta name=\"twitter:card\" content=\"summary_large_image\" \/>\n<meta name=\"twitter:label1\" content=\"Becs\u00fclt olvas\u00e1si id\u0151\" \/>\n\t<meta name=\"twitter:data1\" content=\"1 perc\" \/>\n<script type=\"application\/ld+json\" class=\"yoast-schema-graph\">{\"@context\":\"https:\\\/\\\/schema.org\",\"@graph\":[{\"@type\":\"WebPage\",\"@id\":\"https:\\\/\\\/egerhaziimre.hu\\\/index.php\\\/dijak-elismeresek\\\/benyei-jozsef-hajdu-bihari-naplo-1965-jun-20\\\/?lang=en\",\"url\":\"https:\\\/\\\/egerhaziimre.hu\\\/index.php\\\/dijak-elismeresek\\\/benyei-jozsef-hajdu-bihari-naplo-1965-jun-20\\\/?lang=en\",\"name\":\"B\u00e9nyei J\u00f3zsef, Hajd\u00fa-Bihari Napl\u00f3, 1965. j\u00fan. 20. - \u00c9gerh\u00e1zi Imre\",\"isPartOf\":{\"@id\":\"https:\\\/\\\/egerhaziimre.hu\\\/#website\"},\"datePublished\":\"2019-08-05T12:35:27+00:00\",\"dateModified\":\"2020-08-27T10:21:54+00:00\",\"breadcrumb\":{\"@id\":\"https:\\\/\\\/egerhaziimre.hu\\\/index.php\\\/dijak-elismeresek\\\/benyei-jozsef-hajdu-bihari-naplo-1965-jun-20\\\/?lang=en#breadcrumb\"},\"inLanguage\":\"hu\",\"potentialAction\":[{\"@type\":\"ReadAction\",\"target\":[\"https:\\\/\\\/egerhaziimre.hu\\\/index.php\\\/dijak-elismeresek\\\/benyei-jozsef-hajdu-bihari-naplo-1965-jun-20\\\/?lang=en\"]}]},{\"@type\":\"BreadcrumbList\",\"@id\":\"https:\\\/\\\/egerhaziimre.hu\\\/index.php\\\/dijak-elismeresek\\\/benyei-jozsef-hajdu-bihari-naplo-1965-jun-20\\\/?lang=en#breadcrumb\",\"itemListElement\":[{\"@type\":\"ListItem\",\"position\":1,\"name\":\"Home\",\"item\":\"https:\\\/\\\/egerhaziimre.hu\\\/\"},{\"@type\":\"ListItem\",\"position\":2,\"name\":\"Awards, recognitions\",\"item\":\"https:\\\/\\\/egerhaziimre.hu\\\/index.php\\\/dijak-elismeresek\\\/?lang=en\"},{\"@type\":\"ListItem\",\"position\":3,\"name\":\"B\u00e9nyei J\u00f3zsef, Hajd\u00fa-Bihari Napl\u00f3, 20th June 1965\"}]},{\"@type\":\"WebSite\",\"@id\":\"https:\\\/\\\/egerhaziimre.hu\\\/#website\",\"url\":\"https:\\\/\\\/egerhaziimre.hu\\\/\",\"name\":\"\u00c9gerh\u00e1zi Imre\",\"description\":\"\",\"potentialAction\":[{\"@type\":\"SearchAction\",\"target\":{\"@type\":\"EntryPoint\",\"urlTemplate\":\"https:\\\/\\\/egerhaziimre.hu\\\/?s={search_term_string}\"},\"query-input\":{\"@type\":\"PropertyValueSpecification\",\"valueRequired\":true,\"valueName\":\"search_term_string\"}}],\"inLanguage\":\"hu\"}]}<\/script>\n<!-- \/ Yoast SEO plugin. -->","yoast_head_json":{"title":"B\u00e9nyei J\u00f3zsef, Hajd\u00fa-Bihari Napl\u00f3, 1965. j\u00fan. 20. - \u00c9gerh\u00e1zi Imre","robots":{"index":"index","follow":"follow","max-snippet":"max-snippet:-1","max-image-preview":"max-image-preview:large","max-video-preview":"max-video-preview:-1"},"canonical":"https:\/\/egerhaziimre.hu\/index.php\/dijak-elismeresek\/benyei-jozsef-hajdu-bihari-naplo-1965-jun-20\/?lang=en","og_locale":"hu_HU","og_type":"article","og_title":"B\u00e9nyei J\u00f3zsef, Hajd\u00fa-Bihari Napl\u00f3, 1965. j\u00fan. 20. - \u00c9gerh\u00e1zi Imre","og_description":"&#8222;&#8230;M\u0171v\u00e9szet\u00e9ben k\u00f6zponti helyre ker\u00fclt az ember, finom portr\u00e9i, figur\u00e1lis kompoz\u00edci\u00f3i arr\u00f3l tan\u00faskodnak, hogy megtal\u00e1lta az utat az ember \u0151szinte, igaz \u00e1br\u00e1zol\u00e1s\u00e1hoz, az ember gondolatainak, \u00e9rzelmeinek \u00e1tt\u00e9teles kifejez\u00e9s\u00e9hez.&#8221; B\u00e9nyei J\u00f3zsefHajd\u00fa-Bihari Napl\u00f3, 1965. j\u00fan. 20.","og_url":"https:\/\/egerhaziimre.hu\/index.php\/dijak-elismeresek\/benyei-jozsef-hajdu-bihari-naplo-1965-jun-20\/?lang=en","og_site_name":"\u00c9gerh\u00e1zi Imre","article_modified_time":"2020-08-27T10:21:54+00:00","twitter_card":"summary_large_image","twitter_misc":{"Becs\u00fclt olvas\u00e1si id\u0151":"1 perc"},"schema":{"@context":"https:\/\/schema.org","@graph":[{"@type":"WebPage","@id":"https:\/\/egerhaziimre.hu\/index.php\/dijak-elismeresek\/benyei-jozsef-hajdu-bihari-naplo-1965-jun-20\/?lang=en","url":"https:\/\/egerhaziimre.hu\/index.php\/dijak-elismeresek\/benyei-jozsef-hajdu-bihari-naplo-1965-jun-20\/?lang=en","name":"B\u00e9nyei J\u00f3zsef, Hajd\u00fa-Bihari Napl\u00f3, 1965. j\u00fan. 20. - \u00c9gerh\u00e1zi Imre","isPartOf":{"@id":"https:\/\/egerhaziimre.hu\/#website"},"datePublished":"2019-08-05T12:35:27+00:00","dateModified":"2020-08-27T10:21:54+00:00","breadcrumb":{"@id":"https:\/\/egerhaziimre.hu\/index.php\/dijak-elismeresek\/benyei-jozsef-hajdu-bihari-naplo-1965-jun-20\/?lang=en#breadcrumb"},"inLanguage":"hu","potentialAction":[{"@type":"ReadAction","target":["https:\/\/egerhaziimre.hu\/index.php\/dijak-elismeresek\/benyei-jozsef-hajdu-bihari-naplo-1965-jun-20\/?lang=en"]}]},{"@type":"BreadcrumbList","@id":"https:\/\/egerhaziimre.hu\/index.php\/dijak-elismeresek\/benyei-jozsef-hajdu-bihari-naplo-1965-jun-20\/?lang=en#breadcrumb","itemListElement":[{"@type":"ListItem","position":1,"name":"Home","item":"https:\/\/egerhaziimre.hu\/"},{"@type":"ListItem","position":2,"name":"Awards, recognitions","item":"https:\/\/egerhaziimre.hu\/index.php\/dijak-elismeresek\/?lang=en"},{"@type":"ListItem","position":3,"name":"B\u00e9nyei J\u00f3zsef, Hajd\u00fa-Bihari Napl\u00f3, 20th June 1965"}]},{"@type":"WebSite","@id":"https:\/\/egerhaziimre.hu\/#website","url":"https:\/\/egerhaziimre.hu\/","name":"\u00c9gerh\u00e1zi Imre","description":"","potentialAction":[{"@type":"SearchAction","target":{"@type":"EntryPoint","urlTemplate":"https:\/\/egerhaziimre.hu\/?s={search_term_string}"},"query-input":{"@type":"PropertyValueSpecification","valueRequired":true,"valueName":"search_term_string"}}],"inLanguage":"hu"}]}},"jetpack_sharing_enabled":true,"_links":{"self":[{"href":"https:\/\/egerhaziimre.hu\/index.php\/wp-json\/wp\/v2\/pages\/976","targetHints":{"allow":["GET"]}}],"collection":[{"href":"https:\/\/egerhaziimre.hu\/index.php\/wp-json\/wp\/v2\/pages"}],"about":[{"href":"https:\/\/egerhaziimre.hu\/index.php\/wp-json\/wp\/v2\/types\/page"}],"author":[{"embeddable":true,"href":"https:\/\/egerhaziimre.hu\/index.php\/wp-json\/wp\/v2\/users\/4"}],"replies":[{"embeddable":true,"href":"https:\/\/egerhaziimre.hu\/index.php\/wp-json\/wp\/v2\/comments?post=976"}],"version-history":[{"count":3,"href":"https:\/\/egerhaziimre.hu\/index.php\/wp-json\/wp\/v2\/pages\/976\/revisions"}],"predecessor-version":[{"id":8815,"href":"https:\/\/egerhaziimre.hu\/index.php\/wp-json\/wp\/v2\/pages\/976\/revisions\/8815"}],"up":[{"embeddable":true,"href":"https:\/\/egerhaziimre.hu\/index.php\/wp-json\/wp\/v2\/pages\/31"}],"wp:attachment":[{"href":"https:\/\/egerhaziimre.hu\/index.php\/wp-json\/wp\/v2\/media?parent=976"}],"wp:term":[{"taxonomy":"category","embeddable":true,"href":"https:\/\/egerhaziimre.hu\/index.php\/wp-json\/wp\/v2\/categories?post=976"},{"taxonomy":"post_tag","embeddable":true,"href":"https:\/\/egerhaziimre.hu\/index.php\/wp-json\/wp\/v2\/tags?post=976"}],"curies":[{"name":"wp","href":"https:\/\/api.w.org\/{rel}","templated":true}]}}