{"id":998,"date":"2019-08-05T14:51:37","date_gmt":"2019-08-05T12:51:37","guid":{"rendered":"http:\/\/egerhaziimre.magex.hu\/?page_id=998"},"modified":"2020-08-27T14:23:34","modified_gmt":"2020-08-27T12:23:34","slug":"toth-bela-muveszet-1969-viii","status":"publish","type":"page","link":"https:\/\/egerhaziimre.hu\/index.php\/dijak-elismeresek\/toth-bela-muveszet-1969-viii\/","title":{"rendered":"T\u00f3th B\u00e9la, M\u0171v\u00e9szet, 1969. VIII."},"content":{"rendered":"<div class=\"wpb-content-wrapper\">\r\n<blockquote class=\"wp-block-quote is-layout-flow wp-block-quote-is-layout-flow\"><p>&#8222;Sz\u00e9p tiszta vonalrendszer, m\u00e9ly zeng\u00e9s\u0171, v\u00e1ltozatos, de egybehangolt sz\u00ednvil\u00e1g. A t\u00e9m\u00e1k nagyvonal\u00fa apr\u00f3l\u00e9koss\u00e1got mell\u0151z\u0151 kezel\u00e9se, gondos kidolgoz\u00e1s, m\u00edvess\u00e9g. Ezek \u00c9gerh\u00e1zi k\u00e9peinek egys\u00e9gesen jellemz\u0151 s val\u00f3ban megragad\u00f3 saj\u00e1ts\u00e1gai.&#8221;<\/p><cite>T\u00f3th B\u00e9la<br>M\u0171v\u00e9szet, 1969. VIII.<\/cite><\/blockquote>\r\n<\/div>","protected":false},"excerpt":{"rendered":"<p>&#8222;Sz\u00e9p tiszta vonalrendszer, m\u00e9ly zeng\u00e9s\u0171, v\u00e1ltozatos, de egybehangolt sz\u00ednvil\u00e1g. A t\u00e9m\u00e1k nagyvonal\u00fa apr\u00f3l\u00e9koss\u00e1got mell\u0151z\u0151 kezel\u00e9se, gondos kidolgoz\u00e1s, m\u00edvess\u00e9g. Ezek \u00c9gerh\u00e1zi k\u00e9peinek egys\u00e9gesen jellemz\u0151 s val\u00f3ban megragad\u00f3 saj\u00e1ts\u00e1gai.&#8221; T\u00f3th B\u00e9laM\u0171v\u00e9szet, 1969. VIII.<\/p>\n","protected":false},"author":4,"featured_media":0,"parent":31,"menu_order":0,"comment_status":"closed","ping_status":"closed","template":"","meta":{"footnotes":""},"categories":[84],"tags":[90],"class_list":["post-998","page","type-page","status-publish","hentry","category-kritikak_meltatasok","tag-90"],"yoast_head":"<!-- This site is optimized with the Yoast SEO plugin v27.4 - https:\/\/yoast.com\/product\/yoast-seo-wordpress\/ -->\n<title>T\u00f3th B\u00e9la, M\u0171v\u00e9szet, 1969. VIII. - \u00c9gerh\u00e1zi Imre<\/title>\n<meta name=\"robots\" content=\"index, follow, max-snippet:-1, max-image-preview:large, max-video-preview:-1\" \/>\n<link rel=\"canonical\" href=\"https:\/\/egerhaziimre.hu\/index.php\/dijak-elismeresek\/toth-bela-muveszet-1969-viii\/?lang=en\" \/>\n<meta property=\"og:locale\" content=\"hu_HU\" \/>\n<meta property=\"og:type\" content=\"article\" \/>\n<meta property=\"og:title\" content=\"T\u00f3th B\u00e9la, M\u0171v\u00e9szet, 1969. VIII. - \u00c9gerh\u00e1zi Imre\" \/>\n<meta property=\"og:description\" content=\"&#8222;Sz\u00e9p tiszta vonalrendszer, m\u00e9ly zeng\u00e9s\u0171, v\u00e1ltozatos, de egybehangolt sz\u00ednvil\u00e1g. A t\u00e9m\u00e1k nagyvonal\u00fa apr\u00f3l\u00e9koss\u00e1got mell\u0151z\u0151 kezel\u00e9se, gondos kidolgoz\u00e1s, m\u00edvess\u00e9g. Ezek \u00c9gerh\u00e1zi k\u00e9peinek egys\u00e9gesen jellemz\u0151 s val\u00f3ban megragad\u00f3 saj\u00e1ts\u00e1gai.&#8221; T\u00f3th B\u00e9laM\u0171v\u00e9szet, 1969. VIII.\" \/>\n<meta property=\"og:url\" content=\"https:\/\/egerhaziimre.hu\/index.php\/dijak-elismeresek\/toth-bela-muveszet-1969-viii\/?lang=en\" \/>\n<meta property=\"og:site_name\" content=\"\u00c9gerh\u00e1zi Imre\" \/>\n<meta property=\"article:modified_time\" content=\"2020-08-27T12:23:34+00:00\" \/>\n<meta name=\"twitter:card\" content=\"summary_large_image\" \/>\n<meta name=\"twitter:label1\" content=\"Becs\u00fclt olvas\u00e1si id\u0151\" \/>\n\t<meta name=\"twitter:data1\" content=\"1 perc\" \/>\n<script type=\"application\/ld+json\" class=\"yoast-schema-graph\">{\"@context\":\"https:\\\/\\\/schema.org\",\"@graph\":[{\"@type\":\"WebPage\",\"@id\":\"https:\\\/\\\/egerhaziimre.hu\\\/index.php\\\/dijak-elismeresek\\\/toth-bela-muveszet-1969-viii\\\/?lang=en\",\"url\":\"https:\\\/\\\/egerhaziimre.hu\\\/index.php\\\/dijak-elismeresek\\\/toth-bela-muveszet-1969-viii\\\/?lang=en\",\"name\":\"T\u00f3th B\u00e9la, M\u0171v\u00e9szet, 1969. VIII. - \u00c9gerh\u00e1zi Imre\",\"isPartOf\":{\"@id\":\"https:\\\/\\\/egerhaziimre.hu\\\/#website\"},\"datePublished\":\"2019-08-05T12:51:37+00:00\",\"dateModified\":\"2020-08-27T12:23:34+00:00\",\"breadcrumb\":{\"@id\":\"https:\\\/\\\/egerhaziimre.hu\\\/index.php\\\/dijak-elismeresek\\\/toth-bela-muveszet-1969-viii\\\/?lang=en#breadcrumb\"},\"inLanguage\":\"hu\",\"potentialAction\":[{\"@type\":\"ReadAction\",\"target\":[\"https:\\\/\\\/egerhaziimre.hu\\\/index.php\\\/dijak-elismeresek\\\/toth-bela-muveszet-1969-viii\\\/?lang=en\"]}]},{\"@type\":\"BreadcrumbList\",\"@id\":\"https:\\\/\\\/egerhaziimre.hu\\\/index.php\\\/dijak-elismeresek\\\/toth-bela-muveszet-1969-viii\\\/?lang=en#breadcrumb\",\"itemListElement\":[{\"@type\":\"ListItem\",\"position\":1,\"name\":\"Home\",\"item\":\"https:\\\/\\\/egerhaziimre.hu\\\/\"},{\"@type\":\"ListItem\",\"position\":2,\"name\":\"Awards, recognitions\",\"item\":\"https:\\\/\\\/egerhaziimre.hu\\\/index.php\\\/dijak-elismeresek\\\/?lang=en\"},{\"@type\":\"ListItem\",\"position\":3,\"name\":\"B\u00e9la T\u00f3th, M\u0171v\u00e9szet, 1969\\\/8 Issue\"}]},{\"@type\":\"WebSite\",\"@id\":\"https:\\\/\\\/egerhaziimre.hu\\\/#website\",\"url\":\"https:\\\/\\\/egerhaziimre.hu\\\/\",\"name\":\"\u00c9gerh\u00e1zi Imre\",\"description\":\"\",\"potentialAction\":[{\"@type\":\"SearchAction\",\"target\":{\"@type\":\"EntryPoint\",\"urlTemplate\":\"https:\\\/\\\/egerhaziimre.hu\\\/?s={search_term_string}\"},\"query-input\":{\"@type\":\"PropertyValueSpecification\",\"valueRequired\":true,\"valueName\":\"search_term_string\"}}],\"inLanguage\":\"hu\"}]}<\/script>\n<!-- \/ Yoast SEO plugin. -->","yoast_head_json":{"title":"T\u00f3th B\u00e9la, M\u0171v\u00e9szet, 1969. VIII. - \u00c9gerh\u00e1zi Imre","robots":{"index":"index","follow":"follow","max-snippet":"max-snippet:-1","max-image-preview":"max-image-preview:large","max-video-preview":"max-video-preview:-1"},"canonical":"https:\/\/egerhaziimre.hu\/index.php\/dijak-elismeresek\/toth-bela-muveszet-1969-viii\/?lang=en","og_locale":"hu_HU","og_type":"article","og_title":"T\u00f3th B\u00e9la, M\u0171v\u00e9szet, 1969. VIII. - \u00c9gerh\u00e1zi Imre","og_description":"&#8222;Sz\u00e9p tiszta vonalrendszer, m\u00e9ly zeng\u00e9s\u0171, v\u00e1ltozatos, de egybehangolt sz\u00ednvil\u00e1g. A t\u00e9m\u00e1k nagyvonal\u00fa apr\u00f3l\u00e9koss\u00e1got mell\u0151z\u0151 kezel\u00e9se, gondos kidolgoz\u00e1s, m\u00edvess\u00e9g. Ezek \u00c9gerh\u00e1zi k\u00e9peinek egys\u00e9gesen jellemz\u0151 s val\u00f3ban megragad\u00f3 saj\u00e1ts\u00e1gai.&#8221; T\u00f3th B\u00e9laM\u0171v\u00e9szet, 1969. VIII.","og_url":"https:\/\/egerhaziimre.hu\/index.php\/dijak-elismeresek\/toth-bela-muveszet-1969-viii\/?lang=en","og_site_name":"\u00c9gerh\u00e1zi Imre","article_modified_time":"2020-08-27T12:23:34+00:00","twitter_card":"summary_large_image","twitter_misc":{"Becs\u00fclt olvas\u00e1si id\u0151":"1 perc"},"schema":{"@context":"https:\/\/schema.org","@graph":[{"@type":"WebPage","@id":"https:\/\/egerhaziimre.hu\/index.php\/dijak-elismeresek\/toth-bela-muveszet-1969-viii\/?lang=en","url":"https:\/\/egerhaziimre.hu\/index.php\/dijak-elismeresek\/toth-bela-muveszet-1969-viii\/?lang=en","name":"T\u00f3th B\u00e9la, M\u0171v\u00e9szet, 1969. VIII. - \u00c9gerh\u00e1zi Imre","isPartOf":{"@id":"https:\/\/egerhaziimre.hu\/#website"},"datePublished":"2019-08-05T12:51:37+00:00","dateModified":"2020-08-27T12:23:34+00:00","breadcrumb":{"@id":"https:\/\/egerhaziimre.hu\/index.php\/dijak-elismeresek\/toth-bela-muveszet-1969-viii\/?lang=en#breadcrumb"},"inLanguage":"hu","potentialAction":[{"@type":"ReadAction","target":["https:\/\/egerhaziimre.hu\/index.php\/dijak-elismeresek\/toth-bela-muveszet-1969-viii\/?lang=en"]}]},{"@type":"BreadcrumbList","@id":"https:\/\/egerhaziimre.hu\/index.php\/dijak-elismeresek\/toth-bela-muveszet-1969-viii\/?lang=en#breadcrumb","itemListElement":[{"@type":"ListItem","position":1,"name":"Home","item":"https:\/\/egerhaziimre.hu\/"},{"@type":"ListItem","position":2,"name":"Awards, recognitions","item":"https:\/\/egerhaziimre.hu\/index.php\/dijak-elismeresek\/?lang=en"},{"@type":"ListItem","position":3,"name":"B\u00e9la T\u00f3th, M\u0171v\u00e9szet, 1969\/8 Issue"}]},{"@type":"WebSite","@id":"https:\/\/egerhaziimre.hu\/#website","url":"https:\/\/egerhaziimre.hu\/","name":"\u00c9gerh\u00e1zi Imre","description":"","potentialAction":[{"@type":"SearchAction","target":{"@type":"EntryPoint","urlTemplate":"https:\/\/egerhaziimre.hu\/?s={search_term_string}"},"query-input":{"@type":"PropertyValueSpecification","valueRequired":true,"valueName":"search_term_string"}}],"inLanguage":"hu"}]}},"jetpack_sharing_enabled":true,"_links":{"self":[{"href":"https:\/\/egerhaziimre.hu\/index.php\/wp-json\/wp\/v2\/pages\/998","targetHints":{"allow":["GET"]}}],"collection":[{"href":"https:\/\/egerhaziimre.hu\/index.php\/wp-json\/wp\/v2\/pages"}],"about":[{"href":"https:\/\/egerhaziimre.hu\/index.php\/wp-json\/wp\/v2\/types\/page"}],"author":[{"embeddable":true,"href":"https:\/\/egerhaziimre.hu\/index.php\/wp-json\/wp\/v2\/users\/4"}],"replies":[{"embeddable":true,"href":"https:\/\/egerhaziimre.hu\/index.php\/wp-json\/wp\/v2\/comments?post=998"}],"version-history":[{"count":2,"href":"https:\/\/egerhaziimre.hu\/index.php\/wp-json\/wp\/v2\/pages\/998\/revisions"}],"predecessor-version":[{"id":8822,"href":"https:\/\/egerhaziimre.hu\/index.php\/wp-json\/wp\/v2\/pages\/998\/revisions\/8822"}],"up":[{"embeddable":true,"href":"https:\/\/egerhaziimre.hu\/index.php\/wp-json\/wp\/v2\/pages\/31"}],"wp:attachment":[{"href":"https:\/\/egerhaziimre.hu\/index.php\/wp-json\/wp\/v2\/media?parent=998"}],"wp:term":[{"taxonomy":"category","embeddable":true,"href":"https:\/\/egerhaziimre.hu\/index.php\/wp-json\/wp\/v2\/categories?post=998"},{"taxonomy":"post_tag","embeddable":true,"href":"https:\/\/egerhaziimre.hu\/index.php\/wp-json\/wp\/v2\/tags?post=998"}],"curies":[{"name":"wp","href":"https:\/\/api.w.org\/{rel}","templated":true}]}}

Tóth Béla, Művészet, 1969. VIII.

<div class="wpb-content-wrapper">
<blockquote class="wp-block-quote is-layout-flow wp-block-quote-is-layout-flow"><p>&#8222;Szép tiszta vonalrendszer, mély zengésű, változatos, de egybehangolt színvilág. A témák nagyvonalú aprólékosságot mellőző kezelése, gondos kidolgozás, mívesség. Ezek Égerházi képeinek egységesen jellemző s valóban megragadó sajátságai.&#8221;</p><cite>Tóth Béla<br>Művészet, 1969. VIII.</cite></blockquote>
</div>

<p>&#8222;Szép tiszta vonalrendszer, mély zengésű, változatos, de egybehangolt színvilág. A témák nagyvonalú aprólékosságot mellőző kezelése, gondos kidolgozás, mívesség. Ezek Égerházi képeinek egységesen jellemző s valóban megragadó sajátságai.&#8221; Tóth BélaMűvészet, 1969. VIII.</p>

<!-- This site is optimized with the Yoast SEO plugin v27.4 - https://yoast.com/product/yoast-seo-wordpress/ -->
<title>Tóth Béla, Művészet, 1969. VIII. - Égerházi Imre</title>
<meta name="robots" content="index, follow, max-snippet:-1, max-image-preview:large, max-video-preview:-1" />
<link rel="canonical" href="https://egerhaziimre.hu/index.php/dijak-elismeresek/toth-bela-muveszet-1969-viii/?lang=en" />
<meta property="og:locale" content="hu_HU" />
<meta property="og:type" content="article" />
<meta property="og:title" content="Tóth Béla, Művészet, 1969. VIII. - Égerházi Imre" />
<meta property="og:description" content="&#8222;Szép tiszta vonalrendszer, mély zengésű, változatos, de egybehangolt színvilág. A témák nagyvonalú aprólékosságot mellőző kezelése, gondos kidolgozás, mívesség. Ezek Égerházi képeinek egységesen jellemző s valóban megragadó sajátságai.&#8221; Tóth BélaMűvészet, 1969. VIII." />
<meta property="og:url" content="https://egerhaziimre.hu/index.php/dijak-elismeresek/toth-bela-muveszet-1969-viii/?lang=en" />
<meta property="og:site_name" content="Égerházi Imre" />
<meta property="article:modified_time" content="2020-08-27T12:23:34+00:00" />
<meta name="twitter:card" content="summary_large_image" />
<meta name="twitter:label1" content="Becsült olvasási idő" />
	<meta name="twitter:data1" content="1 perc" />
<script type="application/ld+json" class="yoast-schema-graph">{"@context":"https:\/\/schema.org","@graph":[{"@type":"WebPage","@id":"https:\/\/egerhaziimre.hu\/index.php\/dijak-elismeresek\/toth-bela-muveszet-1969-viii\/?lang=en","url":"https:\/\/egerhaziimre.hu\/index.php\/dijak-elismeresek\/toth-bela-muveszet-1969-viii\/?lang=en","name":"Tóth Béla, Művészet, 1969. VIII. - Égerházi Imre","isPartOf":{"@id":"https:\/\/egerhaziimre.hu\/#website"},"datePublished":"2019-08-05T12:51:37+00:00","dateModified":"2020-08-27T12:23:34+00:00","breadcrumb":{"@id":"https:\/\/egerhaziimre.hu\/index.php\/dijak-elismeresek\/toth-bela-muveszet-1969-viii\/?lang=en#breadcrumb"},"inLanguage":"hu","potentialAction":[{"@type":"ReadAction","target":["https:\/\/egerhaziimre.hu\/index.php\/dijak-elismeresek\/toth-bela-muveszet-1969-viii\/?lang=en"]}]},{"@type":"BreadcrumbList","@id":"https:\/\/egerhaziimre.hu\/index.php\/dijak-elismeresek\/toth-bela-muveszet-1969-viii\/?lang=en#breadcrumb","itemListElement":[{"@type":"ListItem","position":1,"name":"Home","item":"https:\/\/egerhaziimre.hu\/"},{"@type":"ListItem","position":2,"name":"Awards, recognitions","item":"https:\/\/egerhaziimre.hu\/index.php\/dijak-elismeresek\/?lang=en"},{"@type":"ListItem","position":3,"name":"Béla Tóth, Művészet, 1969\/8 Issue"}]},{"@type":"WebSite","@id":"https:\/\/egerhaziimre.hu\/#website","url":"https:\/\/egerhaziimre.hu\/","name":"Égerházi Imre","description":"","potentialAction":[{"@type":"SearchAction","target":{"@type":"EntryPoint","urlTemplate":"https:\/\/egerhaziimre.hu\/?s={search_term_string}"},"query-input":{"@type":"PropertyValueSpecification","valueRequired":true,"valueName":"search_term_string"}}],"inLanguage":"hu"}]}</script>
<!-- / Yoast SEO plugin. -->

Tóth Béla, Művészet, 1969. VIII. - Égerházi Imre

&#8222;Szép tiszta vonalrendszer, mély zengésű, változatos, de egybehangolt színvilág. A témák nagyvonalú aprólékosságot mellőző kezelése, gondos kidolgozás, mívesség. Ezek Égerházi képeinek egységesen jellemző s valóban megragadó sajátságai.&#8221; Tóth BélaMűvészet, 1969. VIII.

Égerházi Imre

Béla Tóth, Művészet, 1969/8 Issue
